-- Table structure for table `champion_pick`
--

CREATE TABLE `champion_pick` (
  `champion_pick_id` int(11) NOT NULL AUTO_INCREMENT,
  `champion_id` int(11) NOT NULL,
  `pick_order` int(2) NOT NULL,
  `update_time` timestamp NOT NULL DEFAULT CURRENT_TIMESTAMP,
  PRIMARY KEY (`champion_pick_id`),
  KEY `champion_pick_champion_id` (`champion_id`),
  CONSTRAINT `champion_pick_champion_id` FOREIGN KEY (`champion_id`) REFERENCES `champion` (`champion_id`) ON DELETE NO ACTION ON UPDATE NO ACTION
) ENGINE=InnoDB DEFAULT CHARSET=utf8;

--
-- Dumping data for table `champion_pick`
--


--
-- Table structure for table `country`
--

CREATE TABLE `country` (
  `country_id` int(11) NOT NULL AUTO_INCREMENT,
  `country_name` varchar(50) NOT NULL,
  `printable_name` varchar(50) NOT NULL,
  `iso` varchar(2) NOT NULL,
  `iso3` varchar(3) NOT NULL,
  `num_code` int(4) NOT NULL,
  `update_time` timestamp NOT NULL DEFAULT CURRENT_TIMESTAMP,
  PRIMARY KEY (`country_id`)
) ENGINE=InnoDB AUTO_INCREMENT=250 DEFAULT CHARSET=utf8;

--
-- Dumping data for table `country`
--

INSERT INTO `country` VALUES (1,'Afghanistan','Afghanistan','af','afg',0,'0000-00-00 00:00:00'),(2,'Aland Islands','Aland Islands','ax','ala',0,'0000-00-00 00:00:00'),(3,'Albania','Albania','al','alb',0,'0000-00-00 00:00:00'),(4,'Algeria','Algeria','dz','dza',0,'0000-00-00 00:00:00'),(5,'American Samoa','American Samoa','as','asm',0,'0000-00-00 00:00:00'),(6,'Andorra','Andorra','ad','and',0,'0000-00-00 00:00:00'),(7,'Angola','Angola','ao','ago',0,'0000-00-00 00:00:00'),(8,'Anguilla','Anguilla','ai','aia',0,'0000-00-00 00:00:00'),(9,'Antarctica','Antarctica','aq','',0,'0000-00-00 00:00:00'),(10,'Antigua and Barbuda','Antigua and Barbuda','ag','atg',0,'0000-00-00 00:00:00'),(11,'Argentina','Argentina','ar','arg',0,'0000-00-00 00:00:00'),(12,'Armenia','Armenia','am','arm',0,'0000-00-00 00:00:00'),(13,'Aruba','Aruba','aw','abw',0,'0000-00-00 00:00:00'),(14,'Australia','Australia','au','aus',0,'0000-00-00 00:00:00'),(15,'Austria','Austria','at','aut',0,'0000-00-00 00:00:00'),(16,'Azerbaijan','Azerbaijan','az','aze',0,'0000-00-00 00:00:00'),(17,'Bahamas','Bahamas','bs','bhs',0,'0000-00-00 00:00:00'),(18,'Bahrain','Bahrain','bh','bhr',0,'0000-00-00 00:00:00'),(19,'Bangladesh','Bangladesh','bd','bgd',0,'0000-00-00 00:00:00'),(20,'Barbados','Barbados','bb','brb',0,'0000-00-00 00:00:00'),(21,'Belarus','Belarus','by','blr',0,'0000-00-00 00:00:00'),(22,'Belgium','Belgium','be','bel',0,'0000-00-00 00:00:00'),(23,'Belize','Belize','bz','blz',0,'0000-00-00 00:00:00'),(24,'Benin','Benin','bj','ben',0,'0000-00-00 00:00:00'),(25,'Bermuda','Bermuda','bm','bmu',0,'0000-00-00 00:00:00'),(26,'Bhutan','Bhutan','bt','btn',0,'0000-00-00 00:00:00'),(27,'Bolivia, Plurinational State of','Bolivia, Plurinational State of','bo','bol',0,'0000-00-00 00:00:00'),(28,'Bonaire, Sint Eustatius and Saba','Bonaire, Sint Eustatius and Saba','bq','bes',0,'0000-00-00 00:00:00'),(29,'Bosnia and Herzegovina','Bosnia and Herzegovina','ba','bih',0,'0000-00-00 00:00:00'),(30,'Botswana','Botswana','bw','bwa',0,'0000-00-00 00:00:00'),(31,'Bouvet Island','Bouvet Island','bv','',0,'0000-00-00 00:00:00'),(32,'Brazil','Brazil','br','bra',0,'0000-00-00 00:00:00'),(33,'British Indian Ocean Territory','British Indian Ocean Territory','io','',0,'0000-00-00 00:00:00'),(34,'Brunei Darussalam','Brunei Darussalam','bn','brn',0,'0000-00-00 00:00:00'),(35,'Bulgaria','Bulgaria','bg','bgr',0,'0000-00-00 00:00:00'),(36,'Burkina Faso','Burkina Faso','bf','bfa',0,'0000-00-00 00:00:00'),(37,'Burundi','Burundi','bi','bdi',0,'0000-00-00 00:00:00'),(38,'Cambodia','Cambodia','kh','khm',0,'0000-00-00 00:00:00'),(39,'Cameroon','Cameroon','cm','cmr',0,'0000-00-00 00:00:00'),(40,'Canada','Canada','ca','can',0,'0000-00-00 00:00:00'),(41,'Cape Verde','Cape Verde','cv','cpv',0,'0000-00-00 00:00:00'),(42,'Cayman Islands','Cayman Islands','ky','cym',0,'0000-00-00 00:00:00'),(43,'Central African Republic','Central African Republic','cf','caf',0,'0000-00-00 00:00:00'),(44,'Chad','Chad','td','tcd',0,'0000-00-00 00:00:00'),(45,'Chile','Chile','cl','chl',0,'0000-00-00 00:00:00'),(46,'China','China','cn','chn',0,'0000-00-00 00:00:00'),(47,'Christmas Island','Christmas Island','cx','',0,'0000-00-00 00:00:00'),(48,'Cocos (Keeling) Islands','Cocos (Keeling) Islands','cc','',0,'0000-00-00 00:00:00'),(49,'Colombia','Colombia','co','col',0,'0000-00-00 00:00:00'),(50,'Comoros','Comoros','km','com',0,'0000-00-00 00:00:00'),(51,'Congo','Congo','cg','cog',0,'0000-00-00 00:00:00'),(52,'Congo, The Democratic Republic of the','Congo, The Democratic Republic of the','cd','cod',0,'0000-00-00 00:00:00'),(53,'Cook Islands','Cook Islands','ck','cok',0,'0000-00-00 00:00:00'),(54,'Costa Rica','Costa Rica','cr','cri',0,'0000-00-00 00:00:00'),(55,'Cote d\'Ivoire','Cote d\'Ivoire','ci','civ',0,'0000-00-00 00:00:00'),(56,'Croatia','Croatia','hr','hrv',0,'0000-00-00 00:00:00'),(57,'Cuba','Cuba','cu','cub',0,'0000-00-00 00:00:00'),(58,'Curacao','Curacao','cw','cuw',0,'0000-00-00 00:00:00'),(59,'Cyprus','Cyprus','cy','cyp',0,'0000-00-00 00:00:00'),(60,'Czech Republic','Czech Republic','cz','cze',0,'0000-00-00 00:00:00'),(61,'Denmark','Denmark','dk','dnk',0,'0000-00-00 00:00:00'),(62,'Djibouti','Djibouti','dj','dji',0,'0000-00-00 00:00:00'),(63,'Dominica','Dominica','dm','dma',0,'0000-00-00 00:00:00'),(64,'Dominican Republic','Dominican Republic','do','dom',0,'0000-00-00 00:00:00'),(65,'Ecuador','Ecuador','ec','ecu',0,'0000-00-00 00:00:00'),(66,'Egypt','Egypt','eg','egy',0,'0000-00-00 00:00:00'),(67,'El Salvador','El Salvador','sv','slv',0,'0000-00-00 00:00:00'),(68,'Equatorial Guinea','Equatorial Guinea','gq','gnq',0,'0000-00-00 00:00:00'),(69,'Eritrea','Eritrea','er','eri',0,'0000-00-00 00:00:00'),(70,'Estonia','Estonia','ee','est',0,'0000-00-00 00:00:00'),(71,'Ethiopia','Ethiopia','et','eth',0,'0000-00-00 00:00:00'),(72,'Falkland Islands (Malvinas)','Falkland Islands (Malvinas)','fk','flk',0,'0000-00-00 00:00:00'),(73,'Faroe Islands','Faroe Islands','fo','fro',0,'0000-00-00 00:00:00'),(74,'Fiji','Fiji','fj','fji',0,'0000-00-00 00:00:00'),(75,'Finland','Finland','fi','fin',0,'0000-00-00 00:00:00'),(76,'France','France','fr','fra',0,'0000-00-00 00:00:00'),(77,'French Guiana','French Guiana','gf','guf',0,'0000-00-00 00:00:00'),(78,'French Polynesia','French Polynesia','pf','pyf',0,'0000-00-00 00:00:00'),(79,'French Southern Territories','French Southern Territories','tf','',0,'0000-00-00 00:00:00'),(80,'Gabon','Gabon','ga','gab',0,'0000-00-00 00:00:00'),(81,'Gambia','Gambia','gm','gmb',0,'0000-00-00 00:00:00'),(82,'Georgia','Georgia','ge','geo',0,'0000-00-00 00:00:00'),(83,'Germany','Germany','de','deu',0,'0000-00-00 00:00:00'),(84,'Ghana','Ghana','gh','gha',0,'0000-00-00 00:00:00'),(85,'Gibraltar','Gibraltar','gi','gib',0,'0000-00-00 00:00:00'),(86,'Greece','Greece','gr','grc',0,'0000-00-00 00:00:00'),(87,'Greenland','Greenland','gl','grl',0,'0000-00-00 00:00:00'),(88,'Grenada','Grenada','gd','grd',0,'0000-00-00 00:00:00'),(89,'Guadeloupe','Guadeloupe','gp','glp',0,'0000-00-00 00:00:00'),(90,'Guam','Guam','gu','gum',0,'0000-00-00 00:00:00'),(91,'Guatemala','Guatemala','gt','gtm',0,'0000-00-00 00:00:00'),(92,'Guernsey','Guernsey','gg','ggy',0,'0000-00-00 00:00:00'),(93,'Guinea','Guinea','gn','gin',0,'0000-00-00 00:00:00'),(94,'Guinea-Bissau','Guinea-Bissau','gw','gnb',0,'0000-00-00 00:00:00'),(95,'Guyana','Guyana','gy','guy',0,'0000-00-00 00:00:00'),(96,'Haiti','Haiti','ht','hti',0,'0000-00-00 00:00:00'),(97,'Heard Island and McDonald Islands','Heard Island and McDonald Islands','hm','',0,'0000-00-00 00:00:00'),(98,'Holy See (Vatican City State)','Holy See (Vatican City State)','va','vat',0,'0000-00-00 00:00:00'),(99,'Honduras','Honduras','hn','hnd',0,'0000-00-00 00:00:00'),(100,'Hong Kong','Hong Kong','hk','hkg',0,'0000-00-00 00:00:00'),(101,'Hungary','Hungary','hu','hun',0,'0000-00-00 00:00:00'),(102,'Iceland','Iceland','is','isl',0,'0000-00-00 00:00:00'),(103,'India','India','in','ind',0,'0000-00-00 00:00:00'),(104,'Indonesia','Indonesia','id','idn',0,'0000-00-00 00:00:00'),(105,'Iran, Islamic Republic of','Iran, Islamic Republic of','ir','irn',0,'0000-00-00 00:00:00'),(106,'Iraq','Iraq','iq','irq',0,'0000-00-00 00:00:00'),(107,'Ireland','Ireland','ie','irl',0,'0000-00-00 00:00:00'),(108,'Isle of Man','Isle of Man','im','imn',0,'0000-00-00 00:00:00'),(109,'Israel','Israel','il','isr',0,'0000-00-00 00:00:00'),(110,'Italy','Italy','it','ita',0,'0000-00-00 00:00:00'),(111,'Jamaica','Jamaica','jm','jam',0,'0000-00-00 00:00:00'),(112,'Japan','Japan','jp','jpn',0,'0000-00-00 00:00:00'),(113,'Jersey','Jersey','je','jey',0,'0000-00-00 00:00:00'),(114,'Jordan','Jordan','jo','jor',0,'0000-00-00 00:00:00'),(115,'Kazakhstan','Kazakhstan','kz','kaz',0,'0000-00-00 00:00:00'),(116,'Kenya','Kenya','ke','ken',0,'0000-00-00 00:00:00'),(117,'Kiribati','Kiribati','ki','kir',0,'0000-00-00 00:00:00'),(118,'Korea, Democratic People\'s Republic of','Korea, Democratic People\'s Republic of','kp','prk',0,'0000-00-00 00:00:00'),(119,'Korea, Republic of','Korea, Republic of','kr','kor',0,'0000-00-00 00:00:00'),(120,'Kuwait','Kuwait','kw','kwt',0,'0000-00-00 00:00:00'),(121,'Kyrgyzstan','Kyrgyzstan','kg','kgz',0,'0000-00-00 00:00:00'),(122,'Lao People\'s Democratic Republic','Lao People\'s Democratic Republic','la','lao',0,'0000-00-00 00:00:00'),(123,'Latvia','Latvia','lv','lva',0,'0000-00-00 00:00:00'),(124,'Lebanon','Lebanon','lb','lbn',0,'0000-00-00 00:00:00'),(125,'Lesotho','Lesotho','ls','lso',0,'0000-00-00 00:00:00'),(126,'Liberia','Liberia','lr','lbr',0,'0000-00-00 00:00:00'),(127,'Libyan Arab Jamahiriya','Libyan Arab Jamahiriya','ly','lby',0,'0000-00-00 00:00:00'),(128,'Liechtenstein','Liechtenstein','li','lie',0,'0000-00-00 00:00:00'),(129,'Lithuania','Lithuania','lt','ltu',0,'0000-00-00 00:00:00'),(130,'Luxembourg','Luxembourg','lu','lux',0,'0000-00-00 00:00:00'),(131,'Macao','Macao','mo','mac',0,'0000-00-00 00:00:00'),(132,'Macedonia, The former Yugoslav Republic of','Macedonia, The former Yugoslav Republic of','mk','mkd',0,'0000-00-00 00:00:00'),(133,'Madagascar','Madagascar','mg','mdg',0,'0000-00-00 00:00:00'),(134,'Malawi','Malawi','mw','mwi',0,'0000-00-00 00:00:00'),(135,'Malaysia','Malaysia','my','mys',0,'0000-00-00 00:00:00'),(136,'Maldives','Maldives','mv','mdv',0,'0000-00-00 00:00:00'),(137,'Mali','Mali','ml','mli',0,'0000-00-00 00:00:00'),(138,'Malta','Malta','mt','mlt',0,'0000-00-00 00:00:00'),(139,'Marshall Islands','Marshall Islands','mh','mhl',0,'0000-00-00 00:00:00'),(140,'Martinique','Martinique','mq','mtq',0,'0000-00-00 00:00:00'),(141,'Mauritania','Mauritania','mr','mrt',0,'0000-00-00 00:00:00'),(142,'Mauritius','Mauritius','mu','mus',0,'0000-00-00 00:00:00'),(143,'Mayotte','Mayotte','yt','myt',0,'0000-00-00 00:00:00'),(144,'Mexico','Mexico','mx','mex',0,'0000-00-00 00:00:00'),(145,'Micronesia, Federated States of','Micronesia, Federated States of','fm','fsm',0,'0000-00-00 00:00:00'),(146,'Moldova, Republic of','Moldova, Republic of','md','mda',0,'0000-00-00 00:00:00'),(147,'Monaco','Monaco','mc','mco',0,'0000-00-00 00:00:00'),(148,'Mongolia','Mongolia','mn','mng',0,'0000-00-00 00:00:00'),(149,'Montenegro','Montenegro','me','mne',0,'0000-00-00 00:00:00'),(150,'Montserrat','Montserrat','ms','msr',0,'0000-00-00 00:00:00'),(151,'Morocco','Morocco','ma','mar',0,'0000-00-00 00:00:00'),(152,'Mozambique','Mozambique','mz','moz',0,'0000-00-00 00:00:00'),(153,'Myanmar','Myanmar','mm','mmr',0,'0000-00-00 00:00:00'),(154,'Namibia','Namibia','na','nam',0,'0000-00-00 00:00:00'),(155,'Nauru','Nauru','nr','nru',0,'0000-00-00 00:00:00'),(156,'Nepal','Nepal','np','npl',0,'0000-00-00 00:00:00'),(157,'Netherlands','Netherlands','nl','nld',0,'0000-00-00 00:00:00'),(158,'New Caledonia','New Caledonia','nc','ncl',0,'0000-00-00 00:00:00'),(159,'New Zealand','New Zealand','nz','nzl',0,'0000-00-00 00:00:00'),(160,'Nicaragua','Nicaragua','ni','nic',0,'0000-00-00 00:00:00'),(161,'Niger','Niger','ne','ner',0,'0000-00-00 00:00:00'),(162,'Nigeria','Nigeria','ng','nga',0,'0000-00-00 00:00:00'),(163,'Niue','Niue','nu','niu',0,'0000-00-00 00:00:00'),(164,'Norfolk Island','Norfolk Island','nf','nfk',0,'0000-00-00 00:00:00'),(165,'Northern Mariana Islands','Northern Mariana Islands','mp','mnp',0,'0000-00-00 00:00:00'),(166,'Norway','Norway','no','nor',0,'0000-00-00 00:00:00'),(167,'Oman','Oman','om','omn',0,'0000-00-00 00:00:00'),(168,'Pakistan','Pakistan','pk','pak',0,'0000-00-00 00:00:00'),(169,'Palau','Palau','pw','plw',0,'0000-00-00 00:00:00'),(170,'Palestinian Territory, Occupied','Palestinian Territory, Occupied','ps','pse',0,'0000-00-00 00:00:00'),(171,'Panama','Panama','pa','pan',0,'0000-00-00 00:00:00'),(172,'Papua New Guinea','Papua New Guinea','pg','png',0,'0000-00-00 00:00:00'),(173,'Paraguay','Paraguay','py','pry',0,'0000-00-00 00:00:00'),(174,'Peru','Peru','pe','per',0,'0000-00-00 00:00:00'),(175,'Philippines','Philippines','ph','phl',0,'0000-00-00 00:00:00'),(176,'Pitcairn','Pitcairn','pn','pcn',0,'0000-00-00 00:00:00'),(177,'Poland','Poland','pl','pol',0,'0000-00-00 00:00:00'),(178,'Portugal','Portugal','pt','prt',0,'0000-00-00 00:00:00'),(179,'Puerto Rico','Puerto Rico','pr','pri',0,'0000-00-00 00:00:00'),(180,'Qatar','Qatar','qa','qat',0,'0000-00-00 00:00:00'),(181,'Reunion','Reunion','re','reu',0,'0000-00-00 00:00:00'),(182,'Romania','Romania','ro','rou',0,'0000-00-00 00:00:00'),(183,'Russian Federation','Russian Federation','ru','rus',0,'0000-00-00 00:00:00'),(184,'Rwanda','Rwanda','rw','rwa',0,'0000-00-00 00:00:00'),(185,'Saint Barthelemy','Saint Barthelemy','bl','blm',0,'0000-00-00 00:00:00'),(186,'Saint Helena, Ascension and Tristan Da Cunha','Saint Helena, Ascension and Tristan Da Cunha','sh','shn',0,'0000-00-00 00:00:00'),(187,'Saint Kitts and Nevis','Saint Kitts and Nevis','kn','kna',0,'0000-00-00 00:00:00'),(188,'Saint Lucia','Saint Lucia','lc','lca',0,'0000-00-00 00:00:00'),(189,'Saint Martin (French Part)','Saint Martin (French Part)','mf','maf',0,'0000-00-00 00:00:00'),(190,'Saint Pierre and Miquelon','Saint Pierre and Miquelon','pm','spm',0,'0000-00-00 00:00:00'),(191,'Saint Vincent and The Grenadines','Saint Vincent and The Grenadines','vc','vct',0,'0000-00-00 00:00:00'),(192,'Samoa','Samoa','ws','wsm',0,'0000-00-00 00:00:00'),(193,'San Marino','San Marino','sm','smr',0,'0000-00-00 00:00:00'),(194,'Sao Tome and Principe','Sao Tome and Principe','st','stp',0,'0000-00-00 00:00:00'),(195,'Saudi Arabia','Saudi Arabia','sa','sau',0,'0000-00-00 00:00:00'),(196,'Senegal','Senegal','sn','sen',0,'0000-00-00 00:00:00'),(197,'Serbia','Serbia','rs','srb',0,'0000-00-00 00:00:00'),(198,'Seychelles','Seychelles','sc','syc',0,'0000-00-00 00:00:00'),(199,'Sierra Leone','Sierra Leone','sl','sle',0,'0000-00-00 00:00:00'),(200,'Singapore','Singapore','sg','sgp',0,'0000-00-00 00:00:00'),(201,'Sint Maarten (Dutch Part)','Sint Maarten (Dutch Part)','sx','sxm',0,'0000-00-00 00:00:00'),(202,'Slovakia','Slovakia','sk','svk',0,'0000-00-00 00:00:00'),(203,'Slovenia','Slovenia','si','svn',0,'0000-00-00 00:00:00'),(204,'Solomon Islands','Solomon Islands','sb','slb',0,'0000-00-00 00:00:00'),(205,'Somalia','Somalia','so','som',0,'0000-00-00 00:00:00'),(206,'South Africa','South Africa','za','zaf',0,'0000-00-00 00:00:00'),(207,'South Georgia and The South Sandwich Islands','South Georgia and The South Sandwich Islands','gs','',0,'0000-00-00 00:00:00'),(208,'South Sudan','South Sudan','ss','ssd',0,'0000-00-00 00:00:00'),(209,'Spain','Spain','es','esp',0,'0000-00-00 00:00:00'),(210,'Sri Lanka','Sri Lanka','lk','lka',0,'0000-00-00 00:00:00'),(211,'Sudan','Sudan','sd','sdn',0,'0000-00-00 00:00:00'),(212,'Suriname','Suriname','sr','sur',0,'0000-00-00 00:00:00'),(213,'Svalbard and Jan Mayen','Svalbard and Jan Mayen','sj','sjm',0,'0000-00-00 00:00:00'),(214,'Swaziland','Swaziland','sz','swz',0,'0000-00-00 00:00:00'),(215,'Sweden','Sweden','se','swe',0,'0000-00-00 00:00:00'),(216,'Switzerland','Switzerland','ch','che',0,'0000-00-00 00:00:00'),(217,'Syrian Arab Republic','Syrian Arab Republic','sy','syr',0,'0000-00-00 00:00:00'),(218,'Taiwan, Province of China','Taiwan, Province of China','tw','',0,'0000-00-00 00:00:00'),(219,'Tajikistan','Tajikistan','tj','tjk',0,'0000-00-00 00:00:00'),(220,'Tanzania, United Republic of','Tanzania, United Republic of','tz','tza',0,'0000-00-00 00:00:00'),(221,'Thailand','Thailand','th','tha',0,'0000-00-00 00:00:00'),(222,'Timor-Leste','Timor-Leste','tl','tls',0,'0000-00-00 00:00:00'),(223,'Togo','Togo','tg','tgo',0,'0000-00-00 00:00:00'),(224,'Tokelau','Tokelau','tk','tkl',0,'0000-00-00 00:00:00'),(225,'Tonga','Tonga','to','ton',0,'0000-00-00 00:00:00'),(226,'Trinidad and Tobago','Trinidad and Tobago','tt','tto',0,'0000-00-00 00:00:00'),(227,'Tunisia','Tunisia','tn','tun',0,'0000-00-00 00:00:00'),(228,'Turkey','Turkey','tr','tur',0,'0000-00-00 00:00:00'),(229,'Turkmenistan','Turkmenistan','tm','tkm',0,'0000-00-00 00:00:00'),(230,'Turks and Caicos Islands','Turks and Caicos Islands','tc','tca',0,'0000-00-00 00:00:00'),(231,'Tuvalu','Tuvalu','tv','tuv',0,'0000-00-00 00:00:00'),(232,'Uganda','Uganda','ug','uga',0,'0000-00-00 00:00:00'),(233,'Ukraine','Ukraine','ua','ukr',0,'0000-00-00 00:00:00'),(234,'United Arab Emirates','United Arab Emirates','ae','are',0,'0000-00-00 00:00:00'),(235,'United Kingdom','United Kingdom','gb','gbr',0,'0000-00-00 00:00:00'),(236,'United States','United States','us','usa',0,'0000-00-00 00:00:00'),(237,'United States Minor Outlying Islands','United States Minor Outlying Islands','um','',0,'0000-00-00 00:00:00'),(238,'Uruguay','Uruguay','uy','ury',0,'0000-00-00 00:00:00'),(239,'Uzbekistan','Uzbekistan','uz','uzb',0,'0000-00-00 00:00:00'),(240,'Vanuatu','Vanuatu','vu','vut',0,'0000-00-00 00:00:00'),(241,'Venezuela, Bolivarian Republic of','Venezuela, Bolivarian Republic of','ve','ven',0,'0000-00-00 00:00:00'),(242,'Viet Nam','Viet Nam','vn','vnm',0,'0000-00-00 00:00:00'),(243,'Virgin Islands, British','Virgin Islands, British','vg','vgb',0,'0000-00-00 00:00:00'),(244,'Virgin Islands, U.S.','Virgin Islands, U.S.','vi','vir',0,'0000-00-00 00:00:00'),(245,'Wallis and Futuna','Wallis and Futuna','wf','wlf',0,'0000-00-00 00:00:00'),(246,'Western Sahara','Western Sahara','eh','esh',0,'0000-00-00 00:00:00'),(247,'Yemen','Yemen','ye','yem',0,'0000-00-00 00:00:00'),(248,'Zambia','Zambia','zm','zmb',0,'0000-00-00 00:00:00'),(249,'Zimbabwe','Zimbabwe','zw','zwe',0,'0000-00-00 00:00:00');

--
-- Table structure for table `delta`
--

CREATE TABLE `delta` (
  `delta_id` int(11) NOT NULL AUTO_INCREMENT,
  `player_game_id` int(11) NOT NULL,
  `delta_name` varchar(45) NOT NULL,
  `0-10` double DEFAULT NULL,
  `10-20` double DEFAULT NULL,
  `20-30` double DEFAULT NULL,
  `30-end` double DEFAULT NULL,
  `update_time` timestamp NOT NULL DEFAULT CURRENT_TIMESTAMP,
  PRIMARY KEY (`delta_id`),
  KEY `player_game_id_idx` (`player_game_id`),
  CONSTRAINT `player_game_id` FOREIGN KEY (`player_game_id`) REFERENCES `player_game` (`game_player_id`) ON DELETE NO ACTION ON UPDATE NO ACTION
) ENGINE=InnoDB DEFAULT CHARSET=utf8;

--
-- Dumping data for table `delta`
--


--
-- Table structure for table `execution`
--

CREATE TABLE `execution` (
  `execution_id` int(11) NOT NULL AUTO_INCREMENT,
  `player_game_id` int(11) NOT NULL,
  `execution_type` varchar(45) NOT NULL COMMENT 'Turret/Minions/Fountain',
  `execution_x_pos` int(4) DEFAULT NULL,
  `execution_y_pos` int(4) DEFAULT NULL,
  `game_time` time DEFAULT NULL,
  PRIMARY KEY (`execution_id`),
  KEY `execution_player_game_id` (`player_game_id`),
  CONSTRAINT `execution_player_game_id` FOREIGN KEY (`player_game_id`) REFERENCES `player_game` (`game_player_id`) ON DELETE NO ACTION ON UPDATE NO ACTION
) ENGINE=InnoDB DEFAULT CHARSET=utf8;

--
-- Dumping data for table `execution`
--


--
-- Table structure for table `game`
--

CREATE TABLE `game` (
  `game_id` int(11) NOT NULL AUTO_INCREMENT,
  `league_split_id` int(11) DEFAULT NULL,
  `week_number` int(2) NOT NULL,
  `game_number` int(3) NOT NULL,
  `round_number` int(2) DEFAULT NULL,
  `game_type` int(1) NOT NULL,
  `match_type` int(1) NOT NULL,
  `tournament_id` int(11) DEFAULT NULL,
  `game_duration` time DEFAULT NULL,
  `patch_number` varchar(10) NOT NULL DEFAULT '0',
  `total_kills` int(2) NOT NULL DEFAULT '0',
  `total_deaths` int(2) NOT NULL DEFAULT '0',
  `total_assists` int(3) NOT NULL DEFAULT '0',
  `total_cs` int(4) NOT NULL DEFAULT '0',
  `total_gold` int(6) NOT NULL DEFAULT '0',
  `first_tower_time` time NOT NULL DEFAULT '00:00:00',
  `total_tower` int(2) NOT NULL DEFAULT '0',
  `first_inhib_time` time NOT NULL DEFAULT '00:00:00',
  `total_inhib` int(2) NOT NULL DEFAULT '0',
  `first_baron_time` time NOT NULL DEFAULT '00:00:00',
  `total_baron` int(2) NOT NULL DEFAULT '0',
  `first_dragon_time` time NOT NULL DEFAULT '00:00:00',
  `total_dragon` int(2) NOT NULL DEFAULT '0',
  `first_blood_time` time NOT NULL DEFAULT '00:00:00',
  `is_regular_season` tinyint(1) NOT NULL DEFAULT '0',
  `is_playoff` tinyint(1) NOT NULL DEFAULT '0',
  `is_championship` tinyint(1) NOT NULL DEFAULT '0',
  `game_best_of` int(2) DEFAULT NULL,
  `game_datetime` datetime NOT NULL,
  `game_completed` tinyint(1) NOT NULL DEFAULT '0',
  `game_validated` tinyint(1) DEFAULT '0',
  PRIMARY KEY (`game_id`),
  KEY `game_league_split_id` (`league_split_id`),
  KEY `game_tournament_id` (`tournament_id`),
  KEY `game_patch_number` (`patch_number`),
  CONSTRAINT `game_league_split_id` FOREIGN KEY (`league_split_id`) REFERENCES `league_split` (`league_split_id`) ON DELETE NO ACTION ON UPDATE NO ACTION,
  CONSTRAINT `game_patch_number` FOREIGN KEY (`patch_number`) REFERENCES `patch` (`patch_number`) ON DELETE NO ACTION ON UPDATE NO ACTION,
  CONSTRAINT `game_tournament_id` FOREIGN KEY (`tournament_id`) REFERENCES `tournament` (`tournament_id`) ON DELETE NO ACTION ON UPDATE NO ACTION
) ENGINE=InnoDB AUTO_INCREMENT=23 DEFAULT CHARSET=utf8;

--
-- Dumping data for table `game`
--

INSERT INTO `game` VALUES (8,1,0,1,1,0,1,NULL,NULL,'3.14',0,0,0,0,0,'00:00:00',0,'00:00:00',0,'00:00:00',0,'00:00:00',0,'00:00:00',0,0,0,3,'2015-04-21 00:05:00',0,0),(9,1,10,1,1,0,0,NULL,NULL,'3.14',0,0,0,0,0,'00:00:00',0,'00:00:00',0,'00:00:00',0,'00:00:00',0,'00:00:00',0,0,0,1,'2015-04-18 00:00:00',0,0),(10,1,1,1,1,0,0,NULL,NULL,'5.7.2',0,0,0,0,0,'00:00:00',0,'00:00:00',0,'00:00:00',0,'00:00:00',0,'00:00:00',0,0,0,1,'2015-04-23 00:00:00',0,0),(12,1,2,3,1,0,0,NULL,NULL,'5.7.2',0,0,0,0,0,'00:00:00',0,'00:00:00',0,'00:00:00',0,'00:00:00',0,'00:00:00',0,0,0,1,'2015-03-22 00:05:00',1,0),(13,1,0,1,1,1,0,NULL,NULL,'5.7.2',0,0,0,0,0,'00:00:00',0,'00:00:00',0,'00:00:00',0,'00:00:00',0,'00:00:00',0,0,0,1,'2015-05-14 12:00:00',0,0),(14,1,1,1,1,0,0,NULL,NULL,'3.14',0,0,0,0,0,'00:00:00',0,'00:00:00',0,'00:00:00',0,'00:00:00',0,'00:00:00',0,0,0,2,'2015-05-22 01:00:00',1,0),(15,NULL,1,2,1,0,0,NULL,NULL,'3.14',0,0,0,0,0,'00:00:00',0,'00:00:00',0,'00:00:00',0,'00:00:00',0,'00:00:00',0,0,0,2,'2015-05-22 02:00:00',1,0),(16,1,1,1,1,0,0,NULL,NULL,'3.14',0,0,0,0,0,'00:00:00',0,'00:00:00',0,'00:00:00',0,'00:00:00',0,'00:00:00',0,0,0,2,'2015-05-22 03:00:00',1,0),(17,NULL,1,1,1,0,0,NULL,NULL,'3.14',0,0,0,0,0,'00:00:00',0,'00:00:00',0,'00:00:00',0,'00:00:00',0,'00:00:00',0,0,0,2,'2015-05-22 09:00:00',1,0),(18,NULL,0,2,1,0,0,NULL,NULL,'3.14',0,0,0,0,0,'00:00:00',0,'00:00:00',0,'00:00:00',0,'00:00:00',0,'00:00:00',0,0,0,2,'2015-05-22 01:30:00',0,0),(19,NULL,1,1,1,0,0,NULL,NULL,'3.14',0,0,0,0,0,'00:00:00',0,'00:00:00',0,'00:00:00',0,'00:00:00',0,'00:00:00',0,0,0,2,'2015-05-22 07:00:00',1,0),(20,1,1,2,1,0,0,NULL,NULL,'3.14',0,0,0,0,0,'00:00:00',0,'00:00:00',0,'00:00:00',0,'00:00:00',0,'00:00:00',0,0,0,2,'2015-05-22 08:00:00',1,0),(21,NULL,1,1,1,0,0,NULL,NULL,'5.7.2',0,0,0,0,0,'00:00:00',0,'00:00:00',0,'00:00:00',0,'00:00:00',0,'00:00:00',0,0,0,2,'2015-05-23 01:00:00',0,0),(22,1,1,2,1,0,0,NULL,NULL,'3.14',0,0,0,0,0,'00:00:00',0,'00:00:00',0,'00:00:00',0,'00:00:00',0,'00:00:00',0,0,0,2,'2015-05-23 02:00:00',0,0);

--
-- Table structure for table `item`
--

CREATE TABLE `item` (
  `item_id` int(11) NOT NULL,
  `item_name` varchar(50) NOT NULL,
  `item_effect` longtext NOT NULL,
  `cost` int(5) NOT NULL,
  `item_sell` int(4) NOT NULL,
  `image` varchar(140) DEFAULT NULL,
  `image_url` varchar(140) DEFAULT NULL,
  `patch_number` varchar(10) NOT NULL,
  `current_patch` tinyint(1) NOT NULL,
  `update_time` timestamp NOT NULL DEFAULT CURRENT_TIMESTAMP,
  PRIMARY KEY (`item_id`),
  UNIQUE KEY `ITEM_ID` (`item_id`),
  KEY `item_patch_number` (`patch_number`),
  CONSTRAINT `item_patch_number` FOREIGN KEY (`patch_number`) REFERENCES `patch` (`patch_number`) ON DELETE NO ACTION ON UPDATE NO ACTION
) ENGINE=InnoDB AUTO_INCREMENT=6 DEFAULT CHARSET=utf8;

--
-- Dumping data for table `item`
--


--
-- Table structure for table `item_event`
--

CREATE TABLE `item_event` (
  `item_event_id` int(11) NOT NULL AUTO_INCREMENT,
  `player_game_id` int(11) NOT NULL,
  `item_id` int(11) NOT NULL,
  `item_event_description` varchar(45) NOT NULL,
  `game_time` int(11) NOT NULL,
  PRIMARY KEY (`item_event_id`),
  KEY `item_event_player_game_id` (`player_game_id`),
  KEY `item_event_item_id` (`item_id`),
  CONSTRAINT `item_event_item_id` FOREIGN KEY (`item_id`) REFERENCES `item` (`item_id`) ON DELETE NO ACTION ON UPDATE NO ACTION,
  CONSTRAINT `item_event_player_game_id` FOREIGN KEY (`player_game_id`) REFERENCES `player_game` (`game_player_id`) ON DELETE NO ACTION ON UPDATE NO ACTION
) ENGINE=InnoDB DEFAULT CHARSET=utf8;

--
-- Dumping data for table `item_event`
--


--
-- Table structure for table `league`
--

CREATE TABLE `league` (
  `league_id` int(11) NOT NULL AUTO_INCREMENT,
  `league_name` varchar(100) NOT NULL,
  `region_id` int(11) NOT NULL,
  `overseer_id` int(11) NOT NULL,
  `website` varchar(140) DEFAULT NULL,
  `facebook` varchar(140) DEFAULT NULL,
  `twitter` varchar(140) DEFAULT NULL,
  `image` varchar(140) DEFAULT NULL,
  `update_time` timestamp NOT NULL DEFAULT CURRENT_TIMESTAMP,
  PRIMARY KEY (`league_id`),
  UNIQUE KEY `LEAGUE_ID` (`league_id`),
  KEY `OVERSEER_ID` (`overseer_id`),
  KEY `REGION_NAME` (`region_id`),
  CONSTRAINT `league_overseer_id` FOREIGN KEY (`overseer_id`) REFERENCES `overseer` (`overseer_id`) ON DELETE NO ACTION ON UPDATE NO ACTION,
  CONSTRAINT `league_region_id` FOREIGN KEY (`region_id`) REFERENCES `region` (`region_id`) ON DELETE NO ACTION ON UPDATE NO ACTION
) ENGINE=InnoDB AUTO_INCREMENT=8 DEFAULT CHARSET=utf8;

--
-- Dumping data for table `league`
--

INSERT INTO `league` VALUES (1,'The Duff League',1,0,'http://www.duffleague.gg','http://www.facebook.com/duffleague','@duffleague',NULL,'2015-03-25 06:56:16'),(2,'NA LCS',1,3,'http://lolesports.com','http://facebook.com/lolesports','http://twitter.com/lolesports',NULL,'2015-04-30 16:35:55'),(3,'AlphaDraft Challenger League',1,2,'https://www.alphadraft.com/','https://www.facebook.com/pages/AlphaDraft/710166675719464',NULL,NULL,'2015-04-20 21:51:09'),(4,'EU LCS',5,3,'http://lolesports.com','http://facebook.com/lolesports','http://twitter.com/riotgames',NULL,'2015-04-30 16:38:18'),(5,'LCK',4,4,'http://lolesports.com/lck','http://www.facebook.com/OngamenetGlobal',NULL,NULL,'2015-05-05 17:37:44'),(6,'LPL',3,5,'http://lol.tga.plu.cn/','http://www.facebook.com/','http://www.twitter.com/',NULL,'2015-05-05 19:03:23'),(7,'Mid-Season Invitational',6,3,'http://na.lolesports.com/','https://www.facebook.com/lolesports','https://twitter.com/lolesports',NULL,'2015-05-14 18:13:26');

--
-- Table structure for table `league_split`
--

CREATE TABLE `league_split` (
  `league_split_id` int(11) NOT NULL AUTO_INCREMENT,
  `league_id` int(11) NOT NULL,
  `split_id` int(11) NOT NULL,
  `update_time` timestamp NOT NULL DEFAULT CURRENT_TIMESTAMP,
  PRIMARY KEY (`league_split_id`),
  KEY `league_split_league_id` (`league_id`),
  KEY `league_split_split_id` (`split_id`),
  CONSTRAINT `league_split_league_id` FOREIGN KEY (`league_id`) REFERENCES `league` (`league_id`) ON DELETE NO ACTION ON UPDATE NO ACTION,
  CONSTRAINT `league_split_split_id` FOREIGN KEY (`split_id`) REFERENCES `split` (`split_id`) ON DELETE NO ACTION ON UPDATE NO ACTION
) ENGINE=InnoDB AUTO_INCREMENT=2 DEFAULT CHARSET=utf8;

--
-- Dumping data for table `league_split`
--

INSERT INTO `league_split` VALUES (1,2,2,'2015-04-04 19:48:24');

--
-- Table structure for table `mastery`
--

CREATE TABLE `mastery` (
  `mastery_id` int(11) NOT NULL AUTO_INCREMENT,
  `mastery_name` varchar(45) NOT NULL,
  `mastery_description` varchar(255) NOT NULL,
  `mastery_type` varchar(20) NOT NULL,
  `patch_number` varchar(10) NOT NULL,
  `current_patch` tinyint(1) NOT NULL,
  `update_time` timestamp NOT NULL DEFAULT CURRENT_TIMESTAMP,
  PRIMARY KEY (`mastery_id`),
  KEY `mastery_patch_number` (`patch_number`),
  CONSTRAINT `mastery_patch_number` FOREIGN KEY (`patch_number`) REFERENCES `patch` (`patch_number`) ON DELETE NO ACTION ON UPDATE NO ACTION
) ENGINE=InnoDB AUTO_INCREMENT=3 DEFAULT CHARSET=utf8;

--
-- Dumping data for table `mastery`
--

INSERT INTO `mastery` VALUES (2,'asdf','asdf','asdf','3.14',1,'2015-03-29 01:29:21');

--
-- Table structure for table `monster`
--

CREATE TABLE `monster` (
  `monster_id` int(11) NOT NULL AUTO_INCREMENT,
  `monster_name` varchar(45) NOT NULL,
  `monster_description` varchar(100) DEFAULT NULL,
  `patch_number` varchar(10) NOT NULL,
  `current_patch` tinyint(1) NOT NULL,
  `update_time` timestamp NOT NULL DEFAULT CURRENT_TIMESTAMP,
  PRIMARY KEY (`monster_id`),
  KEY `monster_patch_number` (`patch_number`),
  CONSTRAINT `monster_patch_number` FOREIGN KEY (`patch_number`) REFERENCES `patch` (`patch_number`) ON DELETE NO ACTION ON UPDATE NO ACTION
) ENGINE=InnoDB AUTO_INCREMENT=2 DEFAULT CHARSET=utf8;

--
-- Dumping data for table `monster`
--


--
-- Table structure for table `monster_kill_event`
--

CREATE TABLE `monster_kill_event` (
  `monster_kill_event_id` int(11) NOT NULL AUTO_INCREMENT,
  `game_id` int(11) NOT NULL,
  `monster_id` int(11) NOT NULL,
  `team_game_id` int(11) NOT NULL,
  `player_game_id` int(11) NOT NULL,
  `kill_steal` tinyint(1) DEFAULT NULL COMMENT 'kill_steal denotes whether a team stole the monster or not.',
  `kill_steal_method` varchar(45) DEFAULT NULL,
  `x_pos` int(4) NOT NULL,
  `y_pos` int(4) NOT NULL,
  `game_time` int(11) NOT NULL,
  PRIMARY KEY (`monster_kill_event_id`),
  KEY `monster_kill_event_monster_id` (`monster_id`),
  KEY `monster_kill_event_killing_player_id` (`player_game_id`),
  KEY `monster_kill_event_killing_team_id` (`team_game_id`),
  CONSTRAINT `monster_kill_event_killing_player_id` FOREIGN KEY (`player_game_id`) REFERENCES `player_game` (`game_player_id`) ON DELETE NO ACTION ON UPDATE NO ACTION,
  CONSTRAINT `monster_kill_event_killing_team_id` FOREIGN KEY (`team_game_id`) REFERENCES `team_game` (`team_game_id`) ON DELETE NO ACTION ON UPDATE NO ACTION,
  CONSTRAINT `monster_kill_event_monster_id` FOREIGN KEY (`monster_id`) REFERENCES `monster` (`monster_id`) ON DELETE NO ACTION ON UPDATE NO ACTION
) ENGINE=InnoDB DEFAULT CHARSET=utf8;

--
-- Dumping data for table `monster_kill_event`
--


--
-- Table structure for table `overseer`
--

CREATE TABLE `overseer` (
  `overseer_id` int(11) NOT NULL AUTO_INCREMENT,
  `overseer_name` varchar(50) NOT NULL,
  `website` varchar(140) DEFAULT NULL,
  `facebook` varchar(140) DEFAULT NULL,
  `twitter` varchar(140) DEFAULT NULL,
  `image` varchar(140) DEFAULT NULL,
  `update_time` timestamp NOT NULL DEFAULT CURRENT_TIMESTAMP,
  PRIMARY KEY (`overseer_id`)
) ENGINE=InnoDB AUTO_INCREMENT=6 DEFAULT CHARSET=utf8;

--
-- Dumping data for table `overseer`
--

INSERT INTO `overseer` VALUES (2,'AlphaDraft','https://www.alphadraft.com/','https://www.facebook.com/pages/AlphaDraft/710166675719464',NULL,NULL,'2015-04-20 21:49:23'),(3,'Riot Games','http://riotgames.com','http://facebook.com/riotgames',NULL,NULL,'2015-04-30 12:25:22'),(4,'OnGameNet','http://ongame.net','http://www.facebook.com/OngamenetGlobal','http://twitter.com/ognglobal',NULL,'2015-05-05 17:36:01'),(5,'Tencent Games','http://game.qq.com/index.shtml','http://www.facebook.com/','http://www.twitter.com',NULL,'2015-05-05 19:00:13');

--
-- Table structure for table `patch`
--

CREATE TABLE `patch` (
  `patch_number` varchar(10) NOT NULL,
  `release_date` date NOT NULL,
  `update_time` timestamp NOT NULL DEFAULT CURRENT_TIMESTAMP,
  PRIMARY KEY (`patch_number`)
) ENGINE=InnoDB DEFAULT CHARSET=utf8;

--
-- Dumping data for table `patch`
--

INSERT INTO `patch` VALUES ('3.14','2015-03-14','2015-03-27 01:41:50'),('3.15','2015-03-15','2015-03-30 11:24:41'),('5.7.2','2015-04-08','2015-04-14 03:56:06');

--
-- Table structure for table `player`
--

CREATE TABLE `player` (
  `player_id` int(11) NOT NULL AUTO_INCREMENT,
  `player_name` varchar(20) NOT NULL,
  `first_name` varchar(30) DEFAULT NULL,
  `last_name` varchar(30) DEFAULT NULL,
  `alias` longtext,
  `country_id` int(11) NOT NULL,
  `status` varchar(10) NOT NULL,
  `other_team_codes` varchar(140) DEFAULT NULL,
  `other_roles` varchar(20) DEFAULT NULL,
  `birthday` date DEFAULT NULL,
  `image` varchar(140) DEFAULT NULL,
  `twitter` varchar(140) DEFAULT NULL,
  `youtube` varchar(140) DEFAULT NULL,
  `facebook` varchar(140) DEFAULT NULL,
  `twitch` varchar(140) DEFAULT NULL,
  `website` varchar(140) DEFAULT NULL,
  `notes` longtext,
  `update_time` timestamp NOT NULL DEFAULT CURRENT_TIMESTAMP,
  PRIMARY KEY (`player_id`),
  UNIQUE KEY `PLAYER_ID` (`player_id`),
  KEY `COUNTRY_ISO` (`country_id`),
  KEY `STATUS` (`status`),
  CONSTRAINT `player_country_id` FOREIGN KEY (`country_id`) REFERENCES `country` (`country_id`) ON DELETE NO ACTION ON UPDATE NO ACTION
) ENGINE=InnoDB AUTO_INCREMENT=227 DEFAULT CHARSET=utf8;

--
-- Dumping data for table `player`
--

INSERT INTO `player` VALUES (6,'Jack','Jack','Etienne','',236,'0',NULL,NULL,'0000-00-00',NULL,'','','','','','Manager','2015-05-04 03:48:57'),(7,'Reginald','Andy','Dinh','',236,'0',NULL,NULL,'0000-00-00',NULL,'','','','','','','2015-05-04 03:12:34'),(8,'Dyrus','Marcus','Hill','',236,'0',NULL,NULL,'0000-00-00',NULL,'','','','','','','2015-05-01 01:15:45'),(9,'Santorin','Lucas','Larsen','',61,'0',NULL,NULL,'0000-00-00',NULL,'','','','','','','2015-05-01 01:17:19'),(10,'Bjergsen','Søren','Bjerg','',61,'0',NULL,NULL,'0000-00-00',NULL,'','','','','','','2015-05-04 02:32:33'),(11,'WildTurtle','Jason','Tran','',40,'0',NULL,NULL,'0000-00-00',NULL,'','','','','','','2015-05-01 01:18:59'),(12,'Lustboy','Jang-sik ','Ham','',119,'0',NULL,NULL,'0000-00-00',NULL,'','','','','','','2015-05-01 01:19:48'),(13,'Balls','An','Le','',236,'0',NULL,NULL,'1994-06-22',NULL,'','','','','','','2015-05-04 04:11:44'),(14,'Meteos','William','Hartman','',236,'0',NULL,NULL,'0000-00-00',NULL,'','','','','','','2015-05-04 03:22:12'),(15,'Hai','Hai Du','Lam','',236,'0',NULL,NULL,'1992-09-20',NULL,'','','','','','Manager','2015-05-04 03:55:05'),(16,'Sneaky','Zachary','Scuderi','',236,'0',NULL,NULL,'1994-03-19',NULL,'','','','','','','2015-05-04 02:56:27'),(17,'LemonNation','Daerek','Hart','',236,'0',NULL,NULL,'1989-06-15',NULL,'','','','','','','2015-05-04 03:36:05'),(18,'RF Legendary','Oleksii','Kuziuta',NULL,233,'0',NULL,NULL,NULL,NULL,NULL,NULL,NULL,NULL,NULL,NULL,'2015-04-19 19:32:13'),(19,'Alex Ich','Alexey','Ichetovkin',NULL,183,'0',NULL,NULL,NULL,NULL,NULL,NULL,NULL,NULL,NULL,NULL,'2015-05-04 02:19:40'),(20,'Misfit Alberto','Alberto','Rengifo',NULL,241,'0',NULL,NULL,NULL,NULL,NULL,NULL,NULL,NULL,NULL,NULL,'2015-04-19 20:24:56'),(21,'MSF Intense','Ritchie','Ngo',NULL,236,'0',NULL,NULL,NULL,NULL,NULL,NULL,NULL,NULL,NULL,NULL,'2015-04-19 20:26:13'),(22,'Misfit Remilia','Maria','Creveling',NULL,236,'0',NULL,NULL,NULL,NULL,NULL,NULL,NULL,NULL,NULL,NULL,'2015-04-19 20:26:58'),(23,'Brandonftw','Brandon','Chen',NULL,236,'0',NULL,NULL,NULL,NULL,NULL,NULL,NULL,NULL,NULL,NULL,'2015-05-04 02:20:03'),(24,'14a','Galen','Holgate',NULL,236,'0',NULL,NULL,NULL,NULL,NULL,NULL,NULL,NULL,NULL,NULL,'2015-05-04 02:19:07'),(25,'goldenglue','Greyson','Gilmer',NULL,236,'0',NULL,NULL,NULL,NULL,NULL,NULL,NULL,NULL,NULL,NULL,'2015-04-20 21:10:25'),(26,'LattmaN','James','Lattman',NULL,236,'0',NULL,NULL,NULL,NULL,NULL,NULL,NULL,NULL,NULL,NULL,'2015-04-20 21:10:53'),(27,'BonQuish','Alec','Warren',NULL,236,'0',NULL,NULL,NULL,NULL,NULL,NULL,NULL,NULL,NULL,NULL,'2015-04-20 21:11:28'),(28,'CRB Fuges','Kino','Chew',NULL,1,'0',NULL,NULL,NULL,NULL,NULL,NULL,NULL,NULL,NULL,NULL,'2015-04-20 21:15:18'),(29,'CRB Mini','Tanner','Damonte',NULL,1,'0',NULL,NULL,NULL,NULL,NULL,NULL,NULL,NULL,NULL,NULL,'2015-04-20 21:15:38'),(30,'CRB Rakin','Rafael','Knittel',NULL,1,'0',NULL,NULL,NULL,NULL,NULL,NULL,NULL,NULL,NULL,NULL,'2015-04-20 21:16:26'),(31,'CRB Fyre','Alex','Darling',NULL,1,'0',NULL,NULL,NULL,NULL,NULL,NULL,NULL,NULL,NULL,NULL,'2015-04-20 21:16:53'),(32,'CRB Novel','Raymond','Tejada',NULL,1,'0',NULL,NULL,NULL,NULL,NULL,NULL,NULL,NULL,NULL,NULL,'2015-04-20 21:22:12'),(33,'INT Insunari','Brandin','Mello',NULL,236,'0',NULL,NULL,NULL,NULL,NULL,NULL,NULL,NULL,NULL,NULL,'2015-04-20 21:23:24'),(34,'Lordofthepit','Habib','Alkayet',NULL,40,'0',NULL,NULL,NULL,NULL,NULL,NULL,NULL,NULL,NULL,NULL,'2015-04-20 21:23:56'),(35,'Astro','Kyle','Guiagoussou',NULL,40,'0',NULL,NULL,NULL,NULL,NULL,NULL,NULL,NULL,NULL,NULL,'2015-04-20 21:24:25'),(36,'Trigger','Evan','Lawson',NULL,236,'0',NULL,NULL,NULL,NULL,NULL,NULL,NULL,NULL,NULL,NULL,'2015-04-20 21:24:48'),(37,'Memer','Andrew','Karasek',NULL,236,'0',NULL,NULL,NULL,NULL,NULL,NULL,NULL,NULL,NULL,NULL,'2015-04-20 21:26:16'),(38,'DRM Havoc','Colton','Popowich',NULL,40,'0',NULL,NULL,NULL,NULL,NULL,NULL,NULL,NULL,NULL,NULL,'2015-04-20 21:26:49'),(39,'xSojin','Matthew','Perez',NULL,236,'0',NULL,NULL,NULL,NULL,NULL,NULL,NULL,NULL,NULL,NULL,'2015-04-20 21:27:11'),(40,'ecco','Tyler','Spesick',NULL,236,'0',NULL,NULL,NULL,NULL,NULL,NULL,NULL,NULL,NULL,NULL,'2015-04-20 21:27:50'),(41,'DRM Neko','Ryan','Larochelle',NULL,40,'0',NULL,NULL,NULL,NULL,NULL,NULL,NULL,NULL,NULL,NULL,'2015-04-20 21:28:15'),(42,'DRM Noob','Peter','Shyu',NULL,236,'0',NULL,NULL,NULL,NULL,NULL,NULL,NULL,NULL,NULL,NULL,'2015-04-20 21:31:39'),(43,'Cidade de Cack','Andrew','Smith',NULL,236,'0',NULL,NULL,NULL,NULL,NULL,NULL,NULL,NULL,NULL,NULL,'2015-04-20 21:32:34'),(44,'WildWang','William','Wang',NULL,40,'0',NULL,NULL,NULL,NULL,NULL,NULL,NULL,NULL,NULL,NULL,'2015-04-20 21:33:05'),(45,'Wiggily','Ray','Griffin',NULL,236,'0',NULL,NULL,NULL,NULL,NULL,NULL,NULL,NULL,NULL,NULL,'2015-04-20 21:33:40'),(46,'Zergbby','Jordan','Rubenstein',NULL,236,'0',NULL,NULL,NULL,NULL,NULL,NULL,NULL,NULL,NULL,NULL,'2015-04-20 21:34:05'),(47,'Noobataur','Peter','Jaraysi',NULL,236,'0',NULL,NULL,NULL,NULL,NULL,NULL,NULL,NULL,NULL,NULL,'2015-04-20 21:34:27'),(48,'Sarturrn','Chris','Kokoszka',NULL,236,'0',NULL,NULL,NULL,NULL,NULL,NULL,NULL,NULL,NULL,NULL,'2015-04-20 21:34:49'),(49,'Im Avi','Avi','Behar',NULL,236,'0',NULL,NULL,NULL,NULL,NULL,NULL,NULL,NULL,NULL,NULL,'2015-04-20 21:35:08'),(50,'Solo','Colin','Earnest',NULL,236,'0',NULL,NULL,NULL,NULL,NULL,NULL,NULL,NULL,NULL,NULL,'2015-04-30 13:26:19'),(51,'Hard','Anthony','Barkhovtsev',NULL,40,'0',NULL,NULL,NULL,NULL,NULL,NULL,NULL,NULL,NULL,NULL,'2015-04-30 13:25:57'),(52,'Yusui','David','Bloomquist',NULL,236,'0',NULL,NULL,NULL,NULL,NULL,NULL,NULL,NULL,NULL,NULL,'2015-04-30 13:26:34'),(53,'LOD','Benjamin deMunck','deMunck',NULL,40,'0',NULL,NULL,NULL,NULL,NULL,NULL,NULL,NULL,NULL,NULL,'2015-04-20 21:37:06'),(54,'Sheep','Jamie','Gallagher',NULL,40,'0',NULL,NULL,NULL,NULL,NULL,NULL,NULL,NULL,NULL,NULL,'2015-04-20 21:37:29'),(55,'Allorim','Kieran','Logue',NULL,236,'0',NULL,NULL,NULL,NULL,NULL,NULL,NULL,NULL,NULL,NULL,'2015-04-20 21:38:18'),(56,'iLucent','Alex','Beaulieu',NULL,40,'0',NULL,NULL,NULL,NULL,NULL,NULL,NULL,NULL,NULL,NULL,'2015-04-20 21:38:40'),(57,'Ayr','Bohan','Guy',NULL,40,'0',NULL,NULL,NULL,NULL,NULL,NULL,NULL,NULL,NULL,NULL,'2015-04-20 21:39:00'),(58,'Zaion','Iyad','Aldawoud',NULL,236,'0',NULL,NULL,NULL,NULL,NULL,NULL,NULL,NULL,NULL,NULL,'2015-04-20 21:39:26'),(59,'GauNty','Andy','Bram',NULL,236,'0',NULL,NULL,NULL,NULL,NULL,NULL,NULL,NULL,NULL,NULL,'2015-04-20 21:40:24'),(60,'ExecutionerKen','Kenneth','Tang',NULL,236,'0',NULL,NULL,NULL,NULL,NULL,NULL,NULL,NULL,NULL,NULL,'2015-04-20 21:40:44'),(61,'Ron','Ryan','Ballard',NULL,40,'0',NULL,NULL,NULL,NULL,NULL,NULL,NULL,NULL,NULL,NULL,'2015-04-20 21:41:11'),(62,'Zaryabs','Zaryab','Syed',NULL,236,'0',NULL,NULL,NULL,NULL,NULL,NULL,NULL,NULL,NULL,NULL,'2015-04-20 21:41:38'),(63,'Arcsecond','Lyonel','Pfaender',NULL,236,'0',NULL,NULL,NULL,NULL,NULL,NULL,NULL,NULL,NULL,NULL,'2015-04-20 21:42:22'),(64,'Moonway','Samuel','Oh',NULL,236,'0',NULL,NULL,NULL,NULL,NULL,NULL,NULL,NULL,NULL,NULL,'2015-04-20 21:42:46'),(65,'Biofrost','Vincent','Wang',NULL,40,'0',NULL,NULL,NULL,NULL,NULL,NULL,NULL,NULL,NULL,NULL,'2015-04-20 21:43:09'),(66,'ShorterACE','Ryan','Nget',NULL,236,'0',NULL,NULL,NULL,NULL,NULL,NULL,NULL,NULL,NULL,NULL,'2015-04-20 21:43:30'),(67,'Dardoch','Joshua','Hartnett',NULL,236,'0',NULL,NULL,NULL,NULL,NULL,NULL,NULL,NULL,NULL,NULL,'2015-04-20 21:43:59'),(68,'MiMo','Michael','Moreira',NULL,40,'0',NULL,NULL,NULL,NULL,NULL,NULL,NULL,NULL,NULL,NULL,'2015-04-20 21:44:46'),(69,'xPecake','Tristan','Cote-Lalumiere',NULL,40,'0',NULL,NULL,NULL,NULL,NULL,NULL,NULL,NULL,NULL,NULL,'2015-04-20 21:45:51'),(70,'babyeator','Terry','Chuong',NULL,236,'0',NULL,NULL,NULL,NULL,NULL,NULL,NULL,NULL,NULL,NULL,'2015-04-20 21:46:21'),(71,'mancloud','Zachary','Hoschar',NULL,236,'0',NULL,NULL,NULL,NULL,NULL,NULL,NULL,NULL,NULL,NULL,'2015-04-30 16:12:33'),(72,'Overpow','Remigiusz','Pusch',NULL,177,'0',NULL,NULL,NULL,NULL,NULL,NULL,NULL,NULL,NULL,NULL,'2015-05-04 03:19:01'),(73,'Jankos','Marcin','Jankowski',NULL,177,'0',NULL,NULL,NULL,NULL,NULL,NULL,NULL,NULL,NULL,NULL,'2015-05-04 03:47:30'),(74,'Nukeduck','Erland','Holm',NULL,166,'0',NULL,NULL,NULL,NULL,NULL,NULL,NULL,NULL,NULL,NULL,'2015-05-04 03:20:03'),(75,'Woolite','Paweł','Pruski',NULL,177,'0',NULL,NULL,NULL,NULL,NULL,NULL,NULL,NULL,NULL,NULL,'2015-05-04 02:52:40'),(76,'Seraph','Shin','Woo-Yeong',NULL,119,'0',NULL,NULL,NULL,NULL,NULL,NULL,NULL,NULL,NULL,NULL,'2015-05-04 03:05:39'),(77,'Kez','Kevin','Jeon',NULL,236,'0',NULL,NULL,NULL,NULL,NULL,NULL,NULL,NULL,NULL,NULL,'2015-05-04 03:43:13'),(78,'Kyle','Jisun','Seo',NULL,119,'0',NULL,NULL,NULL,NULL,NULL,NULL,NULL,NULL,NULL,NULL,'2015-05-04 03:38:15'),(79,'LouisXGeeGee','Sungjin','Lee',NULL,119,'0',NULL,NULL,NULL,NULL,NULL,NULL,NULL,NULL,NULL,NULL,'2015-05-04 03:29:34'),(80,'Smoothie','Andy','Ta',NULL,40,'0',NULL,NULL,NULL,NULL,NULL,NULL,NULL,NULL,NULL,NULL,'2015-05-04 02:59:34'),(81,'Gamsu','Yeong-jin','Noh',NULL,119,'0',NULL,NULL,NULL,NULL,NULL,NULL,NULL,NULL,NULL,NULL,'2015-05-04 03:56:20'),(82,'Azingy','Andrew','Zamarripa',NULL,236,'0',NULL,NULL,NULL,NULL,NULL,NULL,NULL,NULL,NULL,NULL,'2015-05-04 04:13:03'),(83,'Shiphtur','Danny','Le',NULL,40,'0',NULL,NULL,NULL,NULL,NULL,NULL,NULL,NULL,NULL,NULL,'2015-05-04 03:06:02'),(84,'CoreJJ','Yong-in','Jo',NULL,119,'0',NULL,NULL,NULL,NULL,NULL,NULL,NULL,NULL,NULL,NULL,'2015-05-04 04:05:15'),(85,'KiWiKiD','Alan','Nguyen',NULL,236,'0',NULL,NULL,NULL,NULL,NULL,NULL,NULL,NULL,NULL,NULL,'2015-05-04 03:41:10'),(86,'ZionSpartan','Darshan','Upadhyaha',NULL,40,'0',NULL,NULL,NULL,NULL,NULL,NULL,NULL,NULL,NULL,NULL,'2015-05-04 02:44:17'),(87,'Xmithie','Jake','Puchero',NULL,175,'0',NULL,NULL,NULL,NULL,NULL,NULL,NULL,NULL,NULL,NULL,'2015-05-04 02:48:01'),(88,'LiNk','Austin','Shin',NULL,236,'0',NULL,NULL,NULL,NULL,NULL,NULL,NULL,NULL,NULL,NULL,'2015-05-04 03:31:26'),(89,'Doublelift','Peter','Peng',NULL,236,'0',NULL,NULL,NULL,NULL,NULL,NULL,NULL,NULL,NULL,NULL,'2015-05-04 04:00:05'),(90,'Aphromoo','Zaqueri','Black',NULL,236,'0',NULL,NULL,NULL,NULL,NULL,NULL,NULL,NULL,NULL,NULL,'2015-05-04 04:16:28'),(91,'Hauntzer','Kevin','Yarnell',NULL,236,'0',NULL,NULL,NULL,NULL,NULL,NULL,NULL,NULL,NULL,NULL,'2015-05-04 03:53:36'),(92,'Saintvicious','Brandon','DiMarco',NULL,236,'0',NULL,NULL,NULL,NULL,NULL,NULL,NULL,NULL,NULL,NULL,'2015-05-04 03:07:43'),(93,'Keane','Lae-Young','Jang',NULL,119,'0',NULL,NULL,NULL,NULL,NULL,NULL,NULL,NULL,NULL,NULL,'2015-05-04 03:46:14'),(94,'Cop','David','Roberson',NULL,236,'0',NULL,NULL,NULL,NULL,NULL,NULL,NULL,NULL,NULL,NULL,'2015-05-04 04:06:43'),(95,'Bunny FuFuu','Michael','Kurylo',NULL,236,'0',NULL,NULL,NULL,NULL,NULL,NULL,NULL,NULL,NULL,NULL,'2015-05-04 04:09:44'),(96,'CaliTrlolz','Steven','Kim',NULL,119,'0',NULL,NULL,NULL,NULL,NULL,NULL,NULL,NULL,NULL,NULL,'2015-05-04 04:08:32'),(97,'Porpoise','Braeden','Schwark',NULL,40,'0',NULL,NULL,NULL,NULL,NULL,NULL,NULL,NULL,NULL,NULL,'2015-05-04 03:15:46'),(98,'Slooshi','Andrew','Pham',NULL,236,'0',NULL,NULL,NULL,NULL,NULL,NULL,NULL,NULL,NULL,NULL,'2015-05-04 03:03:30'),(99,'maplestreet','Ainslie','Wyllie',NULL,40,'0',NULL,NULL,NULL,NULL,NULL,NULL,NULL,NULL,NULL,NULL,'2015-05-04 03:27:38'),(100,'Dodo','Jun','Kang',NULL,119,'0',NULL,NULL,NULL,NULL,NULL,NULL,NULL,NULL,NULL,NULL,'2015-05-04 04:01:42'),(101,'Cris','Cristian','Rosales',NULL,236,'0',NULL,NULL,NULL,NULL,NULL,NULL,NULL,NULL,NULL,NULL,'2015-05-04 04:02:39'),(102,'WTHeaven','Dillon','Stayner',NULL,236,'0',NULL,NULL,NULL,NULL,NULL,NULL,NULL,NULL,NULL,NULL,'2015-05-04 02:50:50'),(103,'Mash','Brandon','Phan',NULL,40,'0',NULL,NULL,NULL,NULL,NULL,NULL,NULL,NULL,NULL,NULL,'2015-05-04 03:23:39'),(104,'KonKwon','Jesse','Le',NULL,112,'0',NULL,NULL,NULL,NULL,NULL,NULL,NULL,NULL,NULL,NULL,'2015-05-04 03:39:04'),(105,'Impact','Eon-Young','Jeong',NULL,119,'0',NULL,NULL,NULL,NULL,NULL,NULL,NULL,NULL,NULL,NULL,'2015-05-04 03:52:20'),(106,'Rush','Lee','Yoon-jae',NULL,119,'0',NULL,NULL,NULL,NULL,NULL,NULL,NULL,NULL,NULL,NULL,'2015-05-04 03:09:25'),(107,'XiaoWeiXiao','Yu','Xian',NULL,46,'0',NULL,NULL,NULL,NULL,NULL,NULL,NULL,NULL,NULL,NULL,'2015-05-04 02:49:25'),(108,'Apollo','Apollo','Price',NULL,236,'0',NULL,NULL,NULL,NULL,NULL,NULL,NULL,NULL,NULL,NULL,'2015-05-04 04:14:20'),(109,'Adrian','Adrian','Ma',NULL,236,'0',NULL,NULL,NULL,NULL,NULL,NULL,NULL,NULL,NULL,NULL,'2015-05-04 04:17:49'),(110,'Quas','Diego','Ruiz',NULL,241,'0',NULL,NULL,NULL,NULL,NULL,NULL,NULL,NULL,NULL,NULL,'2015-05-04 03:13:55'),(111,'IWillDominate','Christian','Rivera',NULL,236,'0',NULL,NULL,NULL,NULL,NULL,NULL,NULL,NULL,NULL,NULL,'2015-05-04 03:51:20'),(112,'FeniX','Kim','Jae-hoon',NULL,119,'0',NULL,NULL,NULL,NULL,NULL,NULL,NULL,NULL,NULL,NULL,'2015-05-04 03:58:07'),(113,'Piglet','Chae','Gwang-jin',NULL,119,'0',NULL,NULL,NULL,NULL,NULL,NULL,NULL,NULL,NULL,NULL,'2015-05-04 03:17:01'),(114,'Xpecial','Alex','Chu',NULL,236,'0',NULL,NULL,NULL,NULL,NULL,NULL,NULL,NULL,NULL,NULL,'2015-05-04 02:45:53'),(115,'KEITHMCBRIEF','Yuri','Jew',NULL,236,'0',NULL,NULL,NULL,NULL,NULL,NULL,NULL,NULL,NULL,'Sub','2015-05-04 03:44:53'),(116,'fredy122','Simon','Payne',NULL,235,'0',NULL,NULL,NULL,NULL,NULL,NULL,NULL,NULL,NULL,NULL,'2015-05-02 01:44:02'),(117,'Svenskeren','Dennis','Johnsen',NULL,61,'0',NULL,NULL,NULL,NULL,NULL,NULL,NULL,NULL,NULL,NULL,'2015-05-02 01:44:43'),(118,'Fox','Hampus','Myhre',NULL,215,'0',NULL,NULL,NULL,NULL,NULL,NULL,NULL,NULL,NULL,NULL,'2015-05-02 01:45:41'),(119,'FORG1VENGRE','Konstantinos','Tzortziou',NULL,86,'0',NULL,NULL,NULL,NULL,NULL,NULL,NULL,NULL,NULL,NULL,'2015-05-02 01:46:31'),(120,'nRated','Christoph','Seitz',NULL,83,'0',NULL,NULL,NULL,NULL,NULL,NULL,NULL,NULL,NULL,NULL,'2015-05-02 01:50:04'),(121,'Huni','Heo','Seung-hoon',NULL,119,'0',NULL,NULL,NULL,NULL,NULL,NULL,NULL,NULL,NULL,NULL,'2015-05-02 01:52:27'),(122,'ReignOver','Kim','Yeu-jin',NULL,119,'0',NULL,NULL,NULL,NULL,NULL,NULL,NULL,NULL,NULL,NULL,'2015-05-02 01:52:59'),(123,'Febiven','Fabian','Diepstraten',NULL,157,'0',NULL,NULL,NULL,NULL,NULL,NULL,NULL,NULL,NULL,NULL,'2015-05-02 01:53:46'),(124,'Steelback','Pierre','Medjaldi',NULL,76,'0',NULL,NULL,NULL,NULL,NULL,NULL,NULL,NULL,NULL,NULL,'2015-05-02 01:54:22'),(125,'YellOwStaR','Bora','Kim',NULL,76,'0',NULL,NULL,NULL,NULL,NULL,NULL,NULL,NULL,NULL,NULL,'2015-05-02 05:06:34'),(126,'Odoamne','Andrei','Pascu',NULL,182,'0',NULL,NULL,NULL,NULL,NULL,NULL,NULL,NULL,NULL,NULL,'2015-05-03 05:20:12'),(127,'loulex','Jean-Victor','Burgevin',NULL,76,'0',NULL,NULL,NULL,NULL,NULL,NULL,NULL,NULL,NULL,NULL,'2015-05-03 05:21:01'),(128,'Ryu','Yoo','Sang-ook',NULL,119,'0',NULL,NULL,NULL,NULL,NULL,NULL,NULL,NULL,NULL,NULL,'2015-05-03 05:21:44'),(129,'Hjärnan','Petter','Freyschuss',NULL,215,'0',NULL,NULL,NULL,NULL,NULL,NULL,NULL,NULL,NULL,NULL,'2015-05-03 05:22:51'),(130,'Ziv','Yi','Chen',NULL,218,'0',NULL,NULL,NULL,NULL,NULL,NULL,NULL,NULL,NULL,NULL,'2015-05-05 16:56:01'),(131,'Mountain','Zhao-Hong','Xue',NULL,218,'0',NULL,NULL,NULL,NULL,NULL,NULL,NULL,NULL,NULL,NULL,'2015-05-05 16:55:33'),(132,'westdoor','Shu-Wei','Liu',NULL,218,'0',NULL,NULL,NULL,NULL,NULL,NULL,NULL,NULL,NULL,NULL,'2015-05-05 16:56:48'),(133,'AN','Chon-An','Chou',NULL,218,'0',NULL,NULL,NULL,NULL,NULL,NULL,NULL,NULL,NULL,NULL,'2015-05-05 16:58:09'),(134,'Albis','Chia-Wei','Kang',NULL,218,'0',NULL,NULL,NULL,NULL,NULL,NULL,NULL,NULL,NULL,NULL,'2015-05-05 16:58:37'),(135,'GreenTea','Shang-Ching','Tsai',NULL,218,'0',NULL,NULL,NULL,NULL,NULL,NULL,NULL,NULL,NULL,NULL,'2015-05-05 16:59:07'),(136,'Thaldrin','Berke','Demir',NULL,228,'0',NULL,NULL,NULL,NULL,NULL,NULL,NULL,NULL,NULL,NULL,'2015-05-05 17:00:40'),(137,'Theokoles','Muhammed','Isik',NULL,228,'0',NULL,NULL,NULL,NULL,NULL,NULL,NULL,NULL,NULL,NULL,'2015-05-05 17:01:57'),(138,'Energy','Isak','Pettersen Fjell',NULL,166,'0',NULL,NULL,NULL,NULL,NULL,NULL,NULL,NULL,NULL,NULL,'2015-05-05 17:03:22'),(139,'Nardeus','Tomas','Marsalek',NULL,60,'0',NULL,NULL,NULL,NULL,NULL,NULL,NULL,NULL,NULL,NULL,'2015-05-05 17:04:26'),(140,'Dumbledoge','Mustafa','Gökseloğlu',NULL,228,'0',NULL,NULL,NULL,NULL,NULL,NULL,NULL,NULL,NULL,NULL,'2015-05-05 17:05:20'),(141,'Hexagon Sun','Berk','Gocay',NULL,228,'0',NULL,NULL,NULL,NULL,NULL,NULL,NULL,NULL,NULL,NULL,'2015-05-05 17:06:00'),(142,'MaRin','Gyeong Hwan','Jang',NULL,119,'0',NULL,NULL,NULL,NULL,NULL,NULL,NULL,NULL,NULL,NULL,'2015-05-05 17:08:17'),(143,'Bengi','Seong-ung','Bae',NULL,119,'0',NULL,NULL,NULL,NULL,NULL,NULL,NULL,NULL,NULL,NULL,'2015-05-14 18:19:10'),(144,'T0M','Jae-hyeon','Im',NULL,119,'0',NULL,NULL,NULL,NULL,NULL,NULL,NULL,NULL,NULL,NULL,'2015-05-05 17:13:06'),(145,'Faker','Sang-hyeok','Lee',NULL,119,'0',NULL,NULL,NULL,NULL,NULL,NULL,NULL,NULL,NULL,NULL,'2015-05-05 17:10:49'),(146,'Easyhoon','Ji-hoon','Lee',NULL,119,'0',NULL,NULL,NULL,NULL,NULL,NULL,NULL,NULL,NULL,NULL,'2015-05-05 17:14:20'),(147,'Bang','Jun-sik','Bae',NULL,119,'0',NULL,NULL,NULL,NULL,NULL,NULL,NULL,NULL,NULL,NULL,'2015-05-05 17:14:52'),(148,'Wolf','Jae-wan','Lee',NULL,119,'0',NULL,NULL,NULL,NULL,NULL,NULL,NULL,NULL,NULL,NULL,'2015-05-05 17:15:36'),(149,'Piccaboo','Jong-beom','Lee',NULL,119,'0',NULL,NULL,NULL,NULL,NULL,NULL,NULL,NULL,NULL,NULL,'2015-05-05 17:19:32'),(150,'Scout','Yae-chan','Lee',NULL,119,'0',NULL,NULL,NULL,NULL,NULL,NULL,NULL,NULL,NULL,NULL,'2015-05-05 17:20:24'),(151,'Koro1','Tong','Yang',NULL,46,'0',NULL,NULL,NULL,NULL,NULL,NULL,NULL,NULL,NULL,NULL,'2015-05-05 17:23:02'),(152,'Clearlove','Ming','Kai',NULL,46,'0',NULL,NULL,NULL,NULL,NULL,NULL,NULL,NULL,NULL,NULL,'2015-05-05 17:24:13'),(153,'PawN','Won-seok','Heo',NULL,119,'0',NULL,NULL,NULL,NULL,NULL,NULL,NULL,NULL,NULL,NULL,'2015-05-05 17:25:01'),(154,'Deft','Hyuk-kyu','Kim',NULL,119,'0',NULL,NULL,NULL,NULL,NULL,NULL,NULL,NULL,NULL,NULL,'2015-05-05 17:25:50'),(155,'Meiko','Tian','Ye',NULL,46,'0',NULL,NULL,NULL,NULL,NULL,NULL,NULL,NULL,NULL,NULL,'2015-05-05 17:27:22'),(156,'U','Zeng','Long',NULL,46,'0',NULL,NULL,NULL,NULL,NULL,NULL,NULL,NULL,NULL,NULL,'2015-05-22 10:44:06'),(157,'Smeb','Kyung-ho','Song',NULL,119,'0',NULL,NULL,NULL,NULL,NULL,NULL,NULL,NULL,NULL,NULL,'2015-05-05 19:22:03'),(158,'Lee','Ho-Jin','Lee',NULL,119,'0',NULL,NULL,NULL,NULL,NULL,NULL,NULL,NULL,NULL,NULL,'2015-05-05 19:22:55'),(159,'KurO','Seo-haeng','Lee',NULL,119,'0',NULL,NULL,NULL,NULL,NULL,NULL,NULL,NULL,NULL,NULL,'2015-05-05 19:23:30'),(160,'PraY','Jong-in','Kim',NULL,119,'0',NULL,NULL,NULL,NULL,NULL,NULL,NULL,NULL,NULL,NULL,'2015-05-05 19:24:05'),(161,'GorillA','Beom-hyeon','Kang',NULL,119,'0',NULL,NULL,NULL,NULL,NULL,NULL,NULL,NULL,NULL,NULL,'2015-05-05 19:24:48'),(162,'Shy','Sang-myeon','Park',NULL,119,'0',NULL,NULL,NULL,NULL,NULL,NULL,NULL,NULL,NULL,NULL,'2015-05-05 19:30:41'),(163,'Ambition','Chan-yong','Kang',NULL,119,'0',NULL,NULL,NULL,NULL,NULL,NULL,NULL,NULL,NULL,NULL,'2015-05-05 19:32:00'),(164,'CoCo','Jin-young','Shin',NULL,119,'0',NULL,NULL,NULL,NULL,NULL,NULL,NULL,NULL,NULL,NULL,'2015-05-05 19:32:38'),(165,'Space','Ho-san','Seon',NULL,119,'0',NULL,NULL,NULL,NULL,NULL,NULL,NULL,NULL,NULL,NULL,'2015-05-05 19:33:09'),(166,'MadLife','Mingi','Hong',NULL,119,'0',NULL,NULL,NULL,NULL,NULL,NULL,NULL,NULL,NULL,NULL,'2015-05-05 19:35:09'),(167,'Roar','Jangwon','Oh',NULL,119,'0',NULL,NULL,NULL,NULL,NULL,NULL,NULL,NULL,NULL,NULL,'2015-05-05 19:35:22'),(168,'Lilac','Ho-Jin','Jeon',NULL,119,'0',NULL,NULL,NULL,NULL,NULL,NULL,NULL,NULL,NULL,NULL,'2015-05-05 19:37:52'),(169,'Wisdom','Taewan','Kim',NULL,119,'0',NULL,NULL,NULL,NULL,NULL,NULL,NULL,NULL,NULL,NULL,'2015-05-05 19:38:55'),(170,'Ares','Min-Kwon','Kim',NULL,119,'0',NULL,NULL,NULL,NULL,NULL,NULL,NULL,NULL,NULL,NULL,'2015-05-05 19:41:08'),(171,'Frozen','Tae-Il','Kim',NULL,119,'0',NULL,NULL,NULL,NULL,NULL,NULL,NULL,NULL,NULL,NULL,'2015-05-05 19:43:02'),(172,'S0NSTAR','Seung-Ik','Son',NULL,119,'0',NULL,NULL,NULL,NULL,NULL,NULL,NULL,NULL,NULL,NULL,'2015-05-05 19:43:43'),(173,'TuSin','Jong-Ik','Bak',NULL,119,'0',NULL,NULL,NULL,NULL,NULL,NULL,NULL,NULL,NULL,NULL,'2015-05-05 19:44:22'),(174,'TrAce','Changdong','Yeo',NULL,119,'0',NULL,NULL,NULL,NULL,NULL,NULL,NULL,NULL,NULL,NULL,'2015-05-05 19:51:02'),(175,'Chaser','Sanghyun','Lee',NULL,119,'0',NULL,NULL,NULL,NULL,NULL,NULL,NULL,NULL,NULL,NULL,'2015-05-05 19:52:00'),(176,'GBM','Changseok','Lee',NULL,119,'0',NULL,NULL,NULL,NULL,NULL,NULL,NULL,NULL,NULL,NULL,'2015-05-05 19:52:38'),(177,'Cpt Jack','Hyungwoo','Kang',NULL,119,'0',NULL,NULL,NULL,NULL,NULL,NULL,NULL,NULL,NULL,NULL,'2015-05-05 19:53:18'),(178,'Chei','Seonho','Choi',NULL,119,'0',NULL,NULL,NULL,NULL,NULL,NULL,NULL,NULL,NULL,NULL,'2015-05-05 19:54:06'),(179,'Pilot','Woohyung','Nah',NULL,119,'0',NULL,NULL,NULL,NULL,NULL,NULL,NULL,NULL,NULL,NULL,'2015-05-05 19:54:47'),(180,'XD','Euntaek','Lee',NULL,119,'0',NULL,NULL,NULL,NULL,NULL,NULL,NULL,NULL,NULL,NULL,'2015-05-05 19:55:26'),(181,'Winged','Tae-Jin','Park',NULL,119,'0',NULL,NULL,NULL,NULL,NULL,NULL,NULL,NULL,NULL,NULL,'2015-05-05 19:56:23'),(182,'Score','Dongbin','Ko',NULL,119,'0',NULL,NULL,NULL,NULL,NULL,NULL,NULL,NULL,NULL,NULL,'2015-05-05 19:59:33'),(183,'ssumday','Chan-Ho','Kim',NULL,119,'0',NULL,NULL,NULL,NULL,NULL,NULL,NULL,NULL,NULL,NULL,'2015-05-05 20:00:14'),(184,'Prime','Du-sik','Yun',NULL,119,'0',NULL,NULL,NULL,NULL,NULL,NULL,NULL,NULL,NULL,NULL,'2015-05-05 20:01:13'),(185,'Nagne','Sangmoon','Kim',NULL,119,'0',NULL,NULL,NULL,NULL,NULL,NULL,NULL,NULL,NULL,NULL,'2015-05-05 20:02:04'),(186,'Arrow','Donghyeon','No',NULL,119,'0',NULL,NULL,NULL,NULL,NULL,NULL,NULL,NULL,NULL,NULL,'2015-05-05 20:03:15'),(187,'Fixer','Jaewoo','Jung',NULL,119,'0',NULL,NULL,NULL,NULL,NULL,NULL,NULL,NULL,NULL,NULL,'2015-05-05 20:04:02'),(188,'Hachani','Seungchan','Ha',NULL,119,'0',NULL,NULL,NULL,NULL,NULL,NULL,NULL,NULL,NULL,NULL,'2015-05-05 20:05:21'),(189,'Pobelter','Eugene','Park',NULL,236,'0',NULL,NULL,NULL,NULL,NULL,NULL,NULL,NULL,NULL,NULL,'2015-05-14 19:01:22'),(190,'Zz1tai','Liu','Zhihao',NULL,46,'0',NULL,NULL,NULL,NULL,NULL,NULL,NULL,NULL,NULL,NULL,'2015-05-22 08:40:27'),(191,'Kid','Ge','Yan',NULL,46,'0',NULL,NULL,NULL,NULL,NULL,NULL,NULL,NULL,NULL,NULL,'2015-05-22 08:40:56'),(192,'Kitties','Liu','Hongjun',NULL,46,'0',NULL,NULL,NULL,NULL,NULL,NULL,NULL,NULL,NULL,NULL,'2015-05-22 08:41:34'),(193,'Kakao','Byungkwon','Lee',NULL,46,'0',NULL,NULL,NULL,NULL,NULL,NULL,NULL,NULL,NULL,NULL,'2015-05-22 08:42:10'),(194,'Save','Young-jin','Baek',NULL,46,'0',NULL,NULL,NULL,NULL,NULL,NULL,NULL,NULL,NULL,NULL,'2015-05-22 08:42:58'),(195,'Rookie','Eujin','Song',NULL,46,'0',NULL,NULL,NULL,NULL,NULL,NULL,NULL,NULL,NULL,NULL,'2015-05-22 08:43:29'),(196,'Pokemon','Zeng','Tao',NULL,46,'0',NULL,NULL,NULL,NULL,NULL,NULL,NULL,NULL,NULL,NULL,'2015-05-22 08:43:56'),(197,'ninja','Jianyu','Lu',NULL,46,'0',NULL,NULL,NULL,NULL,NULL,NULL,NULL,NULL,NULL,NULL,'2015-05-22 08:44:40'),(198,'conan','Ke','Yi',NULL,46,'0',NULL,NULL,NULL,NULL,NULL,NULL,NULL,NULL,NULL,NULL,'2015-05-22 08:45:12'),(199,'Spirit','Da-yoon','Lee',NULL,46,'0',NULL,NULL,NULL,NULL,NULL,NULL,NULL,NULL,NULL,NULL,'2015-05-22 08:45:43'),(200,'yuzhe','Zhang','Zhe',NULL,46,'0',NULL,NULL,NULL,NULL,NULL,NULL,NULL,NULL,NULL,NULL,'2015-05-22 08:46:30'),(201,'Styz','Qu','Ziliang',NULL,46,'0',NULL,NULL,NULL,NULL,NULL,NULL,NULL,NULL,NULL,NULL,'2015-05-22 08:47:01'),(202,'Aluka','Peng','Zhenming',NULL,46,'0',NULL,NULL,NULL,NULL,NULL,NULL,NULL,NULL,NULL,NULL,'2015-05-22 08:47:33'),(203,'Mystic','Jin','Seong Jun',NULL,119,'0',NULL,NULL,NULL,NULL,NULL,NULL,NULL,NULL,NULL,NULL,'2015-05-22 09:56:30'),(204,'Loong','Xiao Long','Zhu',NULL,46,'0',NULL,NULL,NULL,NULL,NULL,NULL,NULL,NULL,NULL,NULL,'2015-05-22 10:03:02'),(205,'Eimy','Dan','Xie',NULL,46,'0',NULL,NULL,NULL,NULL,NULL,NULL,NULL,NULL,NULL,NULL,'2015-05-22 10:03:37'),(206,'Jiaoyang','Xin','Chen',NULL,46,'0',NULL,NULL,NULL,NULL,NULL,NULL,NULL,NULL,NULL,NULL,'2015-05-22 10:37:46'),(207,'Skatch','Sehoon','Byun',NULL,119,'0',NULL,NULL,NULL,NULL,NULL,NULL,NULL,NULL,NULL,NULL,'2015-05-22 10:38:20'),(208,'Heart','Gwan Hyung','Lee',NULL,119,'0',NULL,NULL,NULL,NULL,NULL,NULL,NULL,NULL,NULL,NULL,'2015-05-22 10:39:05'),(209,'Punished','Yuan Hui','Li',NULL,46,'0',NULL,NULL,NULL,NULL,NULL,NULL,NULL,NULL,NULL,NULL,'2015-05-22 10:39:38'),(210,'Flandre','Xuan Jun','Li',NULL,46,'0',NULL,NULL,NULL,NULL,NULL,NULL,NULL,NULL,NULL,NULL,'2015-05-22 10:41:15'),(211,'Beast','Joo Hyun','Kim',NULL,119,'0',NULL,NULL,NULL,NULL,NULL,NULL,NULL,NULL,NULL,NULL,'2015-05-22 10:42:07'),(212,'kRYST4L','Fan','Yeng',NULL,46,'0',NULL,NULL,NULL,NULL,NULL,NULL,NULL,NULL,NULL,NULL,'2015-05-22 10:45:19'),(213,'Ella','Hoon Kwak','Kwok',NULL,119,'0',NULL,NULL,NULL,NULL,NULL,NULL,NULL,NULL,NULL,NULL,'2015-05-22 10:49:00'),(214,'BAKA','Fan','Lu',NULL,46,'0',NULL,NULL,NULL,NULL,NULL,NULL,NULL,NULL,NULL,NULL,'2015-05-22 10:50:01'),(215,'Martin','Tan','Qi',NULL,46,'0',NULL,NULL,NULL,NULL,NULL,NULL,NULL,NULL,NULL,NULL,'2015-05-22 10:51:01'),(216,'MLZZ','Yan','Hong',NULL,46,'0',NULL,NULL,NULL,NULL,NULL,NULL,NULL,NULL,NULL,NULL,'2015-05-22 14:32:44'),(217,'xiyang','Hu','Bin',NULL,46,'0',NULL,NULL,NULL,NULL,NULL,NULL,NULL,NULL,NULL,NULL,'2015-05-22 14:33:48'),(218,'Cool','Jia Jun','Yu',NULL,46,'0',NULL,NULL,NULL,NULL,NULL,NULL,NULL,NULL,NULL,NULL,'2015-05-22 14:37:00'),(219,'Uzi','Zi Hao','Jian',NULL,46,'0',NULL,NULL,NULL,NULL,NULL,NULL,NULL,NULL,NULL,NULL,'2015-05-22 14:38:11'),(220,'Cloud','Zhen Wei','Hu',NULL,46,'0',NULL,NULL,NULL,NULL,NULL,NULL,NULL,NULL,NULL,NULL,'2015-05-22 14:39:52'),(221,'Carry','Zu Jing','Wang',NULL,46,'0',NULL,NULL,NULL,NULL,NULL,NULL,NULL,NULL,NULL,NULL,'2015-05-22 14:42:50'),(222,'DanDy','In Kyu','Choi',NULL,119,'0',NULL,NULL,NULL,NULL,NULL,NULL,NULL,NULL,NULL,NULL,'2015-05-22 14:43:35'),(223,'Hetong','Bin','Wang',NULL,46,'0',NULL,NULL,NULL,NULL,NULL,NULL,NULL,NULL,NULL,NULL,'2015-05-22 14:44:09'),(224,'Vasilii','Wei Jun','Li',NULL,46,'0',NULL,NULL,NULL,NULL,NULL,NULL,NULL,NULL,NULL,NULL,'2015-05-22 14:44:44'),(225,'Mata','Sehyoung','Cho',NULL,119,'0',NULL,NULL,NULL,NULL,NULL,NULL,NULL,NULL,NULL,NULL,'2015-05-22 14:48:50'),(226,'Nien','Zach','Malhas',NULL,236,'0',NULL,NULL,NULL,NULL,NULL,NULL,NULL,NULL,NULL,NULL,'2015-06-02 05:21:29');

--
-- Table structure for table `player_game`
--

CREATE TABLE `player_game` (
  `game_player_id` int(11) NOT NULL AUTO_INCREMENT,
  `game_id` int(11) NOT NULL,
  `player_id` int(11) NOT NULL,
  `champion_pick_id` int(11) DEFAULT NULL,
  `champion_played_id` int(11) DEFAULT NULL,
  `kills` int(2) NOT NULL DEFAULT '0',
  `deaths` int(2) NOT NULL DEFAULT '0',
  `assists` int(2) NOT NULL DEFAULT '0',
  `cs` int(3) NOT NULL DEFAULT '0',
  `gold_earned` int(5) NOT NULL DEFAULT '0',
  `gold_spent` int(5) DEFAULT NULL,
  `level` int(2) DEFAULT NULL,
  `kda` decimal(6,2) DEFAULT NULL,
  `gpm` decimal(6,2) DEFAULT NULL,
  `cspm` decimal(6,2) DEFAULT NULL,
  `ecspm` decimal(6,2) DEFAULT NULL,
  `gold_distribution` decimal(4,2) DEFAULT NULL,
  `cs_distribution` decimal(4,2) DEFAULT NULL,
  `kill_participation` decimal(4,2) DEFAULT NULL,
  `first_kill` time DEFAULT NULL,
  `item_1_id` int(11) DEFAULT NULL,
  `item_2_id` int(11) DEFAULT NULL,
  `item_3_id` int(11) DEFAULT NULL,
  `item_4_id` int(11) DEFAULT NULL,
  `item_5_id` int(11) DEFAULT NULL,
  `item_6_id` int(11) DEFAULT NULL,
  `trinket_id` int(11) DEFAULT NULL,
  `spell_1_id` int(11) DEFAULT NULL,
  `spell_2_id` int(11) DEFAULT NULL,
  `double_kills` int(2) NOT NULL DEFAULT '0',
  `triple_kills` int(2) NOT NULL DEFAULT '0',
  `quadra_kills` int(1) NOT NULL DEFAULT '0',
  `penta_kills` int(1) NOT NULL DEFAULT '0',
  `unreal_kills` int(1) NOT NULL DEFAULT '0',
  `largest_killing_spree` int(2) NOT NULL DEFAULT '0',
  `largest_multikill` int(1) NOT NULL DEFAULT '0',
  `killing_sprees` int(2) NOT NULL DEFAULT '0',
  `kill_share` decimal(6,3) NOT NULL DEFAULT '0.000' COMMENT 'this is a percentage of player_kills/team_kills truncated at 3 decimal points',
  `longest_time_spent_living` time DEFAULT NULL,
  `total_damage_dealt` int(7) NOT NULL DEFAULT '0',
  `magic_damage_dealt` int(6) NOT NULL DEFAULT '0',
  `physical_damage_dealt` int(6) NOT NULL DEFAULT '0',
  `true_damage_dealt` int(6) NOT NULL DEFAULT '0',
  `largest_critical_strike` int(4) NOT NULL DEFAULT '0',
  `total_damage_dealt_to_champions` int(7) NOT NULL DEFAULT '0',
  `magic_damage_dealt_to_champions` int(6) NOT NULL DEFAULT '0',
  `physical_damage_dealt_to_champions` int(6) NOT NULL DEFAULT '0',
  `true_damage_dealt_to_champions` int(6) NOT NULL DEFAULT '0',
  `total_heal` int(5) NOT NULL DEFAULT '0',
  `total_units_healed` int(2) NOT NULL DEFAULT '0',
  `total_damage_taken` int(6) NOT NULL DEFAULT '0',
  `magic_damage_taken` int(6) NOT NULL DEFAULT '0',
  `physical_damage_taken` int(6) NOT NULL DEFAULT '0',
  `true_damage_taken` int(6) NOT NULL DEFAULT '0',
  `turret_kills` int(2) NOT NULL DEFAULT '0',
  `inhibitor_kills` int(1) NOT NULL DEFAULT '0',
  `total_minions_killed` int(3) NOT NULL DEFAULT '0',
  `neutral_minions_killed` int(3) NOT NULL DEFAULT '0',
  `neutral_minions_killed_team_jungle` int(3) NOT NULL DEFAULT '0',
  `neutral_minions_killed_enemy_jungle` int(3) NOT NULL DEFAULT '0',
  `total_time_crowd_control_dealt` time DEFAULT NULL,
  `champ_level` int(2) NOT NULL DEFAULT '0',
  `vision_wards_bought` int(3) NOT NULL DEFAULT '0',
  `sight_wards_bought` int(3) NOT NULL DEFAULT '0',
  `wards_placed` int(3) NOT NULL DEFAULT '0',
  `wards_killed` int(3) NOT NULL DEFAULT '0',
  `actual_role_id` int(11) DEFAULT NULL COMMENT 'The actual role played by player in this game. Since sometimes they need to sub someone in a different role.',
  `update_time` timestamp NOT NULL DEFAULT CURRENT_TIMESTAMP,
  `team_id` int(11) DEFAULT NULL,
  `pick_order` int(2) NOT NULL,
  PRIMARY KEY (`game_player_id`),
  KEY `player_game_player_id` (`player_id`),
  KEY `player_game_spell_1_id` (`spell_1_id`),
  KEY `player_game_spell_2_id` (`spell_2_id`),
  KEY `player_game_item_1_id` (`item_1_id`),
  KEY `player_game_item_2_id` (`item_2_id`),
  KEY `player_game_item_3_id` (`item_3_id`),
  KEY `player_game_item_4_id` (`item_4_id`),
  KEY `player_game_item_5_id` (`item_5_id`),
  KEY `player_game_item_6_id` (`item_6_id`),
  KEY `player_game_trinket_id` (`trinket_id`),
  KEY `player_game_champion_played_id` (`champion_played_id`),
  KEY `player_game_actual_role_id` (`actual_role_id`),
  KEY `player_game_champion_pick_id` (`champion_pick_id`),
  KEY `player_game_game_id` (`game_id`),
  CONSTRAINT `player_game_game_id` FOREIGN KEY (`game_id`) REFERENCES `game` (`game_id`) ON DELETE CASCADE ON UPDATE NO ACTION,
  CONSTRAINT `player_game_actual_role_id` FOREIGN KEY (`actual_role_id`) REFERENCES `role` (`role_id`) ON DELETE NO ACTION ON UPDATE NO ACTION,
  CONSTRAINT `player_game_champion_pick_id` FOREIGN KEY (`champion_pick_id`) REFERENCES `champion` (`champion_id`) ON DELETE NO ACTION ON UPDATE NO ACTION,
  CONSTRAINT `player_game_champion_played_id` FOREIGN KEY (`champion_played_id`) REFERENCES `champion` (`champion_id`) ON DELETE NO ACTION ON UPDATE NO ACTION,
  CONSTRAINT `player_game_item_1_id` FOREIGN KEY (`item_1_id`) REFERENCES `item` (`item_id`) ON DELETE NO ACTION ON UPDATE NO ACTION,
  CONSTRAINT `player_game_item_2_id` FOREIGN KEY (`item_2_id`) REFERENCES `item` (`item_id`) ON DELETE NO ACTION ON UPDATE NO ACTION,
  CONSTRAINT `player_game_item_3_id` FOREIGN KEY (`item_3_id`) REFERENCES `item` (`item_id`) ON DELETE NO ACTION ON UPDATE NO ACTION,
  CONSTRAINT `player_game_item_4_id` FOREIGN KEY (`item_4_id`) REFERENCES `item` (`item_id`) ON DELETE NO ACTION ON UPDATE NO ACTION,
  CONSTRAINT `player_game_item_5_id` FOREIGN KEY (`item_5_id`) REFERENCES `item` (`item_id`) ON DELETE NO ACTION ON UPDATE NO ACTION,
  CONSTRAINT `player_game_item_6_id` FOREIGN KEY (`item_6_id`) REFERENCES `item` (`item_id`) ON DELETE NO ACTION ON UPDATE NO ACTION,
  CONSTRAINT `player_game_player_id` FOREIGN KEY (`player_id`) REFERENCES `player` (`player_id`) ON DELETE NO ACTION ON UPDATE NO ACTION,
  CONSTRAINT `player_game_spell_1_id` FOREIGN KEY (`spell_1_id`) REFERENCES `spell` (`spell_id`) ON DELETE NO ACTION ON UPDATE NO ACTION,
  CONSTRAINT `player_game_spell_2_id` FOREIGN KEY (`spell_2_id`) REFERENCES `spell` (`spell_id`) ON DELETE NO ACTION ON UPDATE NO ACTION,
  CONSTRAINT `player_game_trinket_id` FOREIGN KEY (`trinket_id`) REFERENCES `trinket` (`trinket_id`) ON DELETE NO ACTION ON UPDATE NO ACTION
) ENGINE=InnoDB AUTO_INCREMENT=212 DEFAULT CHARSET=utf8;

--
-- Dumping data for table `player_game`
--

INSERT INTO `player_game` VALUES (62,8,13,1,1,0,0,1,1,0,NULL,NULL,NULL,NULL,NULL,NULL,NULL,NULL,NULL,NULL,NULL,NULL,NULL,NULL,NULL,NULL,NULL,NULL,NULL,0,0,0,0,0,0,0,0,0.000,NULL,0,0,0,0,0,0,0,0,0,0,0,0,0,0,0,0,0,0,0,0,0,NULL,0,0,0,0,0,3,'2015-04-18 18:27:46',7,9),(63,8,13,1,1,0,0,1,1,0,NULL,NULL,NULL,NULL,NULL,NULL,NULL,NULL,NULL,NULL,NULL,NULL,NULL,NULL,NULL,NULL,NULL,NULL,NULL,0,0,0,0,0,0,0,0,0.000,NULL,0,0,0,0,0,0,0,0,0,0,0,0,0,0,0,0,0,0,0,0,0,NULL,0,0,0,0,0,3,'2015-04-18 18:27:46',7,9),(64,8,13,1,1,0,0,1,1,0,NULL,NULL,NULL,NULL,NULL,NULL,NULL,NULL,NULL,NULL,NULL,NULL,NULL,NULL,NULL,NULL,NULL,NULL,NULL,0,0,0,0,0,0,0,0,0.000,NULL,0,0,0,0,0,0,0,0,0,0,0,0,0,0,0,0,0,0,0,0,0,NULL,0,0,0,0,0,3,'2015-04-18 18:27:46',7,9),(65,8,13,1,1,0,0,1,1,0,NULL,NULL,NULL,NULL,NULL,NULL,NULL,NULL,NULL,NULL,NULL,NULL,NULL,NULL,NULL,NULL,NULL,NULL,NULL,0,0,0,0,0,0,0,0,0.000,NULL,0,0,0,0,0,0,0,0,0,0,0,0,0,0,0,0,0,0,0,0,0,NULL,0,0,0,0,0,3,'2015-04-18 18:27:46',7,9),(66,8,13,1,1,0,0,1,1,0,NULL,NULL,NULL,NULL,NULL,NULL,NULL,NULL,NULL,NULL,NULL,NULL,NULL,NULL,NULL,NULL,NULL,NULL,NULL,0,0,0,0,0,0,0,0,0.000,NULL,0,0,0,0,0,0,0,0,0,0,0,0,0,0,0,0,0,0,0,0,0,NULL,0,0,0,0,0,3,'2015-04-18 18:27:46',7,9),(67,8,10,117,117,0,0,0,0,0,NULL,NULL,NULL,NULL,NULL,NULL,NULL,NULL,NULL,NULL,NULL,NULL,NULL,NULL,NULL,NULL,NULL,NULL,NULL,0,0,0,0,0,0,0,0,0.000,NULL,0,0,0,0,0,0,0,0,0,0,0,0,0,0,0,0,0,0,0,0,0,NULL,0,0,0,0,0,3,'2015-04-18 18:27:46',8,10),(68,8,10,117,117,0,0,0,0,0,NULL,NULL,NULL,NULL,NULL,NULL,NULL,NULL,NULL,NULL,NULL,NULL,NULL,NULL,NULL,NULL,NULL,NULL,NULL,0,0,0,0,0,0,0,0,0.000,NULL,0,0,0,0,0,0,0,0,0,0,0,0,0,0,0,0,0,0,0,0,0,NULL,0,0,0,0,0,3,'2015-04-18 18:27:46',8,10),(69,8,10,117,117,0,0,0,0,0,NULL,NULL,NULL,NULL,NULL,NULL,NULL,NULL,NULL,NULL,NULL,NULL,NULL,NULL,NULL,NULL,NULL,NULL,NULL,0,0,0,0,0,0,0,0,0.000,NULL,0,0,0,0,0,0,0,0,0,0,0,0,0,0,0,0,0,0,0,0,0,NULL,0,0,0,0,0,3,'2015-04-18 18:27:46',8,10),(70,8,10,117,117,0,0,0,0,0,NULL,NULL,NULL,NULL,NULL,NULL,NULL,NULL,NULL,NULL,NULL,NULL,NULL,NULL,NULL,NULL,NULL,NULL,NULL,0,0,0,0,0,0,0,0,0.000,NULL,0,0,0,0,0,0,0,0,0,0,0,0,0,0,0,0,0,0,0,0,0,NULL,0,0,0,0,0,3,'2015-04-18 18:27:46',8,10),(71,8,10,117,117,0,0,0,0,0,NULL,NULL,NULL,NULL,NULL,NULL,NULL,NULL,NULL,NULL,NULL,NULL,NULL,NULL,NULL,NULL,NULL,NULL,NULL,0,0,0,0,0,0,0,0,0.000,NULL,0,0,0,0,0,0,0,0,0,0,0,0,0,0,0,0,0,0,0,0,0,NULL,0,0,0,0,0,3,'2015-04-18 18:27:46',8,10),(72,9,10,17,17,1,2,3,1,0,NULL,NULL,NULL,NULL,NULL,NULL,NULL,NULL,NULL,NULL,NULL,NULL,NULL,NULL,NULL,NULL,NULL,NULL,NULL,0,0,0,0,0,0,0,0,0.000,NULL,0,0,0,0,0,0,0,0,0,0,0,0,0,0,0,0,0,0,0,0,0,NULL,0,0,0,0,0,3,'2015-04-20 03:58:54',8,9),(73,9,10,17,17,1,2,3,1,0,NULL,NULL,NULL,NULL,NULL,NULL,NULL,NULL,NULL,NULL,NULL,NULL,NULL,NULL,NULL,NULL,NULL,NULL,NULL,0,0,0,0,0,0,0,0,0.000,NULL,0,0,0,0,0,0,0,0,0,0,0,0,0,0,0,0,0,0,0,0,0,NULL,0,0,0,0,0,3,'2015-04-20 03:58:54',8,9),(74,9,10,17,17,1,2,3,1,0,NULL,NULL,NULL,NULL,NULL,NULL,NULL,NULL,NULL,NULL,NULL,NULL,NULL,NULL,NULL,NULL,NULL,NULL,NULL,0,0,0,0,0,0,0,0,0.000,NULL,0,0,0,0,0,0,0,0,0,0,0,0,0,0,0,0,0,0,0,0,0,NULL,0,0,0,0,0,3,'2015-04-20 03:58:54',8,9),(75,9,10,17,17,1,2,3,1,0,NULL,NULL,NULL,NULL,NULL,NULL,NULL,NULL,NULL,NULL,NULL,NULL,NULL,NULL,NULL,NULL,NULL,NULL,NULL,0,0,0,0,0,0,0,0,0.000,NULL,0,0,0,0,0,0,0,0,0,0,0,0,0,0,0,0,0,0,0,0,0,NULL,0,0,0,0,0,3,'2015-04-20 03:58:54',8,9),(76,9,10,17,17,1,2,3,1,0,NULL,NULL,NULL,NULL,NULL,NULL,NULL,NULL,NULL,NULL,NULL,NULL,NULL,NULL,NULL,NULL,NULL,NULL,NULL,0,0,0,0,0,0,0,0,0.000,NULL,0,0,0,0,0,0,0,0,0,0,0,0,0,0,0,0,0,0,0,0,0,NULL,0,0,0,0,0,3,'2015-04-20 03:58:54',8,9),(77,9,13,44,44,5,6,4,4,0,NULL,NULL,NULL,NULL,NULL,NULL,NULL,NULL,NULL,NULL,NULL,NULL,NULL,NULL,NULL,NULL,NULL,NULL,NULL,0,0,0,0,0,0,0,0,0.000,NULL,0,0,0,0,0,0,0,0,0,0,0,0,0,0,0,0,0,0,0,0,0,NULL,0,0,0,0,0,3,'2015-04-20 03:58:54',7,10),(78,9,13,44,44,5,6,4,4,0,NULL,NULL,NULL,NULL,NULL,NULL,NULL,NULL,NULL,NULL,NULL,NULL,NULL,NULL,NULL,NULL,NULL,NULL,NULL,0,0,0,0,0,0,0,0,0.000,NULL,0,0,0,0,0,0,0,0,0,0,0,0,0,0,0,0,0,0,0,0,0,NULL,0,0,0,0,0,3,'2015-04-20 03:58:54',7,10),(79,9,13,44,44,5,6,4,4,0,NULL,NULL,NULL,NULL,NULL,NULL,NULL,NULL,NULL,NULL,NULL,NULL,NULL,NULL,NULL,NULL,NULL,NULL,NULL,0,0,0,0,0,0,0,0,0.000,NULL,0,0,0,0,0,0,0,0,0,0,0,0,0,0,0,0,0,0,0,0,0,NULL,0,0,0,0,0,3,'2015-04-20 03:58:54',7,10),(80,9,13,44,44,5,6,4,4,0,NULL,NULL,NULL,NULL,NULL,NULL,NULL,NULL,NULL,NULL,NULL,NULL,NULL,NULL,NULL,NULL,NULL,NULL,NULL,0,0,0,0,0,0,0,0,0.000,NULL,0,0,0,0,0,0,0,0,0,0,0,0,0,0,0,0,0,0,0,0,0,NULL,0,0,0,0,0,3,'2015-04-20 03:58:54',7,10),(81,9,13,44,44,5,6,4,4,0,NULL,NULL,NULL,NULL,NULL,NULL,NULL,NULL,NULL,NULL,NULL,NULL,NULL,NULL,NULL,NULL,NULL,NULL,NULL,0,0,0,0,0,0,0,0,0.000,NULL,0,0,0,0,0,0,0,0,0,0,0,0,0,0,0,0,0,0,0,0,0,NULL,0,0,0,0,0,3,'2015-04-20 03:58:54',7,10),(82,10,11,10,10,0,0,0,19,0,NULL,NULL,NULL,NULL,NULL,NULL,NULL,NULL,NULL,NULL,NULL,NULL,NULL,NULL,NULL,NULL,NULL,NULL,NULL,0,0,0,0,0,0,0,0,0.000,NULL,0,0,0,0,0,0,0,0,0,0,0,0,0,0,0,0,0,0,0,0,0,NULL,0,0,0,0,0,1,'2015-04-23 02:50:18',8,1),(83,10,9,21,21,0,0,0,3,0,NULL,NULL,NULL,NULL,NULL,NULL,NULL,NULL,NULL,NULL,NULL,NULL,NULL,NULL,NULL,NULL,NULL,NULL,NULL,0,0,0,0,0,0,0,0,0.000,NULL,0,0,0,0,0,0,0,0,0,0,0,0,0,0,0,0,0,0,0,0,0,NULL,0,0,0,0,0,2,'2015-04-23 02:50:18',8,4),(84,10,8,68,68,0,0,0,2,0,NULL,NULL,NULL,NULL,NULL,NULL,NULL,NULL,NULL,NULL,NULL,NULL,NULL,NULL,NULL,NULL,NULL,NULL,NULL,0,0,0,0,0,0,0,0,0.000,NULL,0,0,0,0,0,0,0,0,0,0,0,0,0,0,0,0,0,0,0,0,0,NULL,0,0,0,0,0,3,'2015-04-23 02:50:18',8,5),(85,10,12,23,23,0,0,0,0,0,NULL,NULL,NULL,NULL,NULL,NULL,NULL,NULL,NULL,NULL,NULL,NULL,NULL,NULL,NULL,NULL,NULL,NULL,NULL,0,0,0,0,0,0,0,0,0.000,NULL,0,0,0,0,0,0,0,0,0,0,0,0,0,0,0,0,0,0,0,0,0,NULL,0,0,0,0,0,4,'2015-04-23 02:50:18',8,8),(86,10,10,238,238,0,0,0,0,0,NULL,NULL,NULL,NULL,NULL,NULL,NULL,NULL,NULL,NULL,NULL,NULL,NULL,NULL,NULL,NULL,NULL,NULL,NULL,0,0,0,0,0,0,0,0,0.000,NULL,0,0,0,0,0,0,0,0,0,0,0,0,0,0,0,0,0,0,0,0,0,NULL,0,0,0,0,0,5,'2015-04-23 02:50:18',8,9),(87,10,16,36,36,0,0,0,1,0,NULL,NULL,NULL,NULL,NULL,NULL,NULL,NULL,NULL,NULL,NULL,NULL,NULL,NULL,NULL,NULL,NULL,NULL,NULL,0,0,0,0,0,0,0,0,0.000,NULL,0,0,0,0,0,0,0,0,0,0,0,0,0,0,0,0,0,0,0,0,0,NULL,0,0,0,0,0,1,'2015-04-23 02:50:18',7,2),(88,10,14,57,57,0,0,0,1,0,NULL,NULL,NULL,NULL,NULL,NULL,NULL,NULL,NULL,NULL,NULL,NULL,NULL,NULL,NULL,NULL,NULL,NULL,NULL,0,0,0,0,0,0,0,0,0.000,NULL,0,0,0,0,0,0,0,0,0,0,0,0,0,0,0,0,0,0,0,0,0,NULL,0,0,0,0,0,2,'2015-04-23 02:50:18',7,3),(89,10,13,92,92,0,0,0,0,0,NULL,NULL,NULL,NULL,NULL,NULL,NULL,NULL,NULL,NULL,NULL,NULL,NULL,NULL,NULL,NULL,NULL,NULL,NULL,0,0,0,0,0,0,0,0,0.000,NULL,0,0,0,0,0,0,0,0,0,0,0,0,0,0,0,0,0,0,0,0,0,NULL,0,0,0,0,0,3,'2015-04-23 02:50:18',7,6),(90,10,17,48,48,0,0,0,2,0,NULL,NULL,NULL,NULL,NULL,NULL,NULL,NULL,NULL,NULL,NULL,NULL,NULL,NULL,NULL,NULL,NULL,NULL,NULL,0,0,0,0,0,0,0,0,0.000,NULL,0,0,0,0,0,0,0,0,0,0,0,0,0,0,0,0,0,0,0,0,0,NULL,0,0,0,0,0,4,'2015-04-23 02:50:18',7,7),(91,10,15,154,154,0,0,0,0,0,NULL,NULL,NULL,NULL,NULL,NULL,NULL,NULL,NULL,NULL,NULL,NULL,NULL,NULL,NULL,NULL,NULL,NULL,NULL,0,0,0,0,0,0,0,0,0.000,NULL,0,0,0,0,0,0,0,0,0,0,0,0,0,0,0,0,0,0,0,0,0,NULL,0,0,0,0,0,5,'2015-04-23 02:50:18',7,10),(102,12,8,117,117,0,2,11,166,0,NULL,NULL,NULL,NULL,NULL,NULL,NULL,NULL,NULL,NULL,NULL,NULL,NULL,NULL,NULL,NULL,NULL,NULL,NULL,0,0,0,0,0,0,0,0,0.000,NULL,0,0,0,0,0,0,0,0,0,0,0,0,0,0,0,0,0,0,0,0,0,NULL,0,0,0,0,0,1,'2015-05-08 14:51:23',8,1),(103,12,9,113,113,2,0,7,177,0,NULL,NULL,NULL,NULL,NULL,NULL,NULL,NULL,NULL,NULL,NULL,NULL,NULL,NULL,NULL,NULL,NULL,NULL,NULL,0,0,0,0,0,0,0,0,0.000,NULL,0,0,0,0,0,0,0,0,0,0,0,0,0,0,0,0,0,0,0,0,0,NULL,0,0,0,0,0,2,'2015-05-08 14:51:23',8,4),(104,12,10,238,238,2,1,3,431,0,NULL,NULL,NULL,NULL,NULL,NULL,NULL,NULL,NULL,NULL,NULL,NULL,NULL,NULL,NULL,NULL,NULL,NULL,NULL,0,0,0,0,0,0,0,0,0.000,NULL,0,0,0,0,0,0,0,0,0,0,0,0,0,0,0,0,0,0,0,0,0,NULL,0,0,0,0,0,3,'2015-05-08 14:51:23',8,5),(105,12,11,42,42,9,1,2,389,0,NULL,NULL,NULL,NULL,NULL,NULL,NULL,NULL,NULL,NULL,NULL,NULL,NULL,NULL,NULL,NULL,NULL,NULL,NULL,0,0,0,0,0,0,0,0,0.000,NULL,0,0,0,0,0,0,0,0,0,0,0,0,0,0,0,0,0,0,0,0,0,NULL,0,0,0,0,0,4,'2015-05-08 14:51:23',8,8),(106,12,12,412,412,1,1,8,29,0,NULL,NULL,NULL,NULL,NULL,NULL,NULL,NULL,NULL,NULL,NULL,NULL,NULL,NULL,NULL,NULL,NULL,NULL,NULL,0,0,0,0,0,0,0,0,0.000,NULL,0,0,0,0,0,0,0,0,0,0,0,0,0,0,0,0,0,0,0,0,0,NULL,0,0,0,0,0,5,'2015-05-08 14:51:23',8,9),(107,12,86,85,85,2,1,4,239,0,NULL,NULL,NULL,NULL,NULL,NULL,NULL,NULL,NULL,NULL,NULL,NULL,NULL,NULL,NULL,NULL,NULL,NULL,NULL,0,0,0,0,0,0,0,0,0.000,NULL,0,0,0,0,0,0,0,0,0,0,0,0,0,0,0,0,0,0,0,0,0,NULL,0,0,0,0,0,1,'2015-05-08 14:51:23',6,2),(108,12,87,421,421,5,2,2,142,0,NULL,NULL,NULL,NULL,NULL,NULL,NULL,NULL,NULL,NULL,NULL,NULL,NULL,NULL,NULL,NULL,NULL,NULL,NULL,0,0,0,0,0,0,0,0,0.000,NULL,0,0,0,0,0,0,0,0,0,0,0,0,0,0,0,0,0,0,0,0,0,NULL,0,0,0,0,0,2,'2015-05-08 14:51:23',6,3),(109,12,88,103,103,3,0,2,300,0,NULL,NULL,NULL,NULL,NULL,NULL,NULL,NULL,NULL,NULL,NULL,NULL,NULL,NULL,NULL,NULL,NULL,NULL,NULL,0,0,0,0,0,0,0,0,0.000,NULL,0,0,0,0,0,0,0,0,0,0,0,0,0,0,0,0,0,0,0,0,0,NULL,0,0,0,0,0,3,'2015-05-08 14:51:23',6,6),(110,12,89,222,222,2,4,2,435,0,NULL,NULL,NULL,NULL,NULL,NULL,NULL,NULL,NULL,NULL,NULL,NULL,NULL,NULL,NULL,NULL,NULL,NULL,NULL,0,0,0,0,0,0,0,0,0.000,NULL,0,0,0,0,0,0,0,0,0,0,0,0,0,0,0,0,0,0,0,0,0,NULL,0,0,0,0,0,4,'2015-05-08 14:51:23',6,7),(111,12,90,40,40,2,2,2,20,0,NULL,NULL,NULL,NULL,NULL,NULL,NULL,NULL,NULL,NULL,NULL,NULL,NULL,NULL,NULL,NULL,NULL,NULL,NULL,0,0,0,0,0,0,0,0,0.000,NULL,0,0,0,0,0,0,0,0,0,0,0,0,0,0,0,0,0,0,0,0,0,NULL,0,0,0,0,0,5,'2015-05-08 14:51:23',6,10),(112,13,142,150,150,2,0,1,78,0,NULL,NULL,NULL,NULL,NULL,NULL,NULL,NULL,NULL,NULL,NULL,NULL,NULL,NULL,NULL,NULL,NULL,NULL,NULL,0,0,0,0,0,0,0,0,0.000,NULL,0,0,0,0,0,0,0,0,0,0,0,0,0,0,0,0,0,0,0,0,0,NULL,0,0,0,0,0,1,'2015-05-14 18:25:37',38,1),(113,13,143,421,421,2,1,5,35,0,NULL,NULL,NULL,NULL,NULL,NULL,NULL,NULL,NULL,NULL,NULL,NULL,NULL,NULL,NULL,NULL,NULL,NULL,NULL,0,0,0,0,0,0,0,0,0.000,NULL,0,0,0,0,0,0,0,0,0,0,0,0,0,0,0,0,0,0,0,0,0,NULL,0,0,0,0,0,2,'2015-05-14 18:25:37',38,4),(114,13,145,69,69,2,0,0,82,0,NULL,NULL,NULL,NULL,NULL,NULL,NULL,NULL,NULL,NULL,NULL,NULL,NULL,NULL,NULL,NULL,NULL,NULL,NULL,0,0,0,0,0,0,0,0,0.000,NULL,0,0,0,0,0,0,0,0,0,0,0,0,0,0,0,0,0,0,0,0,0,NULL,0,0,0,0,0,3,'2015-05-14 18:25:37',38,5),(115,13,147,6,6,0,1,2,59,0,NULL,NULL,NULL,NULL,NULL,NULL,NULL,NULL,NULL,NULL,NULL,NULL,NULL,NULL,NULL,NULL,NULL,NULL,NULL,0,0,0,0,0,0,0,0,0.000,NULL,0,0,0,0,0,0,0,0,0,0,0,0,0,0,0,0,0,0,0,0,0,NULL,0,0,0,0,0,4,'2015-05-14 18:25:37',38,8),(116,13,148,12,12,1,0,2,12,0,NULL,NULL,NULL,NULL,NULL,NULL,NULL,NULL,NULL,NULL,NULL,NULL,NULL,NULL,NULL,NULL,NULL,NULL,NULL,0,0,0,0,0,0,0,0,0.000,NULL,0,0,0,0,0,0,0,0,0,0,0,0,0,0,0,0,0,0,0,0,0,NULL,0,0,0,0,0,5,'2015-05-14 18:25:37',38,9),(117,13,8,120,120,1,2,1,52,0,NULL,NULL,NULL,NULL,NULL,NULL,NULL,NULL,NULL,NULL,NULL,NULL,NULL,NULL,NULL,NULL,NULL,NULL,NULL,0,0,0,0,0,0,0,0,0.000,NULL,0,0,0,0,0,0,0,0,0,0,0,0,0,0,0,0,0,0,0,0,0,NULL,0,0,0,0,0,1,'2015-05-14 18:25:37',8,2),(118,13,9,79,79,0,1,0,28,0,NULL,NULL,NULL,NULL,NULL,NULL,NULL,NULL,NULL,NULL,NULL,NULL,NULL,NULL,NULL,NULL,NULL,NULL,NULL,0,0,0,0,0,0,0,0,0.000,NULL,0,0,0,0,0,0,0,0,0,0,0,0,0,0,0,0,0,0,0,0,0,NULL,0,0,0,0,0,2,'2015-05-14 18:25:37',8,3),(119,13,10,115,115,0,1,0,82,0,NULL,NULL,NULL,NULL,NULL,NULL,NULL,NULL,NULL,NULL,NULL,NULL,NULL,NULL,NULL,NULL,NULL,NULL,NULL,0,0,0,0,0,0,0,0,0.000,NULL,0,0,0,0,0,0,0,0,0,0,0,0,0,0,0,0,0,0,0,0,0,NULL,0,0,0,0,0,3,'2015-05-14 18:25:37',8,6),(120,13,11,429,429,0,1,2,80,0,NULL,NULL,NULL,NULL,NULL,NULL,NULL,NULL,NULL,NULL,NULL,NULL,NULL,NULL,NULL,NULL,NULL,NULL,NULL,0,0,0,0,0,0,0,0,0.000,NULL,0,0,0,0,0,0,0,0,0,0,0,0,0,0,0,0,0,0,0,0,0,NULL,0,0,0,0,0,4,'2015-05-14 18:25:37',8,7),(121,13,12,412,412,1,2,1,9,0,NULL,NULL,NULL,NULL,NULL,NULL,NULL,NULL,NULL,NULL,NULL,NULL,NULL,NULL,NULL,NULL,NULL,NULL,NULL,0,0,0,0,0,0,0,0,0.000,NULL,0,0,0,0,0,0,0,0,0,0,0,0,0,0,0,0,0,0,0,0,0,NULL,0,0,0,0,0,5,'2015-05-14 18:25:37',8,10),(122,14,202,120,120,0,3,4,282,0,NULL,NULL,NULL,NULL,NULL,NULL,NULL,NULL,NULL,NULL,NULL,NULL,NULL,NULL,NULL,NULL,NULL,NULL,NULL,0,0,0,0,0,0,0,0,0.000,NULL,0,0,0,0,0,0,0,0,0,0,0,0,0,0,0,0,0,0,0,0,0,NULL,0,0,0,0,0,1,'2015-05-22 08:50:51',58,1),(123,14,199,20,20,2,1,1,123,0,NULL,NULL,NULL,NULL,NULL,NULL,NULL,NULL,NULL,NULL,NULL,NULL,NULL,NULL,NULL,NULL,NULL,NULL,NULL,0,0,0,0,0,0,0,0,0.000,NULL,0,0,0,0,0,0,0,0,0,0,0,0,0,0,0,0,0,0,0,0,0,NULL,0,0,0,0,0,2,'2015-05-22 08:50:51',58,4),(124,14,197,38,38,1,1,1,230,0,NULL,NULL,NULL,NULL,NULL,NULL,NULL,NULL,NULL,NULL,NULL,NULL,NULL,NULL,NULL,NULL,NULL,NULL,NULL,0,0,0,0,0,0,0,0,0.000,NULL,0,0,0,0,0,0,0,0,0,0,0,0,0,0,0,0,0,0,0,0,0,NULL,0,0,0,0,0,3,'2015-05-22 08:50:51',58,5),(125,14,201,96,96,2,2,3,301,0,NULL,NULL,NULL,NULL,NULL,NULL,NULL,NULL,NULL,NULL,NULL,NULL,NULL,NULL,NULL,NULL,NULL,NULL,NULL,0,0,0,0,0,0,0,0,0.000,NULL,0,0,0,0,0,0,0,0,0,0,0,0,0,0,0,0,0,0,0,0,0,NULL,0,0,0,0,0,4,'2015-05-22 08:50:51',58,8),(126,14,198,25,25,1,2,2,16,0,NULL,NULL,NULL,NULL,NULL,NULL,NULL,NULL,NULL,NULL,NULL,NULL,NULL,NULL,NULL,NULL,NULL,NULL,NULL,0,0,0,0,0,0,0,0,0.000,NULL,0,0,0,0,0,0,0,0,0,0,0,0,0,0,0,0,0,0,0,0,0,NULL,0,0,0,0,0,5,'2015-05-22 08:50:51',58,9),(127,14,194,28,28,4,1,5,117,0,NULL,NULL,NULL,NULL,NULL,NULL,NULL,NULL,NULL,NULL,NULL,NULL,NULL,NULL,NULL,NULL,NULL,NULL,NULL,0,0,0,0,0,0,0,0,0.000,NULL,0,0,0,0,0,0,0,0,0,0,0,0,0,0,0,0,0,0,0,0,0,NULL,0,0,0,0,0,1,'2015-05-22 08:50:51',51,3),(128,14,193,61,61,1,0,6,322,0,NULL,NULL,NULL,NULL,NULL,NULL,NULL,NULL,NULL,NULL,NULL,NULL,NULL,NULL,NULL,NULL,NULL,NULL,NULL,0,0,0,0,0,0,0,0,0.000,NULL,0,0,0,0,0,0,0,0,0,0,0,0,0,0,0,0,0,0,0,0,0,NULL,0,0,0,0,0,2,'2015-05-22 08:50:51',51,6),(129,14,190,421,421,1,1,5,342,0,NULL,NULL,NULL,NULL,NULL,NULL,NULL,NULL,NULL,NULL,NULL,NULL,NULL,NULL,NULL,NULL,NULL,NULL,NULL,0,0,0,0,0,0,0,0,0.000,NULL,0,0,0,0,0,0,0,0,0,0,0,0,0,0,0,0,0,0,0,0,0,NULL,0,0,0,0,0,1,'2015-05-22 08:50:51',51,2),(130,14,191,81,81,2,1,6,273,0,NULL,NULL,NULL,NULL,NULL,NULL,NULL,NULL,NULL,NULL,NULL,NULL,NULL,NULL,NULL,NULL,NULL,NULL,NULL,0,0,0,0,0,0,0,0,0.000,NULL,0,0,0,0,0,0,0,0,0,0,0,0,0,0,0,0,0,0,0,0,0,NULL,0,0,0,0,0,4,'2015-05-22 08:50:51',51,7),(131,14,192,12,12,1,3,7,35,0,NULL,NULL,NULL,NULL,NULL,NULL,NULL,NULL,NULL,NULL,NULL,NULL,NULL,NULL,NULL,NULL,NULL,NULL,NULL,0,0,0,0,0,0,0,0,0.000,NULL,0,0,0,0,0,0,0,0,0,0,0,0,0,0,0,0,0,0,0,0,0,NULL,0,0,0,0,0,5,'2015-05-22 08:50:51',51,10),(132,15,194,150,NULL,0,0,2,267,0,NULL,NULL,NULL,NULL,NULL,NULL,NULL,NULL,NULL,NULL,NULL,NULL,NULL,NULL,NULL,NULL,NULL,NULL,NULL,0,0,0,0,0,0,0,0,0.000,NULL,0,0,0,0,0,0,0,0,0,0,0,0,0,0,0,0,0,0,0,0,0,NULL,0,0,0,0,0,1,'2015-05-22 09:58:05',51,1),(133,15,193,421,NULL,1,1,3,103,0,NULL,NULL,NULL,NULL,NULL,NULL,NULL,NULL,NULL,NULL,NULL,NULL,NULL,NULL,NULL,NULL,NULL,NULL,NULL,0,0,0,0,0,0,0,0,0.000,NULL,0,0,0,0,0,0,0,0,0,0,0,0,0,0,0,0,0,0,0,0,0,NULL,0,0,0,0,0,2,'2015-05-22 09:58:05',51,4),(134,15,195,61,NULL,2,0,1,268,0,NULL,NULL,NULL,NULL,NULL,NULL,NULL,NULL,NULL,NULL,NULL,NULL,NULL,NULL,NULL,NULL,NULL,NULL,NULL,0,0,0,0,0,0,0,0,0.000,NULL,0,0,0,0,0,0,0,0,0,0,0,0,0,0,0,0,0,0,0,0,0,NULL,0,0,0,0,0,3,'2015-05-22 09:58:05',51,5),(135,15,191,67,NULL,4,0,2,263,0,NULL,NULL,NULL,NULL,NULL,NULL,NULL,NULL,NULL,NULL,NULL,NULL,NULL,NULL,NULL,NULL,NULL,NULL,NULL,0,0,0,0,0,0,0,0,0.000,NULL,0,0,0,0,0,0,0,0,0,0,0,0,0,0,0,0,0,0,0,0,0,NULL,0,0,0,0,0,4,'2015-05-22 09:58:05',51,8),(136,15,192,12,NULL,0,0,7,29,0,NULL,NULL,NULL,NULL,NULL,NULL,NULL,NULL,NULL,NULL,NULL,NULL,NULL,NULL,NULL,NULL,NULL,NULL,NULL,0,0,0,0,0,0,0,0,0.000,NULL,0,0,0,0,0,0,0,0,0,0,0,0,0,0,0,0,0,0,0,0,0,NULL,0,0,0,0,0,5,'2015-05-22 09:58:05',51,9),(137,15,202,120,NULL,0,1,0,183,0,NULL,NULL,NULL,NULL,NULL,NULL,NULL,NULL,NULL,NULL,NULL,NULL,NULL,NULL,NULL,NULL,NULL,NULL,NULL,0,0,0,0,0,0,0,0,0.000,NULL,0,0,0,0,0,0,0,0,0,0,0,0,0,0,0,0,0,0,0,0,0,NULL,0,0,0,0,0,1,'2015-05-22 09:58:05',58,2),(138,15,199,113,NULL,0,2,0,76,0,NULL,NULL,NULL,NULL,NULL,NULL,NULL,NULL,NULL,NULL,NULL,NULL,NULL,NULL,NULL,NULL,NULL,NULL,NULL,0,0,0,0,0,0,0,0,0.000,NULL,0,0,0,0,0,0,0,0,0,0,0,0,0,0,0,0,0,0,0,0,0,NULL,0,0,0,0,0,2,'2015-05-22 09:58:05',58,3),(139,15,197,8,NULL,0,1,0,231,0,NULL,NULL,NULL,NULL,NULL,NULL,NULL,NULL,NULL,NULL,NULL,NULL,NULL,NULL,NULL,NULL,NULL,NULL,NULL,0,0,0,0,0,0,0,0,0.000,NULL,0,0,0,0,0,0,0,0,0,0,0,0,0,0,0,0,0,0,0,0,0,NULL,0,0,0,0,0,3,'2015-05-22 09:58:05',58,6),(140,15,203,15,NULL,1,2,0,236,0,NULL,NULL,NULL,NULL,NULL,NULL,NULL,NULL,NULL,NULL,NULL,NULL,NULL,NULL,NULL,NULL,NULL,NULL,NULL,0,0,0,0,0,0,0,0,0.000,NULL,0,0,0,0,0,0,0,0,0,0,0,0,0,0,0,0,0,0,0,0,0,NULL,0,0,0,0,0,4,'2015-05-22 09:58:05',58,7),(141,15,200,40,NULL,0,1,1,6,0,NULL,NULL,NULL,NULL,NULL,NULL,NULL,NULL,NULL,NULL,NULL,NULL,NULL,NULL,NULL,NULL,NULL,NULL,NULL,0,0,0,0,0,0,0,0,0.000,NULL,0,0,0,0,0,0,0,0,0,0,0,0,0,0,0,0,0,0,0,0,0,NULL,0,0,0,0,0,5,'2015-05-22 09:58:05',58,10),(142,16,210,39,NULL,1,0,9,271,0,NULL,NULL,NULL,NULL,NULL,NULL,NULL,NULL,NULL,NULL,NULL,NULL,NULL,NULL,NULL,NULL,NULL,NULL,NULL,0,0,0,0,0,0,0,0,0.000,NULL,0,0,0,0,0,0,0,0,0,0,0,0,0,0,0,0,0,0,0,0,0,NULL,0,0,0,0,0,1,'2015-05-22 10:53:29',56,1),(143,16,211,421,NULL,0,1,10,133,0,NULL,NULL,NULL,NULL,NULL,NULL,NULL,NULL,NULL,NULL,NULL,NULL,NULL,NULL,NULL,NULL,NULL,NULL,NULL,0,0,0,0,0,0,0,0,0.000,NULL,0,0,0,0,0,0,0,0,0,0,0,0,0,0,0,0,0,0,0,0,0,NULL,0,0,0,0,0,2,'2015-05-22 10:53:29',56,4),(144,16,156,7,NULL,6,1,3,266,0,NULL,NULL,NULL,NULL,NULL,NULL,NULL,NULL,NULL,NULL,NULL,NULL,NULL,NULL,NULL,NULL,NULL,NULL,NULL,0,0,0,0,0,0,0,0,0.000,NULL,0,0,0,0,0,0,0,0,0,0,0,0,0,0,0,0,0,0,0,0,0,NULL,0,0,0,0,0,3,'2015-05-22 10:53:29',56,5),(145,16,212,15,NULL,4,1,7,364,0,NULL,NULL,NULL,NULL,NULL,NULL,NULL,NULL,NULL,NULL,NULL,NULL,NULL,NULL,NULL,NULL,NULL,NULL,NULL,0,0,0,0,0,0,0,0,0.000,NULL,0,0,0,0,0,0,0,0,0,0,0,0,0,0,0,0,0,0,0,0,0,NULL,0,0,0,0,0,4,'2015-05-22 10:53:29',56,8),(146,16,213,412,NULL,2,0,9,37,0,NULL,NULL,NULL,NULL,NULL,NULL,NULL,NULL,NULL,NULL,NULL,NULL,NULL,NULL,NULL,NULL,NULL,NULL,NULL,0,0,0,0,0,0,0,0,0.000,NULL,0,0,0,0,0,0,0,0,0,0,0,0,0,0,0,0,0,0,0,0,0,NULL,0,0,0,0,0,5,'2015-05-22 10:53:29',56,9),(147,16,204,150,NULL,1,3,2,217,0,NULL,NULL,NULL,NULL,NULL,NULL,NULL,NULL,NULL,NULL,NULL,NULL,NULL,NULL,NULL,NULL,NULL,NULL,NULL,0,0,0,0,0,0,0,0,0.000,NULL,0,0,0,0,0,0,0,0,0,0,0,0,0,0,0,0,0,0,0,0,0,NULL,0,0,0,0,0,1,'2015-05-22 10:53:29',60,2),(148,16,205,113,NULL,1,1,2,114,0,NULL,NULL,NULL,NULL,NULL,NULL,NULL,NULL,NULL,NULL,NULL,NULL,NULL,NULL,NULL,NULL,NULL,NULL,NULL,0,0,0,0,0,0,0,0,0.000,NULL,0,0,0,0,0,0,0,0,0,0,0,0,0,0,0,0,0,0,0,0,0,NULL,0,0,0,0,0,2,'2015-05-22 10:53:29',60,3),(149,16,206,38,NULL,2,3,0,209,0,NULL,NULL,NULL,NULL,NULL,NULL,NULL,NULL,NULL,NULL,NULL,NULL,NULL,NULL,NULL,NULL,NULL,NULL,NULL,0,0,0,0,0,0,0,0,0.000,NULL,0,0,0,0,0,0,0,0,0,0,0,0,0,0,0,0,0,0,0,0,0,NULL,0,0,0,0,0,3,'2015-05-22 10:53:29',60,6),(150,16,207,222,NULL,0,2,4,330,0,NULL,NULL,NULL,NULL,NULL,NULL,NULL,NULL,NULL,NULL,NULL,NULL,NULL,NULL,NULL,NULL,NULL,NULL,NULL,0,0,0,0,0,0,0,0,0.000,NULL,0,0,0,0,0,0,0,0,0,0,0,0,0,0,0,0,0,0,0,0,0,NULL,0,0,0,0,0,4,'2015-05-22 10:53:29',60,7),(151,16,208,12,NULL,0,4,3,40,0,NULL,NULL,NULL,NULL,NULL,NULL,NULL,NULL,NULL,NULL,NULL,NULL,NULL,NULL,NULL,NULL,NULL,NULL,NULL,0,0,0,0,0,0,0,0,0.000,NULL,0,0,0,0,0,0,0,0,0,0,0,0,0,0,0,0,0,0,0,0,0,NULL,0,0,0,0,0,5,'2015-05-22 10:53:29',60,10),(152,17,210,76,NULL,3,3,8,176,0,NULL,NULL,NULL,NULL,NULL,NULL,NULL,NULL,NULL,NULL,NULL,NULL,NULL,NULL,NULL,NULL,NULL,NULL,NULL,0,0,0,0,0,0,0,0,0.000,NULL,0,0,0,0,0,0,0,0,0,0,0,0,0,0,0,0,0,0,0,0,0,NULL,0,0,0,0,0,1,'2015-05-22 11:29:32',56,3),(153,17,211,38,NULL,5,5,6,311,0,NULL,NULL,NULL,NULL,NULL,NULL,NULL,NULL,NULL,NULL,NULL,NULL,NULL,NULL,NULL,NULL,NULL,NULL,NULL,0,0,0,0,0,0,0,0,0.000,NULL,0,0,0,0,0,0,0,0,0,0,0,0,0,0,0,0,0,0,0,0,0,NULL,0,0,0,0,0,2,'2015-05-22 11:29:32',56,6),(154,17,214,6,NULL,3,5,7,341,0,NULL,NULL,NULL,NULL,NULL,NULL,NULL,NULL,NULL,NULL,NULL,NULL,NULL,NULL,NULL,NULL,NULL,NULL,NULL,0,0,0,0,0,0,0,0,0.000,NULL,0,0,0,0,0,0,0,0,0,0,0,0,0,0,0,0,0,0,0,0,0,NULL,0,0,0,0,0,3,'2015-05-22 11:29:32',56,7),(155,17,212,12,NULL,0,2,10,40,0,NULL,NULL,NULL,NULL,NULL,NULL,NULL,NULL,NULL,NULL,NULL,NULL,NULL,NULL,NULL,NULL,NULL,NULL,NULL,0,0,0,0,0,0,0,0,0.000,NULL,0,0,0,0,0,0,0,0,0,0,0,0,0,0,0,0,0,0,0,0,0,NULL,0,0,0,0,0,4,'2015-05-22 11:29:32',56,10),(156,17,210,76,NULL,3,3,8,176,0,NULL,NULL,NULL,NULL,NULL,NULL,NULL,NULL,NULL,NULL,NULL,NULL,NULL,NULL,NULL,NULL,NULL,NULL,NULL,0,0,0,0,0,0,0,0,0.000,NULL,0,0,0,0,0,0,0,0,0,0,0,0,0,0,0,0,0,0,0,0,0,NULL,0,0,0,0,0,1,'2015-05-22 11:29:32',56,3),(157,17,204,59,NULL,4,3,8,344,0,NULL,NULL,NULL,NULL,NULL,NULL,NULL,NULL,NULL,NULL,NULL,NULL,NULL,NULL,NULL,NULL,NULL,NULL,NULL,0,0,0,0,0,0,0,0,0.000,NULL,0,0,0,0,0,0,0,0,0,0,0,0,0,0,0,0,0,0,0,0,0,NULL,0,0,0,0,0,1,'2015-05-22 11:29:32',60,1),(158,17,205,79,NULL,2,3,13,104,0,NULL,NULL,NULL,NULL,NULL,NULL,NULL,NULL,NULL,NULL,NULL,NULL,NULL,NULL,NULL,NULL,NULL,NULL,NULL,0,0,0,0,0,0,0,0,0.000,NULL,0,0,0,0,0,0,0,0,0,0,0,0,0,0,0,0,0,0,0,0,0,NULL,0,0,0,0,0,2,'2015-05-22 11:29:32',60,4),(159,17,206,268,NULL,4,3,6,323,0,NULL,NULL,NULL,NULL,NULL,NULL,NULL,NULL,NULL,NULL,NULL,NULL,NULL,NULL,NULL,NULL,NULL,NULL,NULL,0,0,0,0,0,0,0,0,0.000,NULL,0,0,0,0,0,0,0,0,0,0,0,0,0,0,0,0,0,0,0,0,0,NULL,0,0,0,0,0,3,'2015-05-22 11:29:32',60,5),(160,17,207,15,NULL,10,2,5,350,0,NULL,NULL,NULL,NULL,NULL,NULL,NULL,NULL,NULL,NULL,NULL,NULL,NULL,NULL,NULL,NULL,NULL,NULL,NULL,0,0,0,0,0,0,0,0,0.000,NULL,0,0,0,0,0,0,0,0,0,0,0,0,0,0,0,0,0,0,0,0,0,NULL,0,0,0,0,0,4,'2015-05-22 11:29:32',60,8),(161,17,208,111,NULL,0,3,19,66,0,NULL,NULL,NULL,NULL,NULL,NULL,NULL,NULL,NULL,NULL,NULL,NULL,NULL,NULL,NULL,NULL,NULL,NULL,NULL,0,0,0,0,0,0,0,0,0.000,NULL,0,0,0,0,0,0,0,0,0,0,0,0,0,0,0,0,0,0,0,0,0,NULL,0,0,0,0,0,5,'2015-05-22 11:29:32',60,9),(162,18,204,NULL,NULL,0,0,0,0,0,NULL,NULL,NULL,NULL,NULL,NULL,NULL,NULL,NULL,NULL,NULL,NULL,NULL,NULL,NULL,NULL,NULL,NULL,NULL,0,0,0,0,0,0,0,0,0.000,NULL,0,0,0,0,0,0,0,0,0,0,0,0,0,0,0,0,0,0,0,0,0,NULL,0,0,0,0,0,1,'2015-05-22 12:54:35',60,0),(163,18,205,NULL,NULL,0,0,0,0,0,NULL,NULL,NULL,NULL,NULL,NULL,NULL,NULL,NULL,NULL,NULL,NULL,NULL,NULL,NULL,NULL,NULL,NULL,NULL,0,0,0,0,0,0,0,0,0.000,NULL,0,0,0,0,0,0,0,0,0,0,0,0,0,0,0,0,0,0,0,0,0,NULL,0,0,0,0,0,2,'2015-05-22 12:54:35',60,0),(164,18,206,NULL,NULL,0,0,0,0,0,NULL,NULL,NULL,NULL,NULL,NULL,NULL,NULL,NULL,NULL,NULL,NULL,NULL,NULL,NULL,NULL,NULL,NULL,NULL,0,0,0,0,0,0,0,0,0.000,NULL,0,0,0,0,0,0,0,0,0,0,0,0,0,0,0,0,0,0,0,0,0,NULL,0,0,0,0,0,3,'2015-05-22 12:54:35',60,0),(165,18,207,NULL,NULL,0,0,0,0,0,NULL,NULL,NULL,NULL,NULL,NULL,NULL,NULL,NULL,NULL,NULL,NULL,NULL,NULL,NULL,NULL,NULL,NULL,NULL,0,0,0,0,0,0,0,0,0.000,NULL,0,0,0,0,0,0,0,0,0,0,0,0,0,0,0,0,0,0,0,0,0,NULL,0,0,0,0,0,4,'2015-05-22 12:54:35',60,0),(166,18,208,NULL,NULL,0,0,0,0,0,NULL,NULL,NULL,NULL,NULL,NULL,NULL,NULL,NULL,NULL,NULL,NULL,NULL,NULL,NULL,NULL,NULL,NULL,NULL,0,0,0,0,0,0,0,0,0.000,NULL,0,0,0,0,0,0,0,0,0,0,0,0,0,0,0,0,0,0,0,0,0,NULL,0,0,0,0,0,5,'2015-05-22 12:54:35',60,0),(167,18,210,NULL,NULL,0,0,0,0,0,NULL,NULL,NULL,NULL,NULL,NULL,NULL,NULL,NULL,NULL,NULL,NULL,NULL,NULL,NULL,NULL,NULL,NULL,NULL,0,0,0,0,0,0,0,0,0.000,NULL,0,0,0,0,0,0,0,0,0,0,0,0,0,0,0,0,0,0,0,0,0,NULL,0,0,0,0,0,1,'2015-05-22 12:54:35',56,0),(168,18,211,NULL,NULL,0,0,0,0,0,NULL,NULL,NULL,NULL,NULL,NULL,NULL,NULL,NULL,NULL,NULL,NULL,NULL,NULL,NULL,NULL,NULL,NULL,NULL,0,0,0,0,0,0,0,0,0.000,NULL,0,0,0,0,0,0,0,0,0,0,0,0,0,0,0,0,0,0,0,0,0,NULL,0,0,0,0,0,2,'2015-05-22 12:54:35',56,0),(169,18,156,NULL,NULL,0,0,0,0,0,NULL,NULL,NULL,NULL,NULL,NULL,NULL,NULL,NULL,NULL,NULL,NULL,NULL,NULL,NULL,NULL,NULL,NULL,NULL,0,0,0,0,0,0,0,0,0.000,NULL,0,0,0,0,0,0,0,0,0,0,0,0,0,0,0,0,0,0,0,0,0,NULL,0,0,0,0,0,3,'2015-05-22 12:54:35',56,0),(170,18,211,NULL,NULL,0,0,0,0,0,NULL,NULL,NULL,NULL,NULL,NULL,NULL,NULL,NULL,NULL,NULL,NULL,NULL,NULL,NULL,NULL,NULL,NULL,NULL,0,0,0,0,0,0,0,0,0.000,NULL,0,0,0,0,0,0,0,0,0,0,0,0,0,0,0,0,0,0,0,0,0,NULL,0,0,0,0,0,4,'2015-05-22 12:54:35',56,0),(171,18,213,NULL,NULL,0,0,0,0,0,NULL,NULL,NULL,NULL,NULL,NULL,NULL,NULL,NULL,NULL,NULL,NULL,NULL,NULL,NULL,NULL,NULL,NULL,NULL,0,0,0,0,0,0,0,0,0.000,NULL,0,0,0,0,0,0,0,0,0,0,0,0,0,0,0,0,0,0,0,0,0,NULL,0,0,0,0,0,5,'2015-05-22 12:54:35',56,0),(172,19,217,57,57,3,0,20,174,0,NULL,NULL,NULL,NULL,NULL,NULL,NULL,NULL,NULL,NULL,NULL,NULL,NULL,NULL,NULL,NULL,NULL,NULL,NULL,0,0,0,0,0,0,0,0,0.000,NULL,0,0,0,0,0,0,0,0,0,0,0,0,0,0,0,0,0,0,0,0,0,NULL,0,0,0,0,0,1,'2015-05-22 14:50:16',55,1),(173,19,216,79,79,3,3,16,99,0,NULL,NULL,NULL,NULL,NULL,NULL,NULL,NULL,NULL,NULL,NULL,NULL,NULL,NULL,NULL,NULL,NULL,NULL,NULL,0,0,0,0,0,0,0,0,0.000,NULL,0,0,0,0,0,0,0,0,0,0,0,0,0,0,0,0,0,0,0,0,0,NULL,0,0,0,0,0,2,'2015-05-22 14:50:16',55,4),(174,19,218,268,268,10,3,12,244,0,NULL,NULL,NULL,NULL,NULL,NULL,NULL,NULL,NULL,NULL,NULL,NULL,NULL,NULL,NULL,NULL,NULL,NULL,NULL,0,0,0,0,0,0,0,0,0.000,NULL,0,0,0,0,0,0,0,0,0,0,0,0,0,0,0,0,0,0,0,0,0,NULL,0,0,0,0,0,3,'2015-05-22 14:50:16',55,5),(175,19,219,15,15,12,2,9,278,0,NULL,NULL,NULL,NULL,NULL,NULL,NULL,NULL,NULL,NULL,NULL,NULL,NULL,NULL,NULL,NULL,NULL,NULL,NULL,0,0,0,0,0,0,0,0,0.000,NULL,0,0,0,0,0,0,0,0,0,0,0,0,0,0,0,0,0,0,0,0,0,NULL,0,0,0,0,0,4,'2015-05-22 14:50:16',55,8),(176,19,220,12,12,1,0,25,20,0,NULL,NULL,NULL,NULL,NULL,NULL,NULL,NULL,NULL,NULL,NULL,NULL,NULL,NULL,NULL,NULL,NULL,NULL,NULL,0,0,0,0,0,0,0,0,0.000,NULL,0,0,0,0,0,0,0,0,0,0,0,0,0,0,0,0,0,0,0,0,0,NULL,0,0,0,0,0,5,'2015-05-22 14:50:16',55,9),(177,19,221,150,150,0,7,3,207,0,NULL,NULL,NULL,NULL,NULL,NULL,NULL,NULL,NULL,NULL,NULL,NULL,NULL,NULL,NULL,NULL,NULL,NULL,NULL,0,0,0,0,0,0,0,0,0.000,NULL,0,0,0,0,0,0,0,0,0,0,0,0,0,0,0,0,0,0,0,0,0,NULL,0,0,0,0,0,1,'2015-05-22 14:50:16',59,2),(178,19,222,20,20,0,6,5,78,0,NULL,NULL,NULL,NULL,NULL,NULL,NULL,NULL,NULL,NULL,NULL,NULL,NULL,NULL,NULL,NULL,NULL,NULL,NULL,0,0,0,0,0,0,0,0,0.000,NULL,0,0,0,0,0,0,0,0,0,0,0,0,0,0,0,0,0,0,0,0,0,NULL,0,0,0,0,0,2,'2015-05-22 14:50:16',59,3),(179,19,223,69,69,2,5,3,195,0,NULL,NULL,NULL,NULL,NULL,NULL,NULL,NULL,NULL,NULL,NULL,NULL,NULL,NULL,NULL,NULL,NULL,NULL,NULL,0,0,0,0,0,0,0,0,0.000,NULL,0,0,0,0,0,0,0,0,0,0,0,0,0,0,0,0,0,0,0,0,0,NULL,0,0,0,0,0,3,'2015-05-22 14:50:16',59,6),(180,19,224,67,67,3,5,2,223,0,NULL,NULL,NULL,NULL,NULL,NULL,NULL,NULL,NULL,NULL,NULL,NULL,NULL,NULL,NULL,NULL,NULL,NULL,NULL,0,0,0,0,0,0,0,0,0.000,NULL,0,0,0,0,0,0,0,0,0,0,0,0,0,0,0,0,0,0,0,0,0,NULL,0,0,0,0,0,4,'2015-05-22 14:50:16',59,7),(181,19,225,40,40,2,6,5,3,0,NULL,NULL,NULL,NULL,NULL,NULL,NULL,NULL,NULL,NULL,NULL,NULL,NULL,NULL,NULL,NULL,NULL,NULL,NULL,0,0,0,0,0,0,0,0,0.000,NULL,0,0,0,0,0,0,0,0,0,0,0,0,0,0,0,0,0,0,0,0,0,NULL,0,0,0,0,0,5,'2015-05-22 14:50:16',59,10),(182,20,221,57,57,3,2,4,205,0,NULL,NULL,NULL,NULL,NULL,NULL,NULL,NULL,NULL,NULL,NULL,NULL,NULL,NULL,NULL,NULL,NULL,NULL,NULL,0,0,0,0,0,0,0,0,0.000,NULL,0,0,0,0,0,0,0,0,0,0,0,0,0,0,0,0,0,0,0,0,0,NULL,0,0,0,0,0,1,'2015-05-22 14:53:04',59,1),(183,20,222,113,113,3,0,5,126,0,NULL,NULL,NULL,NULL,NULL,NULL,NULL,NULL,NULL,NULL,NULL,NULL,NULL,NULL,NULL,NULL,NULL,NULL,NULL,0,0,0,0,0,0,0,0,0.000,NULL,0,0,0,0,0,0,0,0,0,0,0,0,0,0,0,0,0,0,0,0,0,NULL,0,0,0,0,0,2,'2015-05-22 14:53:04',59,4),(184,20,223,101,101,1,0,6,363,0,NULL,NULL,NULL,NULL,NULL,NULL,NULL,NULL,NULL,NULL,NULL,NULL,NULL,NULL,NULL,NULL,NULL,NULL,NULL,0,0,0,0,0,0,0,0,0.000,NULL,0,0,0,0,0,0,0,0,0,0,0,0,0,0,0,0,0,0,0,0,0,NULL,0,0,0,0,0,3,'2015-05-22 14:53:04',59,5),(185,20,224,15,15,3,2,7,338,0,NULL,NULL,NULL,NULL,NULL,NULL,NULL,NULL,NULL,NULL,NULL,NULL,NULL,NULL,NULL,NULL,NULL,NULL,NULL,0,0,0,0,0,0,0,0,0.000,NULL,0,0,0,0,0,0,0,0,0,0,0,0,0,0,0,0,0,0,0,0,0,NULL,0,0,0,0,0,4,'2015-05-22 14:53:04',59,8),(186,20,225,111,111,2,2,6,49,0,NULL,NULL,NULL,NULL,NULL,NULL,NULL,NULL,NULL,NULL,NULL,NULL,NULL,NULL,NULL,NULL,NULL,NULL,NULL,0,0,0,0,0,0,0,0,0.000,NULL,0,0,0,0,0,0,0,0,0,0,0,0,0,0,0,0,0,0,0,0,0,NULL,0,0,0,0,0,5,'2015-05-22 14:53:04',59,9),(187,20,217,117,117,1,2,5,224,0,NULL,NULL,NULL,NULL,NULL,NULL,NULL,NULL,NULL,NULL,NULL,NULL,NULL,NULL,NULL,NULL,NULL,NULL,NULL,0,0,0,0,0,0,0,0,0.000,NULL,0,0,0,0,0,0,0,0,0,0,0,0,0,0,0,0,0,0,0,0,0,NULL,0,0,0,0,0,1,'2015-05-22 14:53:04',55,2),(188,20,216,76,76,1,3,2,167,0,NULL,NULL,NULL,NULL,NULL,NULL,NULL,NULL,NULL,NULL,NULL,NULL,NULL,NULL,NULL,NULL,NULL,NULL,NULL,0,0,0,0,0,0,0,0,0.000,NULL,0,0,0,0,0,0,0,0,0,0,0,0,0,0,0,0,0,0,0,0,0,NULL,0,0,0,0,0,2,'2015-05-22 14:53:04',55,3),(189,20,218,268,268,1,1,4,361,0,NULL,NULL,NULL,NULL,NULL,NULL,NULL,NULL,NULL,NULL,NULL,NULL,NULL,NULL,NULL,NULL,NULL,NULL,NULL,0,0,0,0,0,0,0,0,0.000,NULL,0,0,0,0,0,0,0,0,0,0,0,0,0,0,0,0,0,0,0,0,0,NULL,0,0,0,0,0,3,'2015-05-22 14:53:04',55,6),(190,20,219,236,236,3,3,3,381,0,NULL,NULL,NULL,NULL,NULL,NULL,NULL,NULL,NULL,NULL,NULL,NULL,NULL,NULL,NULL,NULL,NULL,NULL,NULL,0,0,0,0,0,0,0,0,0.000,NULL,0,0,0,0,0,0,0,0,0,0,0,0,0,0,0,0,0,0,0,0,0,NULL,0,0,0,0,0,4,'2015-05-22 14:53:04',55,7),(191,20,220,412,412,0,3,5,40,0,NULL,NULL,NULL,NULL,NULL,NULL,NULL,NULL,NULL,NULL,NULL,NULL,NULL,NULL,NULL,NULL,NULL,NULL,NULL,0,0,0,0,0,0,0,0,0.000,NULL,0,0,0,0,0,0,0,0,0,0,0,0,0,0,0,0,0,0,0,0,0,NULL,0,0,0,0,0,5,'2015-05-22 14:53:04',55,10),(192,21,221,NULL,NULL,0,0,0,0,0,NULL,NULL,NULL,NULL,NULL,NULL,NULL,NULL,NULL,NULL,NULL,NULL,NULL,NULL,NULL,NULL,NULL,NULL,NULL,0,0,0,0,0,0,0,0,0.000,NULL,0,0,0,0,0,0,0,0,0,0,0,0,0,0,0,0,0,0,0,0,0,NULL,0,0,0,0,0,1,'2015-05-23 08:43:26',59,0),(193,21,222,NULL,NULL,0,0,0,0,0,NULL,NULL,NULL,NULL,NULL,NULL,NULL,NULL,NULL,NULL,NULL,NULL,NULL,NULL,NULL,NULL,NULL,NULL,NULL,0,0,0,0,0,0,0,0,0.000,NULL,0,0,0,0,0,0,0,0,0,0,0,0,0,0,0,0,0,0,0,0,0,NULL,0,0,0,0,0,2,'2015-05-23 08:43:26',59,0),(194,21,223,NULL,NULL,0,0,0,0,0,NULL,NULL,NULL,NULL,NULL,NULL,NULL,NULL,NULL,NULL,NULL,NULL,NULL,NULL,NULL,NULL,NULL,NULL,NULL,0,0,0,0,0,0,0,0,0.000,NULL,0,0,0,0,0,0,0,0,0,0,0,0,0,0,0,0,0,0,0,0,0,NULL,0,0,0,0,0,3,'2015-05-23 08:43:26',59,0),(195,21,224,NULL,NULL,0,0,0,0,0,NULL,NULL,NULL,NULL,NULL,NULL,NULL,NULL,NULL,NULL,NULL,NULL,NULL,NULL,NULL,NULL,NULL,NULL,NULL,0,0,0,0,0,0,0,0,0.000,NULL,0,0,0,0,0,0,0,0,0,0,0,0,0,0,0,0,0,0,0,0,0,NULL,0,0,0,0,0,4,'2015-05-23 08:43:26',59,0),(196,21,225,NULL,NULL,0,0,0,0,0,NULL,NULL,NULL,NULL,NULL,NULL,NULL,NULL,NULL,NULL,NULL,NULL,NULL,NULL,NULL,NULL,NULL,NULL,NULL,0,0,0,0,0,0,0,0,0.000,NULL,0,0,0,0,0,0,0,0,0,0,0,0,0,0,0,0,0,0,0,0,0,NULL,0,0,0,0,0,5,'2015-05-23 08:43:26',59,0),(197,21,204,NULL,NULL,0,0,0,0,0,NULL,NULL,NULL,NULL,NULL,NULL,NULL,NULL,NULL,NULL,NULL,NULL,NULL,NULL,NULL,NULL,NULL,NULL,NULL,0,0,0,0,0,0,0,0,0.000,NULL,0,0,0,0,0,0,0,0,0,0,0,0,0,0,0,0,0,0,0,0,0,NULL,0,0,0,0,0,1,'2015-05-23 08:43:26',60,0),(198,21,205,NULL,NULL,0,0,0,0,0,NULL,NULL,NULL,NULL,NULL,NULL,NULL,NULL,NULL,NULL,NULL,NULL,NULL,NULL,NULL,NULL,NULL,NULL,NULL,0,0,0,0,0,0,0,0,0.000,NULL,0,0,0,0,0,0,0,0,0,0,0,0,0,0,0,0,0,0,0,0,0,NULL,0,0,0,0,0,2,'2015-05-23 08:43:26',60,0),(199,21,206,NULL,NULL,0,0,0,0,0,NULL,NULL,NULL,NULL,NULL,NULL,NULL,NULL,NULL,NULL,NULL,NULL,NULL,NULL,NULL,NULL,NULL,NULL,NULL,0,0,0,0,0,0,0,0,0.000,NULL,0,0,0,0,0,0,0,0,0,0,0,0,0,0,0,0,0,0,0,0,0,NULL,0,0,0,0,0,3,'2015-05-23 08:43:26',60,0),(200,21,207,NULL,NULL,0,0,0,0,0,NULL,NULL,NULL,NULL,NULL,NULL,NULL,NULL,NULL,NULL,NULL,NULL,NULL,NULL,NULL,NULL,NULL,NULL,NULL,0,0,0,0,0,0,0,0,0.000,NULL,0,0,0,0,0,0,0,0,0,0,0,0,0,0,0,0,0,0,0,0,0,NULL,0,0,0,0,0,4,'2015-05-23 08:43:26',60,0),(201,21,208,NULL,NULL,0,0,0,0,0,NULL,NULL,NULL,NULL,NULL,NULL,NULL,NULL,NULL,NULL,NULL,NULL,NULL,NULL,NULL,NULL,NULL,NULL,NULL,0,0,0,0,0,0,0,0,0.000,NULL,0,0,0,0,0,0,0,0,0,0,0,0,0,0,0,0,0,0,0,0,0,NULL,0,0,0,0,0,5,'2015-05-23 08:43:26',60,0),(202,22,204,NULL,NULL,0,0,0,0,0,NULL,NULL,NULL,NULL,NULL,NULL,NULL,NULL,NULL,NULL,NULL,NULL,NULL,NULL,NULL,NULL,NULL,NULL,NULL,0,0,0,0,0,0,0,0,0.000,NULL,0,0,0,0,0,0,0,0,0,0,0,0,0,0,0,0,0,0,0,0,0,NULL,0,0,0,0,0,1,'2015-05-23 08:45:10',60,0),(203,22,205,NULL,NULL,0,0,0,0,0,NULL,NULL,NULL,NULL,NULL,NULL,NULL,NULL,NULL,NULL,NULL,NULL,NULL,NULL,NULL,NULL,NULL,NULL,NULL,0,0,0,0,0,0,0,0,0.000,NULL,0,0,0,0,0,0,0,0,0,0,0,0,0,0,0,0,0,0,0,0,0,NULL,0,0,0,0,0,2,'2015-05-23 08:45:10',60,0),(204,22,209,NULL,NULL,0,0,0,0,0,NULL,NULL,NULL,NULL,NULL,NULL,NULL,NULL,NULL,NULL,NULL,NULL,NULL,NULL,NULL,NULL,NULL,NULL,NULL,0,0,0,0,0,0,0,0,0.000,NULL,0,0,0,0,0,0,0,0,0,0,0,0,0,0,0,0,0,0,0,0,0,NULL,0,0,0,0,0,3,'2015-05-23 08:45:10',60,0),(205,22,207,NULL,NULL,0,0,0,0,0,NULL,NULL,NULL,NULL,NULL,NULL,NULL,NULL,NULL,NULL,NULL,NULL,NULL,NULL,NULL,NULL,NULL,NULL,NULL,0,0,0,0,0,0,0,0,0.000,NULL,0,0,0,0,0,0,0,0,0,0,0,0,0,0,0,0,0,0,0,0,0,NULL,0,0,0,0,0,4,'2015-05-23 08:45:10',60,0),(206,22,208,NULL,NULL,0,0,0,0,0,NULL,NULL,NULL,NULL,NULL,NULL,NULL,NULL,NULL,NULL,NULL,NULL,NULL,NULL,NULL,NULL,NULL,NULL,NULL,0,0,0,0,0,0,0,0,0.000,NULL,0,0,0,0,0,0,0,0,0,0,0,0,0,0,0,0,0,0,0,0,0,NULL,0,0,0,0,0,5,'2015-05-23 08:45:10',60,0),(207,22,221,NULL,NULL,0,0,0,0,0,NULL,NULL,NULL,NULL,NULL,NULL,NULL,NULL,NULL,NULL,NULL,NULL,NULL,NULL,NULL,NULL,NULL,NULL,NULL,0,0,0,0,0,0,0,0,0.000,NULL,0,0,0,0,0,0,0,0,0,0,0,0,0,0,0,0,0,0,0,0,0,NULL,0,0,0,0,0,1,'2015-05-23 08:45:10',59,0),(208,22,222,NULL,NULL,0,0,0,0,0,NULL,NULL,NULL,NULL,NULL,NULL,NULL,NULL,NULL,NULL,NULL,NULL,NULL,NULL,NULL,NULL,NULL,NULL,NULL,0,0,0,0,0,0,0,0,0.000,NULL,0,0,0,0,0,0,0,0,0,0,0,0,0,0,0,0,0,0,0,0,0,NULL,0,0,0,0,0,2,'2015-05-23 08:45:10',59,0),(209,22,223,NULL,NULL,0,0,0,0,0,NULL,NULL,NULL,NULL,NULL,NULL,NULL,NULL,NULL,NULL,NULL,NULL,NULL,NULL,NULL,NULL,NULL,NULL,NULL,0,0,0,0,0,0,0,0,0.000,NULL,0,0,0,0,0,0,0,0,0,0,0,0,0,0,0,0,0,0,0,0,0,NULL,0,0,0,0,0,3,'2015-05-23 08:45:10',59,0),(210,22,224,NULL,NULL,0,0,0,0,0,NULL,NULL,NULL,NULL,NULL,NULL,NULL,NULL,NULL,NULL,NULL,NULL,NULL,NULL,NULL,NULL,NULL,NULL,NULL,0,0,0,0,0,0,0,0,0.000,NULL,0,0,0,0,0,0,0,0,0,0,0,0,0,0,0,0,0,0,0,0,0,NULL,0,0,0,0,0,4,'2015-05-23 08:45:10',59,0),(211,22,225,NULL,NULL,0,0,0,0,0,NULL,NULL,NULL,NULL,NULL,NULL,NULL,NULL,NULL,NULL,NULL,NULL,NULL,NULL,NULL,NULL,NULL,NULL,NULL,0,0,0,0,0,0,0,0,0.000,NULL,0,0,0,0,0,0,0,0,0,0,0,0,0,0,0,0,0,0,0,0,0,NULL,0,0,0,0,0,5,'2015-05-23 08:45:10',59,0);

--
-- Table structure for table `player_game_mastery`
--

CREATE TABLE `player_game_mastery` (
  `player_game_mastery_id` int(11) NOT NULL AUTO_INCREMENT,
  `player_game_id` int(11) NOT NULL,
  `mastery_id` int(11) NOT NULL,
  `update_time` timestamp NOT NULL DEFAULT CURRENT_TIMESTAMP,
  PRIMARY KEY (`player_game_mastery_id`),
  KEY `player_game_mastery_player_game_id` (`player_game_id`),
  KEY `player_game_mastery_mastery_id` (`mastery_id`),
  CONSTRAINT `player_game_mastery_mastery_id` FOREIGN KEY (`mastery_id`) REFERENCES `mastery` (`mastery_id`) ON DELETE NO ACTION ON UPDATE NO ACTION,
  CONSTRAINT `player_game_mastery_player_game_id` FOREIGN KEY (`player_game_id`) REFERENCES `player_game` (`game_player_id`) ON DELETE NO ACTION ON UPDATE NO ACTION
) ENGINE=InnoDB DEFAULT CHARSET=utf8;

--
-- Dumping data for table `player_game_mastery`
--


--
-- Table structure for table `player_game_rune`
--

CREATE TABLE `player_game_rune` (
  `player_game_rune_id` int(11) NOT NULL AUTO_INCREMENT,
  `player_game_id` int(11) NOT NULL,
  `rune_id` int(11) NOT NULL,
  `update_time` timestamp NOT NULL DEFAULT CURRENT_TIMESTAMP,
  PRIMARY KEY (`player_game_rune_id`),
  KEY `player_game_rune_player_game_id` (`player_game_id`),
  KEY `player_game_rune_rune_id` (`rune_id`),
  CONSTRAINT `player_game_rune_player_game_id` FOREIGN KEY (`player_game_id`) REFERENCES `player_game` (`game_player_id`) ON DELETE NO ACTION ON UPDATE NO ACTION,
  CONSTRAINT `player_game_rune_rune_id` FOREIGN KEY (`rune_id`) REFERENCES `rune` (`rune_id`) ON DELETE NO ACTION ON UPDATE NO ACTION
) ENGINE=InnoDB DEFAULT CHARSET=utf8;

--
-- Dumping data for table `player_game_rune`
--


--
-- Table structure for table `player_kill_event`
--

CREATE TABLE `player_kill_event` (
  `player_kill_event_id` int(11) NOT NULL AUTO_INCREMENT,
  `killer_id` int(11) NOT NULL,
  `assist_1_id` int(11) DEFAULT NULL,
  `assist_2_id` int(11) DEFAULT NULL,
  `assist_3_id` int(11) DEFAULT NULL,
  `assist_4_id` int(11) DEFAULT NULL,
  `victim_id` int(11) NOT NULL,
  `game_time` time NOT NULL,
  `kill_x_pos` int(4) DEFAULT NULL,
  `kill_y_pos` int(4) DEFAULT NULL COMMENT 'kill_x_pos = x position on map kill_y_pos = y position on map',
  PRIMARY KEY (`player_kill_event_id`),
  KEY `player_kill_event_killer_id` (`killer_id`),
  KEY `player_kill_event_assist_1_id` (`assist_1_id`),
  KEY `player_kill_event_assist_2_id` (`assist_2_id`),
  KEY `player_kill_event_assist_3_id` (`assist_3_id`),
  KEY `player_kill_event_assist_4_id` (`assist_4_id`),
  KEY `player_kill_event_victim_id` (`victim_id`),
  CONSTRAINT `player_kill_event_assist_1_id` FOREIGN KEY (`assist_1_id`) REFERENCES `player_game` (`game_player_id`) ON DELETE NO ACTION ON UPDATE NO ACTION,
  CONSTRAINT `player_kill_event_assist_2_id` FOREIGN KEY (`assist_2_id`) REFERENCES `player_game` (`game_player_id`) ON DELETE NO ACTION ON UPDATE NO ACTION,
  CONSTRAINT `player_kill_event_assist_3_id` FOREIGN KEY (`assist_3_id`) REFERENCES `player_game` (`game_player_id`) ON DELETE NO ACTION ON UPDATE NO ACTION,
  CONSTRAINT `player_kill_event_assist_4_id` FOREIGN KEY (`assist_4_id`) REFERENCES `player_game` (`game_player_id`) ON DELETE NO ACTION ON UPDATE NO ACTION,
  CONSTRAINT `player_kill_event_killer_id` FOREIGN KEY (`killer_id`) REFERENCES `player_game` (`game_player_id`) ON DELETE NO ACTION ON UPDATE NO ACTION,
  CONSTRAINT `player_kill_event_victim_id` FOREIGN KEY (`victim_id`) REFERENCES `player_game` (`game_player_id`) ON DELETE NO ACTION ON UPDATE NO ACTION
) ENGINE=InnoDB DEFAULT CHARSET=utf8;

--
-- Dumping data for table `player_kill_event`
--


--
-- Table structure for table `player_team`
--

CREATE TABLE `player_team` (
  `player_team_id` int(11) NOT NULL AUTO_INCREMENT,
  `player_id` int(11) NOT NULL,
  `team_id` int(11) NOT NULL,
  `role_id` int(11) NOT NULL,
  `update_time` timestamp NOT NULL DEFAULT CURRENT_TIMESTAMP,
  `contract_price` int(7) DEFAULT NULL,
  `contract_start` date DEFAULT NULL,
  `contract_end` date DEFAULT NULL,
  `leave_date` datetime DEFAULT NULL,
  `join_date` datetime DEFAULT NULL,
  PRIMARY KEY (`player_team_id`),
  KEY `player_team_player_id` (`player_id`),
  KEY `player_team_team_id` (`team_id`),
  KEY `player_team_role_id` (`role_id`),
  CONSTRAINT `player_team_player_id` FOREIGN KEY (`player_id`) REFERENCES `player` (`player_id`) ON DELETE NO ACTION ON UPDATE NO ACTION,
  CONSTRAINT `player_team_role_id` FOREIGN KEY (`role_id`) REFERENCES `role` (`role_id`) ON DELETE NO ACTION ON UPDATE NO ACTION,
  CONSTRAINT `player_team_team_id` FOREIGN KEY (`team_id`) REFERENCES `team` (`team_id`) ON DELETE NO ACTION ON UPDATE NO ACTION
) ENGINE=InnoDB AUTO_INCREMENT=352 DEFAULT CHARSET=utf8;

--
-- Dumping data for table `player_team`
--

INSERT INTO `player_team` VALUES (131,8,8,1,'2015-05-01 01:15:45',NULL,NULL,NULL,NULL,'2012-03-14 00:00:00'),(132,9,8,2,'2015-05-01 01:17:19',NULL,NULL,NULL,NULL,'2014-11-27 00:00:00'),(133,10,8,3,'2015-05-04 02:32:33',NULL,NULL,NULL,NULL,'2013-11-02 00:00:00'),(134,11,8,4,'2015-05-01 01:18:59',NULL,NULL,NULL,NULL,'2013-02-13 00:00:00'),(135,12,8,5,'2015-05-01 01:19:48',NULL,NULL,NULL,NULL,'2014-07-22 00:00:00'),(136,116,33,1,'2015-05-02 01:44:02',NULL,NULL,NULL,NULL,'2013-11-02 00:00:00'),(137,117,33,2,'2015-05-02 01:44:43',NULL,NULL,NULL,NULL,'2013-11-02 00:00:00'),(138,118,33,3,'2015-05-02 01:45:41',NULL,NULL,NULL,NULL,'2014-11-24 00:00:00'),(139,119,33,4,'2015-05-02 07:46:31',NULL,NULL,NULL,NULL,'2014-11-24 00:00:00'),(140,120,33,5,'2015-05-02 01:50:04',NULL,NULL,NULL,NULL,'2014-01-11 00:00:00'),(141,121,34,1,'2015-05-02 01:52:27',NULL,NULL,NULL,NULL,'2015-01-08 00:00:00'),(142,122,34,2,'2015-05-02 01:52:59',NULL,NULL,NULL,NULL,'2015-01-08 00:00:00'),(143,123,34,3,'2015-05-02 07:53:46',NULL,NULL,NULL,NULL,'2015-01-08 00:00:00'),(144,124,34,4,'2015-05-02 07:54:22',NULL,NULL,NULL,NULL,'2015-01-08 00:00:00'),(145,125,34,5,'2015-05-02 05:06:34',NULL,NULL,NULL,NULL,'2013-07-04 00:00:00'),(146,126,32,1,'2015-05-03 05:20:12',NULL,NULL,NULL,NULL,'2014-06-01 00:00:00'),(147,127,32,2,'2015-05-03 05:21:01',NULL,NULL,NULL,NULL,'2014-11-11 00:00:00'),(148,128,32,3,'2015-05-03 05:21:44',NULL,NULL,NULL,NULL,'2015-01-10 00:00:00'),(149,129,32,1,'2015-05-03 05:22:51',NULL,NULL,NULL,NULL,'2014-06-01 00:00:00'),(150,28,9,1,'2015-05-03 21:47:56',NULL,NULL,NULL,NULL,NULL),(151,29,9,2,'2015-05-03 21:47:56',NULL,NULL,NULL,NULL,NULL),(152,30,9,3,'2015-05-03 21:47:56',NULL,NULL,NULL,NULL,NULL),(153,31,9,4,'2015-05-03 21:47:56',NULL,NULL,NULL,NULL,NULL),(154,32,9,5,'2015-05-03 21:47:56',NULL,NULL,NULL,NULL,NULL),(155,33,10,1,'2015-05-03 21:47:56',NULL,NULL,NULL,NULL,NULL),(156,34,10,2,'2015-05-03 21:47:56',NULL,NULL,NULL,NULL,NULL),(157,35,10,3,'2015-05-03 21:47:56',NULL,NULL,NULL,NULL,NULL),(158,36,10,4,'2015-05-03 21:47:56',NULL,NULL,NULL,NULL,NULL),(159,37,10,5,'2015-05-03 21:47:56',NULL,NULL,NULL,NULL,NULL),(160,18,11,1,'2015-05-03 21:47:56',NULL,NULL,NULL,NULL,NULL),(161,20,11,2,'2015-05-03 21:47:56',NULL,NULL,NULL,NULL,NULL),(162,19,11,3,'2015-05-04 02:19:40',NULL,NULL,NULL,NULL,NULL),(163,21,11,4,'2015-05-03 21:47:56',NULL,NULL,NULL,NULL,NULL),(164,22,11,5,'2015-05-03 21:47:56',NULL,NULL,NULL,NULL,NULL),(165,23,12,1,'2015-05-04 02:20:03',NULL,NULL,NULL,NULL,NULL),(166,24,12,2,'2015-05-04 02:19:07',NULL,NULL,NULL,NULL,NULL),(167,25,12,3,'2015-05-03 21:47:56',NULL,NULL,NULL,NULL,NULL),(168,26,12,4,'2015-05-03 21:47:56',NULL,NULL,NULL,NULL,NULL),(169,27,12,5,'2015-05-03 21:47:56',NULL,NULL,NULL,NULL,NULL),(170,38,13,1,'2015-05-03 21:47:56',NULL,NULL,NULL,NULL,NULL),(171,39,13,2,'2015-05-03 21:47:56',NULL,NULL,NULL,NULL,NULL),(172,40,13,3,'2015-05-03 21:47:56',NULL,NULL,NULL,NULL,NULL),(173,41,13,4,'2015-05-03 21:47:56',NULL,NULL,NULL,NULL,NULL),(174,42,13,5,'2015-05-03 21:47:56',NULL,NULL,NULL,NULL,NULL),(175,43,13,3,'2015-05-03 21:47:56',NULL,NULL,NULL,NULL,NULL),(176,44,14,1,'2015-05-03 21:47:56',NULL,NULL,NULL,NULL,NULL),(177,45,14,2,'2015-05-03 21:47:56',NULL,NULL,NULL,NULL,NULL),(178,46,14,3,'2015-05-03 21:47:56',NULL,NULL,NULL,NULL,NULL),(179,47,14,4,'2015-05-03 21:47:56',NULL,NULL,NULL,NULL,NULL),(180,48,14,5,'2015-05-03 21:47:56',NULL,NULL,NULL,NULL,NULL),(181,49,14,4,'2015-05-03 21:47:56',NULL,NULL,NULL,NULL,NULL),(182,50,15,1,'2015-05-03 21:47:56',NULL,NULL,NULL,NULL,NULL),(183,51,15,2,'2015-05-03 21:47:56',NULL,NULL,NULL,NULL,NULL),(184,52,15,3,'2015-05-03 21:47:56',NULL,NULL,NULL,NULL,NULL),(185,53,15,4,'2015-05-03 21:47:56',NULL,NULL,NULL,NULL,NULL),(186,54,15,5,'2015-05-03 21:47:56',NULL,NULL,NULL,NULL,NULL),(187,55,16,1,'2015-05-03 21:47:56',NULL,NULL,NULL,NULL,NULL),(188,56,16,2,'2015-05-03 21:47:56',NULL,NULL,NULL,NULL,NULL),(189,57,16,3,'2015-05-03 21:47:56',NULL,NULL,NULL,NULL,NULL),(190,58,16,4,'2015-05-03 21:47:56',NULL,NULL,NULL,NULL,NULL),(191,59,16,5,'2015-05-03 21:47:56',NULL,NULL,NULL,NULL,NULL),(192,60,16,2,'2015-05-03 21:47:56',NULL,NULL,NULL,NULL,NULL),(193,61,17,1,'2015-05-03 21:47:56',NULL,NULL,NULL,NULL,NULL),(194,62,17,2,'2015-05-03 21:47:56',NULL,NULL,NULL,NULL,NULL),(195,63,17,3,'2015-05-03 21:47:56',NULL,NULL,NULL,NULL,NULL),(196,64,17,4,'2015-05-03 21:47:56',NULL,NULL,NULL,NULL,NULL),(197,65,17,5,'2015-05-03 21:47:56',NULL,NULL,NULL,NULL,NULL),(198,66,17,2,'2015-05-03 21:47:56',NULL,NULL,NULL,NULL,NULL),(199,67,18,1,'2015-05-03 21:47:56',NULL,NULL,NULL,NULL,NULL),(200,68,18,2,'2015-05-03 21:47:56',NULL,NULL,NULL,NULL,NULL),(201,69,18,4,'2015-05-03 21:47:57',NULL,NULL,NULL,NULL,NULL),(202,71,18,3,'2015-05-03 21:47:57',NULL,NULL,NULL,NULL,NULL),(203,70,18,5,'2015-05-03 21:47:58',NULL,NULL,NULL,NULL,NULL),(204,86,6,1,'2015-05-04 02:44:17',NULL,NULL,'2015-11-16',NULL,'2014-10-01 00:00:00'),(205,114,31,5,'2015-05-04 02:45:53',NULL,NULL,'2015-10-07',NULL,'2015-01-01 00:00:00'),(206,87,6,2,'2015-05-04 02:48:01',NULL,NULL,'2015-11-16',NULL,'2014-12-16 00:00:00'),(207,107,30,3,'2015-05-04 02:49:25',NULL,NULL,'2015-11-16',NULL,'2014-12-16 00:00:00'),(208,102,28,2,'2015-05-04 02:50:50',NULL,NULL,NULL,NULL,NULL),(209,75,23,4,'2015-05-04 02:52:40',NULL,NULL,'2015-05-01',NULL,'2014-10-01 00:00:00'),(210,16,9,4,'2015-05-04 02:56:27',NULL,NULL,'2015-10-07',NULL,'2013-05-30 00:00:00'),(211,80,19,5,'2015-05-04 02:59:34',NULL,NULL,NULL,NULL,'2015-02-16 00:00:00'),(212,98,27,3,'2015-05-04 03:03:30',NULL,NULL,NULL,NULL,'2013-12-26 00:00:00'),(213,83,21,3,'2015-05-04 03:06:02',NULL,NULL,NULL,NULL,'2014-05-02 00:00:00'),(214,76,19,1,'2015-05-04 03:05:39',NULL,NULL,NULL,NULL,'2015-01-07 00:00:00'),(215,92,26,2,'2015-05-04 03:07:43',NULL,NULL,NULL,NULL,'2015-01-08 00:00:00'),(216,106,30,2,'2015-05-04 03:09:25',NULL,NULL,NULL,NULL,'2014-12-26 00:00:00'),(217,7,8,3,'2015-05-04 03:12:34',NULL,NULL,NULL,NULL,'2011-01-01 00:00:00'),(218,110,31,1,'2015-05-04 03:13:55',NULL,NULL,NULL,NULL,'2015-01-06 00:00:00'),(219,97,27,2,'2015-05-04 03:15:46',NULL,NULL,'2015-11-15',NULL,'2014-04-01 00:00:00'),(220,113,31,4,'2015-05-04 03:17:01',NULL,NULL,'2015-10-07',NULL,'2015-01-06 00:00:00'),(221,72,23,1,'2015-05-04 03:19:01',NULL,NULL,NULL,NULL,'2014-10-21 00:00:00'),(222,74,23,3,'2015-05-04 03:20:03',NULL,NULL,NULL,NULL,'2015-01-01 00:00:00'),(223,14,7,2,'2015-05-04 03:22:12',NULL,NULL,'2015-10-07',NULL,'2013-05-23 00:00:00'),(224,103,28,4,'2015-05-04 03:23:39',NULL,NULL,'2015-11-16',NULL,'2014-06-09 00:00:00'),(225,99,27,4,'2015-05-04 03:27:38',NULL,NULL,'2015-11-15',NULL,'2014-02-17 00:00:00'),(226,79,19,4,'2015-05-04 03:29:34',NULL,NULL,NULL,NULL,'2014-09-01 00:00:00'),(227,88,6,3,'2015-05-04 03:31:26',NULL,NULL,'2015-11-16',NULL,'2014-05-20 00:00:00'),(228,17,7,5,'2015-05-04 03:36:05',NULL,NULL,'2015-10-07',NULL,'2013-05-03 00:00:00'),(229,78,19,3,'2015-05-04 03:38:15',NULL,NULL,'2015-04-16',NULL,'2015-01-07 00:00:00'),(230,104,28,5,'2015-05-04 03:39:04',NULL,NULL,NULL,NULL,'2015-03-13 00:00:00'),(231,85,21,5,'2015-05-04 03:41:10',NULL,NULL,'2015-10-20',NULL,'2012-12-18 00:00:00'),(232,77,19,2,'2015-05-04 03:43:13',NULL,NULL,NULL,NULL,'2015-01-07 00:00:00'),(233,115,31,4,'2015-05-04 03:44:53',NULL,NULL,NULL,NULL,'2015-01-01 00:00:00'),(234,93,26,3,'2015-05-04 03:46:14',NULL,NULL,'2015-11-15',NULL,'2015-01-08 00:00:00'),(235,73,23,2,'2015-05-04 03:47:30',NULL,NULL,NULL,NULL,'2014-01-13 00:00:00'),(236,111,31,2,'2015-05-04 03:51:20',NULL,NULL,'2015-10-20',NULL,'2015-01-06 00:00:00'),(237,105,30,1,'2015-05-04 03:52:20',NULL,NULL,'2015-11-16',NULL,'2015-01-07 00:00:00'),(238,91,26,1,'2015-05-04 03:53:36',NULL,NULL,'2015-11-14',NULL,'2015-01-08 00:00:00'),(239,81,21,1,'2015-05-04 03:56:20',NULL,NULL,'2015-10-20',NULL,'2014-12-04 00:00:00'),(240,112,31,3,'2015-05-04 03:58:07',NULL,NULL,'2016-11-21',NULL,'2015-01-06 00:00:00'),(241,89,6,4,'2015-05-04 04:00:05',NULL,NULL,'2015-11-16',NULL,'2011-11-23 00:00:00'),(242,100,27,5,'2015-05-04 04:01:42',NULL,NULL,'2015-11-15',NULL,'2013-12-26 00:00:00'),(243,101,28,1,'2015-05-04 04:02:39',NULL,NULL,'2015-11-16',NULL,'2014-09-27 00:00:00'),(244,84,21,4,'2015-05-04 04:05:15',NULL,NULL,'2015-10-20',NULL,'2014-12-04 00:00:00'),(245,94,26,4,'2015-05-04 04:06:43',NULL,NULL,'2015-11-14',NULL,'2015-01-08 00:00:00'),(246,96,27,1,'2015-05-04 04:08:32',NULL,NULL,'2015-11-15',NULL,'2014-02-17 00:00:00'),(247,95,26,5,'2015-05-04 04:09:44',NULL,NULL,'2015-11-15',NULL,'2015-01-08 00:00:00'),(248,13,7,1,'2015-05-04 04:11:44',NULL,NULL,'2015-10-07',NULL,'2013-05-23 00:00:00'),(249,82,21,2,'2015-05-04 04:13:03',NULL,NULL,NULL,NULL,'2015-01-09 00:00:00'),(250,108,30,4,'2015-05-04 04:14:20',NULL,NULL,'2015-11-16',NULL,'2014-12-31 00:00:00'),(251,90,6,5,'2015-05-04 04:16:28',NULL,NULL,'2015-11-16',NULL,'2014-01-01 00:00:00'),(252,109,30,5,'2015-05-04 04:17:49',NULL,NULL,'2015-11-16',NULL,'2014-12-26 00:00:00'),(253,130,39,1,'2015-05-05 16:56:01',NULL,NULL,NULL,NULL,'2014-10-07 00:00:00'),(254,131,39,2,'2015-05-05 16:55:33',NULL,NULL,NULL,NULL,'2014-10-26 00:00:00'),(255,132,39,3,'2015-05-05 16:56:48',NULL,NULL,NULL,NULL,'2013-03-01 00:00:00'),(256,133,39,4,'2015-05-05 16:58:09',NULL,NULL,NULL,NULL,NULL),(257,134,39,5,'2015-05-05 16:58:37',NULL,NULL,NULL,NULL,NULL),(258,135,39,5,'2015-05-05 16:59:07',NULL,NULL,NULL,NULL,NULL),(259,136,40,1,'2015-05-05 17:00:40',NULL,NULL,NULL,NULL,'2015-01-20 00:00:00'),(260,137,40,2,'2015-05-05 17:01:57',NULL,NULL,NULL,NULL,'2015-01-20 00:00:00'),(261,138,40,3,'2015-05-05 17:03:22',NULL,NULL,NULL,NULL,'2015-01-20 00:00:00'),(262,139,40,4,'2015-05-05 17:04:26',NULL,NULL,NULL,NULL,'2015-01-20 00:00:00'),(263,140,40,5,'2015-05-05 17:05:20',NULL,NULL,NULL,NULL,'2015-01-20 00:00:00'),(264,141,40,5,'2015-05-05 17:06:00',NULL,NULL,NULL,NULL,NULL),(265,142,38,1,'2015-05-05 17:08:17',NULL,NULL,NULL,NULL,'2014-12-02 00:00:00'),(266,143,38,2,'2015-05-14 18:19:10',NULL,NULL,NULL,NULL,'2014-12-02 00:00:00'),(267,144,38,2,'2015-05-05 17:13:06',NULL,NULL,NULL,NULL,'2015-02-25 00:00:00'),(268,145,38,3,'2015-05-05 17:10:49',NULL,NULL,NULL,NULL,'2014-12-02 00:00:00'),(269,146,38,3,'2015-05-05 17:14:20',NULL,NULL,NULL,NULL,'2014-12-02 00:00:00'),(270,147,38,4,'2015-05-05 17:14:52',NULL,NULL,NULL,NULL,'2014-12-02 00:00:00'),(271,148,38,5,'2015-05-05 17:15:36',NULL,NULL,NULL,NULL,'2014-12-02 00:00:00'),(272,149,38,5,'2015-05-05 17:19:32',NULL,NULL,NULL,NULL,'2014-12-02 00:00:00'),(273,150,38,3,'2015-05-05 17:20:24',NULL,NULL,NULL,NULL,NULL),(274,151,41,4,'2015-05-05 17:23:02',NULL,NULL,NULL,NULL,'2014-02-12 00:00:00'),(275,152,41,2,'2015-05-05 17:24:13',NULL,NULL,NULL,NULL,'2014-02-12 00:00:00'),(276,153,41,3,'2015-05-05 17:25:01',NULL,NULL,NULL,NULL,'2014-12-02 00:00:00'),(277,154,41,4,'2015-05-05 17:25:50',NULL,NULL,NULL,NULL,'2014-11-11 00:00:00'),(278,155,41,5,'2015-05-05 17:27:22',NULL,NULL,NULL,NULL,'2014-12-17 00:00:00'),(279,156,41,3,'2015-05-22 10:44:06',NULL,NULL,NULL,'2015-05-16 00:00:00','2014-02-10 00:00:00'),(280,157,43,1,'2015-05-05 19:22:03',NULL,NULL,NULL,NULL,'2014-11-14 00:00:00'),(281,158,43,2,'2015-05-05 19:22:55',NULL,NULL,NULL,NULL,'2014-11-14 00:00:00'),(282,159,43,3,'2015-05-05 19:23:30',NULL,NULL,NULL,NULL,'2014-11-14 00:00:00'),(283,160,43,4,'2015-05-05 19:24:05',NULL,NULL,NULL,NULL,'2014-11-14 00:00:00'),(284,161,43,5,'2015-05-05 19:24:48',NULL,NULL,NULL,NULL,'2014-11-14 00:00:00'),(285,162,42,1,'2015-05-05 19:30:41',NULL,NULL,NULL,NULL,'2014-12-02 00:00:00'),(286,163,42,2,'2015-05-05 19:32:00',NULL,NULL,NULL,NULL,'2014-12-02 00:00:00'),(287,164,42,3,'2015-05-05 19:32:38',NULL,NULL,NULL,NULL,'2014-12-02 00:00:00'),(288,165,42,4,'2015-05-05 19:33:09',NULL,NULL,NULL,NULL,'2014-12-02 00:00:00'),(289,166,42,5,'2015-05-05 19:35:09',NULL,NULL,NULL,NULL,'2014-12-02 00:00:00'),(290,167,42,4,'2015-05-05 19:35:22',NULL,NULL,NULL,NULL,'2014-12-02 00:00:00'),(291,168,44,1,'2015-05-05 19:37:52',NULL,NULL,NULL,NULL,'2014-11-17 00:00:00'),(292,169,44,2,'2015-05-05 19:38:55',NULL,NULL,NULL,'2015-02-01 00:00:00','2014-11-17 00:00:00'),(293,170,44,2,'2015-05-05 19:41:08',NULL,NULL,NULL,NULL,'2015-02-01 00:00:00'),(294,171,44,3,'2015-05-05 19:43:02',NULL,NULL,NULL,NULL,'2014-11-17 00:00:00'),(295,172,44,4,'2015-05-05 19:43:43',NULL,NULL,NULL,NULL,'2014-11-17 00:00:00'),(296,173,44,5,'2015-05-05 19:44:22',NULL,NULL,NULL,NULL,'2014-11-17 00:00:00'),(297,174,45,1,'2015-05-05 19:51:02',NULL,NULL,NULL,NULL,'2014-11-04 00:00:00'),(298,175,45,2,'2015-05-05 19:52:00',NULL,NULL,NULL,NULL,'2014-11-04 00:00:00'),(299,176,45,3,'2015-05-05 19:52:38',NULL,NULL,NULL,NULL,'2014-11-28 00:00:00'),(300,177,45,4,'2015-05-05 19:53:18',NULL,NULL,NULL,NULL,'2014-11-04 00:00:00'),(301,178,45,5,'2015-05-05 19:54:06',NULL,NULL,NULL,NULL,'2014-11-04 00:00:00'),(302,179,45,4,'2015-05-05 19:54:47',NULL,NULL,NULL,NULL,'2014-11-04 00:00:00'),(303,180,45,5,'2015-05-05 19:55:26',NULL,NULL,NULL,NULL,'2014-11-04 00:00:00'),(304,181,45,2,'2015-05-05 19:56:23',NULL,NULL,NULL,NULL,'2014-11-04 00:00:00'),(305,182,46,2,'2015-05-05 19:59:33',NULL,NULL,NULL,NULL,NULL),(306,183,46,1,'2015-05-05 20:00:14',NULL,NULL,NULL,NULL,'2014-12-02 00:00:00'),(307,184,46,2,'2015-05-05 20:01:13',NULL,NULL,NULL,NULL,'2014-12-02 00:00:00'),(308,185,46,3,'2015-05-05 20:02:04',NULL,NULL,NULL,NULL,'2014-12-02 00:00:00'),(309,186,46,4,'2015-05-05 20:03:15',NULL,NULL,NULL,NULL,'2014-12-02 00:00:00'),(310,187,46,5,'2015-05-05 20:04:02',NULL,NULL,NULL,NULL,'2015-02-23 00:00:00'),(311,188,46,5,'2015-05-05 20:05:21',NULL,NULL,NULL,'2015-02-23 00:00:00','2014-12-02 00:00:00'),(312,189,6,3,'2015-05-14 19:01:22',NULL,NULL,NULL,NULL,'2015-05-13 00:00:00'),(313,189,20,3,'2015-05-14 19:01:22',NULL,NULL,NULL,'2015-05-13 00:00:00','2015-01-07 00:00:00'),(314,190,51,3,'2015-05-22 08:40:27',NULL,NULL,NULL,NULL,'2014-12-01 00:00:00'),(315,191,51,4,'2015-05-22 08:40:56',NULL,NULL,NULL,NULL,'2014-12-01 00:00:00'),(316,192,51,5,'2015-05-22 08:41:34',NULL,NULL,NULL,NULL,'2014-12-01 00:00:00'),(317,193,51,2,'2015-05-22 08:42:10',NULL,NULL,NULL,NULL,'2014-12-01 00:00:00'),(318,194,51,1,'2015-05-22 08:42:58',NULL,NULL,NULL,NULL,'2014-12-01 00:00:00'),(319,195,51,3,'2015-05-22 08:43:29',NULL,NULL,NULL,NULL,'2014-12-01 00:00:00'),(320,196,51,2,'2015-05-22 08:43:56',NULL,NULL,NULL,NULL,'2014-12-01 00:00:00'),(321,197,58,3,'2015-05-22 08:44:40',NULL,NULL,NULL,NULL,'2014-12-01 00:00:00'),(322,198,58,5,'2015-05-22 08:45:12',NULL,NULL,NULL,NULL,'2014-12-01 00:00:00'),(323,199,58,2,'2015-05-22 08:45:43',NULL,NULL,NULL,NULL,'2014-12-01 00:00:00'),(324,200,58,5,'2015-05-22 08:46:30',NULL,NULL,NULL,NULL,'2014-12-01 00:00:00'),(325,201,58,4,'2015-05-22 08:47:01',NULL,NULL,NULL,NULL,'2014-12-01 00:00:00'),(326,202,58,1,'2015-05-22 08:47:33',NULL,NULL,NULL,NULL,'2014-12-01 00:00:00'),(327,203,58,4,'2015-05-22 09:56:30',NULL,NULL,NULL,NULL,NULL),(328,204,60,1,'2015-05-22 10:03:02',NULL,NULL,NULL,NULL,'2015-05-13 00:00:00'),(329,205,60,2,'2015-05-22 10:03:37',NULL,NULL,NULL,NULL,'2015-05-13 00:00:00'),(330,206,60,3,'2015-05-22 10:37:46',NULL,NULL,NULL,NULL,'2015-05-13 00:00:00'),(331,207,60,4,'2015-05-22 10:38:20',NULL,NULL,NULL,NULL,'2015-05-13 00:00:00'),(332,208,60,5,'2015-05-22 10:39:05',NULL,NULL,NULL,NULL,'2015-05-13 00:00:00'),(333,209,60,3,'2015-05-22 10:39:38',NULL,NULL,NULL,NULL,'2015-05-13 00:00:00'),(334,210,56,1,'2015-05-22 10:41:15',NULL,NULL,NULL,NULL,'2014-04-25 00:00:00'),(335,211,56,2,'2015-05-22 10:42:07',NULL,NULL,NULL,NULL,'2014-12-07 00:00:00'),(336,156,56,3,'2015-05-22 10:44:06',NULL,NULL,NULL,NULL,'2015-05-16 00:00:00'),(337,212,56,4,'2015-05-22 10:45:19',NULL,NULL,NULL,NULL,'2014-04-25 00:00:00'),(338,213,56,5,'2015-05-22 10:49:00',NULL,NULL,NULL,NULL,'2014-12-07 00:00:00'),(339,214,56,3,'2015-05-22 10:50:01',NULL,NULL,NULL,NULL,'2014-04-25 00:00:00'),(340,215,56,4,'2015-05-22 10:51:01',NULL,NULL,NULL,NULL,'2015-04-27 00:00:00'),(341,216,55,2,'2015-05-22 14:32:44',NULL,NULL,NULL,NULL,'2015-05-21 00:00:00'),(342,217,55,1,'2015-05-22 14:33:48',NULL,NULL,NULL,NULL,'2014-08-26 00:00:00'),(343,218,55,3,'2015-05-22 14:37:00',NULL,NULL,NULL,NULL,'2012-08-01 00:00:00'),(344,219,55,4,'2015-05-22 14:38:11',NULL,NULL,NULL,NULL,'2014-12-11 00:00:00'),(345,220,55,5,'2015-05-22 14:39:52',NULL,NULL,NULL,NULL,'2014-06-01 00:00:00'),(346,221,59,1,'2015-05-22 14:42:50',NULL,NULL,NULL,NULL,'2015-01-01 00:00:00'),(347,222,59,2,'2015-05-22 14:43:35',NULL,NULL,NULL,NULL,'2015-01-01 00:00:00'),(348,223,59,3,'2015-05-22 14:44:09',NULL,NULL,NULL,NULL,'2015-01-01 00:00:00'),(349,224,59,4,'2015-05-22 14:44:44',NULL,NULL,NULL,NULL,'2015-01-01 00:00:00'),(350,225,59,5,'2015-05-22 14:48:50',NULL,NULL,NULL,NULL,'2015-01-01 00:00:00'),(351,226,27,4,'2015-06-02 05:21:29',NULL,NULL,NULL,NULL,'2015-05-20 00:00:00');

--
-- Table structure for table `player_timeline`
--

CREATE TABLE `player_timeline` (
  `player_timeline_id` int(11) NOT NULL AUTO_INCREMENT,
  `player_game_id` int(11) NOT NULL,
  `game_time` int(11) DEFAULT NULL,
  `x_pos` int(4) DEFAULT NULL,
  `y_pos` int(4) DEFAULT NULL,
  `current_gold` int(5) DEFAULT NULL,
  `total_gold` int(5) DEFAULT NULL,
  `level` int(2) DEFAULT NULL,
  `xp` int(6) DEFAULT NULL,
  `lane_creeps` int(3) DEFAULT NULL,
  `jungle_creeps` int(3) DEFAULT NULL,
  PRIMARY KEY (`player_timeline_id`),
  KEY `player_timeline_player_game_id` (`player_game_id`),
  CONSTRAINT `player_timeline_player_game_id` FOREIGN KEY (`player_game_id`) REFERENCES `player_game` (`game_player_id`) ON DELETE NO ACTION ON UPDATE NO ACTION
) ENGINE=InnoDB DEFAULT CHARSET=utf8;

--
-- Dumping data for table `player_timeline`
--


--
-- Table structure for table `prize_pool`
--

CREATE TABLE `prize_pool` (
  `prize_pool_id` int(11) NOT NULL AUTO_INCREMENT,
  `league_split_id` int(11) DEFAULT NULL,
  `tournament_id` int(11) DEFAULT NULL,
  `prize_pool` varchar(12) NOT NULL,
  PRIMARY KEY (`prize_pool_id`),
  KEY `league_split_id` (`league_split_id`),
  KEY `tournament_id` (`tournament_id`),
  CONSTRAINT `prize_pool_league_split` FOREIGN KEY (`league_split_id`) REFERENCES `league_split` (`league_split_id`) ON DELETE NO ACTION ON UPDATE NO ACTION,
  CONSTRAINT `prize_pool_tournament` FOREIGN KEY (`tournament_id`) REFERENCES `tournament` (`tournament_id`) ON DELETE NO ACTION ON UPDATE NO ACTION
) ENGINE=InnoDB DEFAULT CHARSET=utf8;

--
-- Dumping data for table `prize_pool`
--


--
-- Table structure for table `region`
--

CREATE TABLE `region` (
  `region_id` int(11) NOT NULL AUTO_INCREMENT,
  `region_name` varchar(50) NOT NULL,
  `region_full_name` varchar(50) DEFAULT NULL,
  `update_time` timestamp NOT NULL DEFAULT CURRENT_TIMESTAMP,
  PRIMARY KEY (`region_name`),
  UNIQUE KEY `REGION_ID` (`region_id`)
) ENGINE=InnoDB AUTO_INCREMENT=9 DEFAULT CHARSET=utf8;

--
-- Dumping data for table `region`
--

INSERT INTO `region` VALUES (2,'BR','Brazil','2015-03-22 20:58:38'),(3,'CH','China','2015-03-22 20:58:38'),(5,'EU','Europe','2015-03-22 20:58:38'),(4,'KR','South Korea','2015-03-22 20:58:38'),(1,'NA','North America','2015-03-22 20:58:38'),(7,'TR','Turkey','2015-04-30 12:28:31'),(8,'TW','Taiwan','2015-04-30 12:28:37'),(6,'ZZ','International','2015-04-30 12:28:21');

--
-- Table structure for table `role`
--

CREATE TABLE `role` (
  `role_id` int(11) NOT NULL AUTO_INCREMENT,
  `role_name` varchar(20) NOT NULL,
  `update_time` timestamp NOT NULL DEFAULT CURRENT_TIMESTAMP,
  PRIMARY KEY (`role_id`)
) ENGINE=InnoDB AUTO_INCREMENT=7 DEFAULT CHARSET=utf8;

--
-- Dumping data for table `role`
--

INSERT INTO `role` VALUES (1,'Top','2015-03-25 07:00:04'),(2,'Jungler','2015-03-25 07:03:41'),(3,'Mid','2015-03-25 07:19:44'),(4,'AD Carry','2015-03-25 07:19:54'),(5,'Support','2015-03-25 07:20:14');

--
-- Table structure for table `rune`
--

CREATE TABLE `rune` (
  `rune_id` int(11) NOT NULL AUTO_INCREMENT,
  `rune_name` varchar(60) NOT NULL,
  `rune_type` varchar(30) NOT NULL,
  `rune_number` int(5) NOT NULL,
  `rune_tier` int(1) NOT NULL,
  `rune_cost` int(4) NOT NULL,
  `rune_stats` varchar(120) NOT NULL,
  `patch_number` varchar(10) NOT NULL,
  `current_patch` tinyint(1) NOT NULL,
  `update_time` timestamp NOT NULL DEFAULT CURRENT_TIMESTAMP,
  PRIMARY KEY (`rune_id`),
  KEY `rune_patch_number` (`patch_number`),
  CONSTRAINT `rune_patch_number` FOREIGN KEY (`patch_number`) REFERENCES `patch` (`patch_number`) ON DELETE NO ACTION ON UPDATE NO ACTION
) ENGINE=InnoDB AUTO_INCREMENT=2 DEFAULT CHARSET=utf8;

--
-- Dumping data for table `rune`
--


--
-- Table structure for table `server_event`
--

CREATE TABLE `server_event` (
  `server_event_id` int(11) NOT NULL AUTO_INCREMENT,
  `ip_address` varchar(15) NOT NULL,
  `type` int(2) NOT NULL,
  `controller` varchar(30) NOT NULL,
  `method` varchar(30) NOT NULL,
  `timestamp` int(11) NOT NULL,
  `user_id` int(11) NOT NULL,
  `target_id` int(11) NOT NULL,
  `data` varchar(300) NOT NULL,
  PRIMARY KEY (`server_event_id`),
  KEY `server_event_user_id` (`user_id`),
  CONSTRAINT `server_event_user_id` FOREIGN KEY (`user_id`) REFERENCES `admin_user` (`admin_user_id`) ON DELETE NO ACTION ON UPDATE NO ACTION
) ENGINE=InnoDB AUTO_INCREMENT=992 DEFAULT CHARSET=utf8;

--
-- Dumping data for table `server_event`
--

INSERT INTO `server_event` VALUES (1,'99.36.115.52',7,'login','logout',1427068594,0,0,'a:0:{}'),(2,'99.36.115.52',7,'login','logout',1427069401,0,0,'a:0:{}'),(3,'99.36.115.52',1,'login','index',1427069408,0,0,'a:0:{}'),(4,'99.36.115.52',3,'addusers','index',1427071491,0,0,'a:0:{}'),(5,'207.215.49.2',1,'login','index',1427128092,1,0,'a:0:{}'),(6,'207.215.49.2',7,'login','logout',1427128141,1,0,'a:0:{}'),(7,'99.36.115.52',1,'login','index',1427163570,1,0,'a:0:{}'),(8,'99.36.115.52',1,'login','index',1427167797,1,0,'a:0:{}'),(9,'99.36.115.52',4,'overseers','add',1427167877,1,0,'a:0:{}'),(10,'99.36.115.52',7,'login','logout',1427174398,1,0,'a:0:{}'),(11,'99.36.115.52',1,'login','index',1427251559,1,0,'a:0:{}'),(12,'99.36.115.52',1,'login','index',1427252074,1,0,'a:0:{}'),(13,'99.36.115.52',4,'leagues','add',1427252132,1,0,'a:0:{}'),(14,'99.36.115.52',5,'leagues','manage',1427252176,1,0,'a:0:{}'),(15,'99.36.115.52',4,'tournaments','add',1427252271,1,0,'a:0:{}'),(16,'99.36.115.52',4,'roles','add',1427252404,1,0,'a:0:{}'),(17,'99.36.115.52',4,'roles','add',1427252621,1,2,'a:0:{}'),(18,'99.36.115.52',4,'roles','add',1427253584,1,3,'a:0:{}'),(19,'99.36.115.52',4,'roles','add',1427253594,1,4,'a:0:{}'),(20,'99.36.115.52',4,'roles','add',1427253614,1,5,'a:0:{}'),(21,'99.36.115.52',3,'patches','index',1427257050,1,0,'a:0:{}'),(22,'99.36.115.52',6,'patches','delete',1427258342,1,3,'a:0:{}'),(23,'99.36.115.52',6,'patches','delete',1427259378,1,3,'a:0:{}'),(24,'99.36.115.52',6,'patches','delete',1427259381,1,3,'a:0:{}'),(25,'172.249.156.98',1,'login','index',1427263141,3,0,'a:0:{}'),(26,'80.235.71.152',1,'login','index',1427284879,4,0,'a:0:{}'),(28,'84.24.3.137',1,'login','index',1427311384,2,0,'a:0:{}'),(29,'84.24.3.137',4,'adminusers','add',1427311485,2,8,'a:0:{}'),(30,'84.24.3.137',4,'adminusers','manage',1427311498,2,8,'a:0:{}'),(31,'84.24.3.137',7,'login','logout',1427311503,2,0,'a:0:{}'),(32,'84.24.3.137',1,'login','index',1427311509,8,0,'a:0:{}'),(33,'72.95.147.28',1,'login','index',1427317518,5,0,'a:0:{}'),(34,'71.232.209.185',1,'login','index',1427318926,7,0,'a:0:{}'),(35,'99.36.115.52',1,'login','index',1427344064,1,0,'a:0:{}'),(36,'99.36.115.52',1,'login','index',1427345942,1,0,'a:0:{}'),(37,'72.95.147.28',1,'login','index',1427353811,5,0,'a:0:{}'),(38,'207.215.49.2',1,'login','index',1427377718,1,0,'a:0:{}'),(39,'207.215.49.2',4,'champions','add',1427389958,1,3,'a:0:{}'),(40,'207.215.49.2',5,'champions','manage',1427390352,1,3,'a:0:{}'),(41,'207.215.49.2',6,'patches','delete',1427406096,1,3,'a:0:{}'),(42,'207.215.49.2',4,'spells','add',1427406908,1,1,'a:0:{}'),(43,'207.215.49.2',5,'spells','manage',1427406914,1,1,'a:0:{}'),(44,'207.215.49.2',5,'spells','manage',1427406918,1,1,'a:0:{}'),(45,'84.24.3.137',1,'login','index',1427409612,8,0,'a:0:{}'),(46,'99.36.115.52',1,'login','index',1427411281,1,0,'a:0:{}'),(47,'99.36.115.52',4,'champions','add',1427413948,1,4,'a:0:{}'),(48,'72.95.147.28',1,'login','index',1427415383,5,0,'a:0:{}'),(49,'71.232.209.185',1,'login','index',1427415403,7,0,'a:0:{}'),(50,'207.215.49.2',1,'login','index',1427465743,1,0,'a:0:{}'),(51,'207.215.49.2',1,'login','index',1427484109,1,0,'a:0:{}'),(52,'207.215.49.2',5,'champions','manage',1427484322,1,3,'a:0:{}'),(53,'207.215.49.2',5,'champions','manage',1427484700,1,4,'a:0:{}'),(54,'207.215.49.2',4,'trinkets','add',1427485355,1,1,'a:0:{}'),(55,'207.215.49.2',5,'trinkets','manage',1427485360,1,1,'a:0:{}'),(56,'207.215.49.2',5,'trinkets','manage',1427485598,1,1,'a:0:{}'),(57,'207.215.49.2',5,'trinkets','manage',1427485601,1,1,'a:0:{}'),(58,'207.215.49.2',5,'trinkets','manage',1427485605,1,1,'a:0:{}'),(59,'207.215.49.2',5,'trinkets','manage',1427485690,1,1,'a:0:{}'),(60,'207.215.49.2',5,'trinkets','manage',1427485723,1,1,'a:0:{}'),(61,'99.36.115.52',1,'login','index',1427495071,1,0,'a:0:{}'),(62,'99.36.115.52',5,'champions','manage',1427495081,1,3,'a:0:{}'),(63,'99.36.115.52',5,'champions','manage',1427497699,1,3,'a:0:{}'),(64,'99.36.115.52',5,'champions','manage',1427497713,1,3,'a:0:{}'),(65,'99.36.115.52',4,'champions','add',1427498435,1,5,'a:0:{}'),(66,'99.36.115.52',5,'champions','manage',1427498443,1,5,'a:0:{}'),(67,'99.36.115.52',5,'champions','manage',1427498447,1,5,'a:0:{}'),(68,'99.36.115.52',5,'champions','manage',1427499398,1,5,'a:0:{}'),(69,'99.36.115.52',5,'champions','manage',1427499403,1,5,'a:0:{}'),(70,'99.36.115.52',6,'champions','delete',1427499413,1,5,'a:0:{}'),(71,'99.36.115.52',1,'login','index',1427570079,1,0,'a:0:{}'),(72,'99.36.115.52',3,'buildings','index',1427570083,1,0,'a:0:{}'),(73,'99.36.115.52',3,'admingroups','manage',1427571333,1,0,'a:0:{}'),(74,'99.36.115.52',3,'admingroups','manage',1427571337,1,0,'a:0:{}'),(75,'99.36.115.52',3,'admingroups','manage',1427571363,1,0,'a:0:{}'),(76,'99.36.115.52',3,'admingroups','manage',1427571368,1,0,'a:0:{}'),(77,'99.36.115.52',3,'adminusers','index',1427571544,1,0,'a:0:{}'),(78,'99.36.115.52',3,'dashboard','index',1427571547,1,0,'a:0:{}'),(79,'99.36.115.52',3,'dashboard','index',1427571549,1,0,'a:0:{}'),(80,'99.36.115.52',3,'buildings','index',1427571550,1,0,'a:0:{}'),(81,'99.36.115.52',3,'champions','index',1427571551,1,0,'a:0:{}'),(82,'99.36.115.52',3,'dashboard','index',1427571552,1,0,'a:0:{}'),(83,'99.36.115.52',7,'login','logout',1427571905,1,0,'a:0:{}'),(84,'99.36.115.52',1,'login','index',1427571910,1,0,'a:0:{}'),(85,'99.36.115.52',3,'dashboard','index',1427571910,1,0,'a:0:{}'),(86,'99.36.115.52',3,'buildings','index',1427571912,1,0,'a:0:{}'),(87,'99.36.115.52',3,'champions','index',1427571913,1,0,'a:0:{}'),(88,'99.36.115.52',3,'tournaments','index',1427571913,1,0,'a:0:{}'),(89,'99.36.115.52',3,'splits','index',1427571915,1,0,'a:0:{}'),(90,'99.36.115.52',3,'dashboard','index',1427571916,1,0,'a:0:{}'),(91,'99.36.115.52',3,'apiusers','index',1427571918,1,0,'a:0:{}'),(92,'99.36.115.52',3,'events','index',1427571920,1,0,'a:0:{}'),(93,'99.36.115.52',3,'adminusers','index',1427571921,1,0,'a:0:{}'),(94,'99.36.115.52',3,'champions','index',1427572040,1,0,'a:0:{}'),(95,'99.36.115.52',3,'adminusers','index',1427572048,1,0,'a:0:{}'),(96,'99.36.115.52',3,'admingroups','manage',1427573327,1,0,'a:0:{}'),(97,'99.36.115.52',3,'dashboard','index',1427573415,1,0,'a:0:{}'),(98,'99.36.115.52',3,'admingroups','manage',1427573465,1,0,'a:0:{}'),(99,'99.36.115.52',3,'champions','index',1427574728,1,0,'a:0:{}'),(100,'99.36.115.52',3,'champions','manage',1427574735,1,0,'a:0:{}'),(101,'99.36.115.52',3,'admingroups','manage',1427574880,1,0,'a:0:{}'),(102,'99.36.115.52',3,'admingroups','manage',1427574883,1,0,'a:0:{}'),(103,'99.36.115.52',3,'dashboard','index',1427574890,1,0,'a:0:{}'),(104,'99.36.115.52',3,'buildings','index',1427574890,1,0,'a:0:{}'),(105,'99.36.115.52',3,'champions','index',1427574891,1,0,'a:0:{}'),(106,'99.36.115.52',3,'leagues','index',1427574892,1,0,'a:0:{}'),(107,'99.36.115.52',5,'admingroups','manage',1427575036,1,1,'a:0:{}'),(108,'99.36.115.52',5,'admingroups','manage',1427575051,1,1,'a:0:{}'),(109,'99.36.115.52',4,'buildings','add',1427575074,1,1,'a:0:{}'),(110,'99.36.115.52',4,'masteries','add',1427578075,1,1,'a:0:{}'),(111,'99.36.115.52',6,'masteries','delete',1427578156,1,1,'a:0:{}'),(112,'99.36.115.52',4,'masteries','add',1427578161,1,2,'a:0:{}'),(113,'99.36.115.52',4,'monsters','add',1427578493,1,1,'a:0:{}'),(114,'99.36.115.52',4,'runes','add',1427579956,1,1,'a:0:{}'),(115,'99.36.115.52',4,'skills','add',1427583723,1,1,'a:0:{}'),(116,'99.36.115.52',3,'skills','manage',1427583733,1,0,'a:0:{}'),(117,'99.36.115.52',5,'admingroups','manage',1427583748,1,1,'a:0:{}'),(118,'99.36.115.52',5,'champions','manage',1427583811,1,3,'a:0:{}'),(119,'99.36.115.52',4,'tournaments','add',1427585640,1,2,'a:0:{}'),(120,'99.36.115.52',1,'login','index',1427681967,1,0,'a:0:{}'),(121,'72.95.147.28',1,'login','index',1427697619,5,0,'a:0:{}'),(122,'72.95.147.28',5,'patches','manage',1427700281,5,3,'a:0:{}'),(123,'72.95.147.28',3,'welcome','index',1427700694,5,0,'a:0:{}'),(124,'72.95.147.28',3,'welcome','index',1427700704,5,0,'a:0:{}'),(125,'84.24.3.137',1,'login','index',1427740505,8,0,'a:0:{}'),(126,'130.49.141.129',1,'login','index',1427751509,5,0,'a:0:{}'),(127,'130.49.141.129',7,'login','logout',1427751514,5,0,'a:0:{}'),(128,'130.49.141.129',1,'login','index',1427751516,5,0,'a:0:{}'),(129,'130.49.141.129',7,'login','logout',1427751536,5,0,'a:0:{}'),(130,'130.49.141.129',1,'login','index',1427752628,5,0,'a:0:{}'),(131,'99.36.115.52',1,'login','index',1427765106,1,0,'a:0:{}'),(132,'84.24.3.137',1,'login','index',1427822176,8,0,'a:0:{}'),(133,'207.215.49.2',1,'login','index',1427829773,1,0,'a:0:{}'),(134,'207.215.49.2',4,'items','add',1427830471,1,1,'a:0:{}'),(135,'207.215.49.2',7,'login','logout',1427831744,1,0,'a:0:{}'),(136,'72.95.147.28',1,'login','index',1427845917,5,0,'a:0:{}'),(137,'99.36.115.52',1,'login','index',1427855759,1,0,'a:0:{}'),(138,'99.36.115.52',4,'items','add',1427858769,1,2,'a:0:{}'),(139,'99.36.115.52',4,'items','add',1427860181,1,3,'a:0:{}'),(141,'80.235.71.152',1,'login','index',1427910371,4,0,'a:0:{}'),(142,'84.24.3.137',1,'login','index',1427910403,8,0,'a:0:{}'),(143,'99.36.115.52',1,'login','index',1427946108,1,0,'a:0:{}'),(144,'99.36.115.52',4,'items','add',1427949620,1,4,'a:0:{}'),(145,'150.212.42.117',1,'login','index',1428011531,5,0,'a:0:{}'),(146,'99.36.115.52',1,'login','index',1428017050,1,0,'a:0:{}'),(147,'99.36.115.52',5,'items','manage',1428021379,1,4,'a:0:{}'),(149,'99.36.115.52',1,'login','index',1428036810,1,0,'a:0:{}'),(150,'99.36.115.52',5,'items','manage',1428036859,1,4,'a:0:{}'),(151,'99.36.115.52',4,'items','add',1428036898,1,5,'a:0:{}'),(152,'99.36.115.52',5,'items','manage',1428037262,1,5,'a:0:{}'),(153,'99.36.115.52',5,'items','manage',1428037465,1,5,'a:0:{}'),(154,'99.36.115.52',5,'items','manage',1428037713,1,5,'a:0:{}'),(155,'99.36.115.52',5,'items','manage',1428037722,1,5,'a:0:{}'),(156,'99.36.115.52',1,'login','index',1428099556,1,0,'a:0:{}'),(157,'99.36.115.52',4,'players','add',1428101489,1,1,'a:0:{}'),(158,'84.24.3.137',1,'login','index',1428101550,8,0,'a:0:{}'),(159,'99.36.115.52',4,'players','add',1428101581,1,2,'a:0:{}'),(160,'99.36.115.52',4,'players','add',1428101628,1,3,'a:0:{}'),(161,'99.36.115.52',4,'players','add',1428101672,1,4,'a:0:{}'),(162,'99.36.115.52',4,'players','add',1428101719,1,5,'a:0:{}'),(163,'99.36.115.52',4,'splits','add',1428101918,1,1,'a:0:{}'),(164,'99.36.115.52',4,'teams','add',1428103021,1,5,'a:0:{}'),(165,'84.24.3.137',3,'gameselect','index',1428104188,8,0,'a:0:{}'),(166,'84.24.3.137',3,'gameselect','index',1428104728,8,0,'a:0:{}'),(167,'99.36.115.52',4,'teams','add',1428105564,1,6,'a:0:{}'),(168,'84.24.3.137',1,'login','index',1428167358,8,0,'a:0:{}'),(169,'84.24.3.137',3,'gameselect','getdate',1428167382,8,0,'a:0:{}'),(170,'84.24.3.137',4,'players','add',1428171938,8,6,'a:0:{}'),(171,'84.24.3.137',4,'players','add',1428171965,8,7,'a:0:{}'),(172,'84.24.3.137',4,'teams','add',1428172073,8,7,'a:0:{}'),(173,'84.24.3.137',4,'teams','add',1428172143,8,8,'a:0:{}'),(174,'84.24.3.137',4,'players','add',1428172267,8,8,'a:0:{}'),(175,'84.24.3.137',4,'players','add',1428172319,8,9,'a:0:{}'),(176,'84.24.3.137',4,'roles','add',1428172366,8,6,'a:0:{}'),(177,'84.24.3.137',4,'players','add',1428172404,8,10,'a:0:{}'),(178,'84.24.3.137',4,'players','add',1428172461,8,11,'a:0:{}'),(179,'84.24.3.137',4,'players','add',1428172535,8,12,'a:0:{}'),(180,'84.24.3.137',4,'players','add',1428172583,8,13,'a:0:{}'),(181,'84.24.3.137',4,'players','add',1428172625,8,14,'a:0:{}'),(182,'84.24.3.137',4,'players','add',1428173386,8,15,'a:0:{}'),(183,'84.24.3.137',4,'players','add',1428173440,8,16,'a:0:{}'),(184,'84.24.3.137',4,'players','add',1428173482,8,17,'a:0:{}'),(185,'84.24.3.137',4,'leagues','add',1428173536,8,2,'a:0:{}'),(186,'84.24.3.137',4,'splits','add',1428173573,8,2,'a:0:{}'),(187,'99.36.115.52',1,'login','index',1428175327,1,0,'a:0:{}'),(188,'99.36.115.52',1,'login','index',1428175906,1,0,'a:0:{}'),(189,'84.24.3.137',3,'gameselect','getdate',1428177110,8,0,'a:0:{}'),(190,'84.24.3.137',3,'gameselect','getdate',1428177251,8,0,'a:0:{}'),(191,'84.24.3.137',4,'champions','add',1428180854,8,6,'a:0:{}'),(192,'99.36.115.52',1,'login','index',1428187358,1,0,'a:0:{}'),(193,'84.24.3.137',1,'login','index',1428228485,8,0,'a:0:{}'),(194,'84.24.3.137',1,'login','index',1428246417,8,0,'a:0:{}'),(195,'84.24.3.137',1,'login','index',1428266705,8,0,'a:0:{}'),(196,'84.24.3.137',3,'gameselect','selectgame',1428266755,8,0,'a:0:{}'),(197,'80.235.71.152',1,'login','index',1428273864,4,0,'a:0:{}'),(198,'99.36.115.52',1,'login','index',1428295020,1,0,'a:0:{}'),(199,'99.36.115.52',7,'login','logout',1428296341,1,0,'a:0:{}'),(200,'84.24.3.137',1,'login','index',1428328651,8,0,'a:0:{}'),(201,'84.24.3.137',1,'login','index',1428341442,8,0,'a:0:{}'),(202,'84.24.3.137',1,'login','index',1428358073,8,0,'a:0:{}'),(203,'99.36.115.52',1,'login','index',1428381277,1,0,'a:0:{}'),(204,'99.36.115.52',7,'login','logout',1428381346,1,0,'a:0:{}'),(205,'84.24.3.137',1,'login','index',1428418948,8,0,'a:0:{}'),(206,'84.24.3.137',1,'login','index',1428514670,8,0,'a:0:{}'),(207,'99.36.115.52',1,'login','index',1428779954,1,0,'a:0:{}'),(208,'84.24.3.137',1,'login','index',1428833298,8,0,'a:0:{}'),(210,'84.24.3.137',1,'login','index',1428869702,8,0,'a:0:{}'),(211,'84.24.3.137',1,'login','index',1428871038,8,0,'a:0:{}'),(212,'99.36.115.52',1,'login','index',1428879831,1,0,'a:0:{}'),(213,'99.36.115.52',7,'login','logout',1428879856,1,0,'a:0:{}'),(214,'84.24.3.137',4,'games','add',1428879895,8,2,'a:0:{}'),(215,'80.235.71.152',1,'login','index',1428880656,4,0,'a:0:{}'),(218,'84.24.3.137',1,'login','index',1428891584,8,0,'a:0:{}'),(219,'84.24.3.137',6,'games','delete',1428891597,8,2,'a:0:{}'),(220,'84.24.3.137',4,'games','add',1428891709,8,3,'a:0:{}'),(221,'80.235.71.152',1,'login','index',1428891728,4,0,'a:0:{}'),(222,'84.24.3.137',6,'games','delete',1428896861,8,3,'a:0:{}'),(223,'84.24.3.137',4,'games','add',1428896962,8,4,'a:0:{}'),(224,'84.24.3.137',6,'games','delete',1428897387,8,4,'a:0:{}'),(225,'84.24.3.137',4,'games','add',1428897426,8,5,'a:0:{}'),(226,'84.24.3.137',1,'login','index',1428918956,8,0,'a:0:{}'),(227,'84.24.3.137',1,'login','index',1428929244,8,0,'a:0:{}'),(229,'73.174.153.190',1,'login','index',1428929475,2,0,'a:0:{}'),(230,'84.24.3.137',4,'games','add',1428929512,8,6,'a:0:{}'),(231,'84.24.3.137',6,'games','delete',1428929523,8,5,'a:0:{}'),(232,'72.95.147.28',1,'login','index',1428938262,5,0,'a:0:{}'),(233,'72.95.147.28',1,'login','index',1428962376,5,0,'a:0:{}'),(234,'84.24.3.137',1,'login','index',1428963454,8,0,'a:0:{}'),(235,'84.24.3.137',3,'champions','getallfromriot',1428963459,8,0,'a:0:{}'),(236,'84.24.3.137',4,'champions','getallfromriot',1428963534,8,0,'a:0:{}'),(237,'84.24.3.137',4,'champions','getallfromriot',1428963556,8,0,'a:0:{}'),(238,'84.24.3.137',4,'champions','getallfromriot',1428963631,8,0,'a:0:{}'),(239,'84.24.3.137',4,'champions','getallfromriot',1428963636,8,0,'a:0:{}'),(240,'84.24.3.137',4,'champions','getallfromriot',1428963647,8,0,'a:0:{}'),(241,'84.24.3.137',4,'champions','getallfromriot',1428963678,8,0,'a:0:{}'),(242,'84.24.3.137',6,'champions','delete',1428968986,8,6,'a:0:{}'),(243,'84.24.3.137',6,'champions','delete',1428968994,8,4,'a:0:{}'),(244,'84.24.3.137',6,'champions','delete',1428968998,8,3,'a:0:{}'),(245,'84.24.3.137',4,'champions','getallfromriot',1428969379,8,0,'a:0:{}'),(246,'72.95.147.28',1,'login','index',1428985051,5,0,'a:0:{}'),(247,'84.24.3.137',1,'login','index',1429024301,8,0,'a:0:{}'),(248,'73.174.153.190',1,'login','index',1429024426,2,0,'a:0:{}'),(249,'73.174.153.190',1,'login','index',1429038127,2,0,'a:0:{}'),(250,'84.24.3.137',1,'login','index',1429038370,8,0,'a:0:{}'),(251,'84.24.3.137',1,'login','index',1429050594,8,0,'a:0:{}'),(252,'150.212.72.118',1,'login','index',1429054337,2,0,'a:0:{}'),(253,'84.24.3.137',1,'login','index',1429058368,8,0,'a:0:{}'),(254,'84.24.3.137',1,'login','index',1429117742,8,0,'a:0:{}'),(255,'80.235.71.152',1,'login','index',1429118267,4,0,'a:0:{}'),(256,'73.174.153.190',1,'login','index',1429118272,2,0,'a:0:{}'),(257,'84.24.3.137',4,'games','add',1429123881,8,7,'a:0:{}'),(259,'99.36.115.52',1,'login','index',1429138775,1,0,'a:0:{}'),(260,'73.174.153.190',1,'login','index',1429184673,2,0,'a:0:{}'),(261,'99.36.115.52',1,'login','index',1429327761,1,0,'a:0:{}'),(262,'99.36.115.52',6,'games','delete',1429332350,1,6,'a:0:{}'),(263,'99.36.115.52',6,'games','delete',1429332390,1,7,'a:0:{}'),(264,'99.36.115.52',6,'tournaments','delete',1429332396,1,2,'a:0:{}'),(265,'99.36.115.52',6,'monsters','delete',1429332434,1,1,'a:0:{}'),(266,'99.36.115.52',6,'patches','delete',1429332447,1,5,'a:0:{}'),(267,'99.36.115.52',6,'runes','delete',1429332466,1,1,'a:0:{}'),(268,'99.36.115.52',6,'skills','delete',1429332471,1,1,'a:0:{}'),(269,'73.174.153.190',1,'login','index',1429367181,2,0,'a:0:{}'),(270,'73.174.153.190',4,'games','add',1429367266,2,8,'a:0:{}'),(271,'99.36.115.52',1,'login','index',1429386488,1,0,'a:0:{}'),(272,'84.24.3.137',1,'login','index',1429386845,8,0,'a:0:{}'),(273,'99.36.115.52',1,'login','index',1429399379,1,0,'a:0:{}'),(274,'172.249.156.98',1,'login','index',1429417119,3,0,'a:0:{}'),(275,'172.249.156.98',1,'login','index',1429445460,3,0,'a:0:{}'),(276,'73.174.153.190',1,'login','index',1429451004,2,0,'a:0:{}'),(277,'84.24.3.137',1,'login','index',1429453936,8,0,'a:0:{}'),(278,'172.249.156.98',4,'players','add',1429457533,3,18,'a:0:{}'),(279,'172.249.156.98',4,'players','add',1429460504,3,19,'a:0:{}'),(280,'172.249.156.98',4,'players','add',1429460696,3,20,'a:0:{}'),(281,'172.249.156.98',4,'players','add',1429460773,3,21,'a:0:{}'),(282,'172.249.156.98',4,'players','add',1429460818,3,22,'a:0:{}'),(283,'150.212.3.50',1,'login','index',1429466540,2,0,'a:0:{}'),(284,'84.24.3.137',1,'login','index',1429467595,8,0,'a:0:{}'),(285,'150.212.3.50',1,'login','index',1429480742,2,0,'a:0:{}'),(286,'150.212.3.50',1,'login','index',1429481152,2,0,'a:0:{}'),(287,'71.232.209.185',1,'login','index',1429487466,7,0,'a:0:{}'),(288,'71.232.209.185',4,'games','add',1429487934,7,9,'a:0:{}'),(289,'73.174.153.190',1,'login','index',1429492089,2,0,'a:0:{}'),(291,'80.235.71.152',1,'login','index',1429508964,4,0,'a:0:{}'),(292,'172.249.156.98',1,'login','index',1429509034,4,0,'a:0:{}'),(293,'80.235.71.152',7,'login','logout',1429509085,4,0,'a:0:{}'),(295,'172.249.156.98',7,'login','logout',1429509168,4,0,'a:0:{}'),(296,'172.249.156.98',1,'login','index',1429509175,3,0,'a:0:{}'),(298,'150.212.3.50',1,'login','index',1429532447,2,0,'a:0:{}'),(299,'172.249.156.98',1,'login','index',1429549673,3,0,'a:0:{}'),(300,'172.249.156.98',4,'players','add',1429549715,3,23,'a:0:{}'),(301,'172.249.156.98',4,'players','add',1429549782,3,24,'a:0:{}'),(302,'73.174.153.190',1,'login','index',1429549815,2,0,'a:0:{}'),(303,'172.249.156.98',4,'players','add',1429549825,3,25,'a:0:{}'),(304,'172.249.156.98',4,'players','add',1429549853,3,26,'a:0:{}'),(305,'172.249.156.98',4,'players','add',1429549888,3,27,'a:0:{}'),(306,'172.249.156.98',4,'players','add',1429550118,3,28,'a:0:{}'),(307,'172.249.156.98',4,'players','add',1429550138,3,29,'a:0:{}'),(308,'172.249.156.98',4,'players','add',1429550186,3,30,'a:0:{}'),(309,'172.249.156.98',4,'players','add',1429550213,3,31,'a:0:{}'),(310,'172.249.156.98',4,'players','add',1429550532,3,32,'a:0:{}'),(311,'172.249.156.98',4,'players','add',1429550604,3,33,'a:0:{}'),(312,'172.249.156.98',4,'players','add',1429550636,3,34,'a:0:{}'),(313,'172.249.156.98',4,'players','add',1429550665,3,35,'a:0:{}'),(314,'172.249.156.98',4,'players','add',1429550688,3,36,'a:0:{}'),(315,'172.249.156.98',4,'players','add',1429550776,3,37,'a:0:{}'),(316,'172.249.156.98',4,'players','add',1429550809,3,38,'a:0:{}'),(317,'172.249.156.98',4,'players','add',1429550831,3,39,'a:0:{}'),(318,'172.249.156.98',4,'players','add',1429550870,3,40,'a:0:{}'),(319,'172.249.156.98',4,'players','add',1429550895,3,41,'a:0:{}'),(320,'172.249.156.98',4,'players','add',1429551099,3,42,'a:0:{}'),(321,'172.249.156.98',4,'players','add',1429551155,3,43,'a:0:{}'),(322,'172.249.156.98',4,'players','add',1429551185,3,44,'a:0:{}'),(323,'172.249.156.98',4,'players','add',1429551220,3,45,'a:0:{}'),(324,'172.249.156.98',4,'players','add',1429551245,3,46,'a:0:{}'),(325,'172.249.156.98',4,'players','add',1429551267,3,47,'a:0:{}'),(326,'172.249.156.98',4,'players','add',1429551289,3,48,'a:0:{}'),(327,'172.249.156.98',4,'players','add',1429551308,3,49,'a:0:{}'),(328,'172.249.156.98',4,'players','add',1429551334,3,50,'a:0:{}'),(329,'172.249.156.98',4,'players','add',1429551368,3,51,'a:0:{}'),(330,'172.249.156.98',4,'players','add',1429551393,3,52,'a:0:{}'),(331,'172.249.156.98',4,'players','add',1429551426,3,53,'a:0:{}'),(332,'172.249.156.98',4,'players','add',1429551449,3,54,'a:0:{}'),(333,'172.249.156.98',4,'players','add',1429551498,3,55,'a:0:{}'),(334,'172.249.156.98',4,'players','add',1429551520,3,56,'a:0:{}'),(335,'172.249.156.98',4,'players','add',1429551540,3,57,'a:0:{}'),(336,'172.249.156.98',4,'players','add',1429551566,3,58,'a:0:{}'),(337,'172.249.156.98',4,'players','add',1429551624,3,59,'a:0:{}'),(338,'172.249.156.98',4,'players','add',1429551644,3,60,'a:0:{}'),(339,'172.249.156.98',4,'players','add',1429551671,3,61,'a:0:{}'),(340,'172.249.156.98',4,'players','add',1429551698,3,62,'a:0:{}'),(341,'172.249.156.98',4,'players','add',1429551742,3,63,'a:0:{}'),(342,'172.249.156.98',4,'players','add',1429551766,3,64,'a:0:{}'),(343,'172.249.156.98',4,'players','add',1429551789,3,65,'a:0:{}'),(344,'172.249.156.98',4,'players','add',1429551810,3,66,'a:0:{}'),(345,'172.249.156.98',4,'players','add',1429551839,3,67,'a:0:{}'),(346,'172.249.156.98',4,'players','add',1429551886,3,68,'a:0:{}'),(347,'172.249.156.98',4,'players','add',1429551951,3,69,'a:0:{}'),(348,'172.249.156.98',4,'players','add',1429551981,3,70,'a:0:{}'),(349,'172.249.156.98',4,'players','add',1429552020,3,71,'a:0:{}'),(350,'172.249.156.98',4,'overseers','add',1429552163,3,2,'a:0:{}'),(351,'172.249.156.98',4,'leagues','add',1429552269,3,3,'a:0:{}'),(352,'172.249.156.98',4,'teams','add',1429552354,3,9,'a:0:{}'),(353,'172.249.156.98',4,'teams','add',1429552388,3,10,'a:0:{}'),(354,'172.249.156.98',4,'teams','add',1429552408,3,11,'a:0:{}'),(355,'172.249.156.98',4,'teams','add',1429552432,3,12,'a:0:{}'),(356,'172.249.156.98',4,'teams','add',1429552468,3,13,'a:0:{}'),(357,'172.249.156.98',4,'teams','add',1429552627,3,14,'a:0:{}'),(358,'172.249.156.98',4,'teams','add',1429552656,3,15,'a:0:{}'),(359,'172.249.156.98',4,'teams','add',1429552682,3,16,'a:0:{}'),(360,'172.249.156.98',4,'teams','add',1429552704,3,17,'a:0:{}'),(361,'172.249.156.98',4,'teams','add',1429552860,3,18,'a:0:{}'),(362,'99.36.115.52',1,'login','index',1429575168,1,0,'a:0:{}'),(363,'99.36.115.52',1,'login','index',1429590602,1,0,'a:0:{}'),(364,'99.36.115.52',5,'apiusers','manage',1429590619,1,0,'a:0:{}'),(365,'99.36.115.52',5,'apiusers','manage',1429591351,1,0,'a:0:{}'),(366,'80.235.71.152',1,'login','index',1429609440,4,0,'a:0:{}'),(367,'172.249.156.98',1,'login','index',1429615767,3,0,'a:0:{}'),(368,'73.174.153.190',1,'login','index',1429619375,2,0,'a:0:{}'),(369,'73.174.153.190',1,'login','index',1429637013,2,0,'a:0:{}'),(370,'161.162.84.83',1,'login','index',1429637050,6,0,'a:0:{}'),(371,'71.232.209.185',1,'login','index',1429642055,7,0,'a:0:{}'),(372,'84.24.3.137',1,'login','index',1429649273,8,0,'a:0:{}'),(373,'71.232.209.185',1,'login','index',1429655845,7,0,'a:0:{}'),(374,'99.36.115.52',1,'login','index',1429660917,1,0,'a:0:{}'),(375,'99.36.115.52',1,'login','index',1429663273,1,0,'a:0:{}'),(376,'99.36.115.52',5,'apigroups','manage',1429663577,1,1,'a:0:{}'),(377,'73.174.153.190',1,'login','index',1429731849,2,0,'a:0:{}'),(378,'84.24.3.137',1,'login','index',1429741883,8,0,'a:0:{}'),(379,'84.24.3.137',4,'games','add',1429743018,8,10,'a:0:{}'),(380,'172.249.156.98',1,'login','index',1429743224,3,0,'a:0:{}'),(381,'84.24.3.137',1,'login','index',1429746905,8,0,'a:0:{}'),(382,'71.232.209.185',1,'login','index',1429752263,7,0,'a:0:{}'),(383,'73.174.153.190',1,'login','index',1429793256,2,0,'a:0:{}'),(384,'73.174.153.190',1,'login','index',1429827169,2,0,'a:0:{}'),(385,'73.174.153.190',1,'login','index',1429836915,2,0,'a:0:{}'),(386,'73.174.153.190',1,'login','index',1429885152,2,0,'a:0:{}'),(387,'84.24.3.137',1,'login','index',1429900226,8,0,'a:0:{}'),(388,'73.174.153.190',1,'login','index',1429906539,2,0,'a:0:{}'),(389,'73.174.153.190',1,'login','index',1429967981,2,0,'a:0:{}'),(390,'172.249.156.98',1,'login','index',1429968271,3,0,'a:0:{}'),(391,'172.249.156.98',4,'teams','add',1429974971,3,19,'a:0:{}'),(392,'172.249.156.98',4,'teams','add',1429975017,3,20,'a:0:{}'),(393,'172.249.156.98',4,'teams','add',1429975051,3,21,'a:0:{}'),(394,'172.249.156.98',4,'teams','add',1429975077,3,22,'a:0:{}'),(395,'172.249.156.98',4,'teams','add',1429975202,3,23,'a:0:{}'),(396,'172.249.156.98',4,'teams','add',1429975259,3,24,'a:0:{}'),(397,'73.174.153.190',1,'login','index',1429975285,2,0,'a:0:{}'),(398,'172.249.156.98',4,'players','add',1429984712,3,73,'a:0:{}'),(399,'172.249.156.98',4,'players','add',1429985054,3,74,'a:0:{}'),(400,'99.36.115.52',1,'login','index',1429994447,1,0,'a:0:{}'),(401,'172.249.156.98',1,'login','index',1430096511,3,0,'a:0:{}'),(402,'99.36.115.52',1,'login','index',1430104800,1,0,'a:0:{}'),(403,'67.186.0.152',1,'login','index',1430176199,5,0,'a:0:{}'),(404,'84.24.3.137',1,'login','index',1430176222,8,0,'a:0:{}'),(405,'84.24.3.137',1,'login','index',1430264192,8,0,'a:0:{}'),(406,'84.24.3.137',5,'leagues','manage',1430264624,8,2,'a:0:{}'),(407,'73.174.153.190',1,'login','index',1430313891,2,0,'a:0:{}'),(408,'72.95.147.28',1,'login','index',1430317162,5,0,'a:0:{}'),(409,'72.95.147.28',1,'login','index',1430330918,5,0,'a:0:{}'),(410,'72.95.147.28',4,'games','add',1430330970,5,11,'a:0:{}'),(411,'172.249.156.98',1,'login','index',1430331297,3,0,'a:0:{}'),(412,'72.95.147.28',6,'games','delete',1430332642,5,11,'a:0:{}'),(413,'172.249.156.98',5,'players','manage',1430335096,3,75,'a:0:{}'),(414,'72.95.147.28',1,'login','index',1430355781,5,0,'a:0:{}'),(415,'72.95.147.28',1,'login','index',1430357284,5,0,'a:0:{}'),(416,'73.174.153.190',1,'login','index',1430361958,2,0,'a:0:{}'),(417,'84.24.3.137',1,'login','index',1430381692,8,0,'a:0:{}'),(418,'172.249.156.98',1,'login','index',1430381888,3,0,'a:0:{}'),(419,'172.249.156.98',4,'overseers','add',1430382322,3,3,'a:0:{}'),(420,'172.249.156.98',4,'regions','add',1430382501,3,6,'a:0:{}'),(421,'172.249.156.98',4,'regions','add',1430382511,3,7,'a:0:{}'),(422,'172.249.156.98',4,'regions','add',1430382517,3,8,'a:0:{}'),(423,'172.249.156.98',5,'teams','manage',1430384059,3,19,'a:0:{}'),(424,'172.249.156.98',5,'teams','manage',1430384092,3,19,'a:0:{}'),(425,'172.249.156.98',5,'players','manage',1430384159,3,19,'a:0:{}'),(426,'172.249.156.98',4,'players','add',1430384235,3,76,'a:0:{}'),(427,'172.249.156.98',4,'players','add',1430384393,3,77,'a:0:{}'),(428,'172.249.156.98',4,'players','add',1430384447,3,78,'a:0:{}'),(429,'172.249.156.98',4,'players','add',1430384546,3,79,'a:0:{}'),(430,'172.249.156.98',4,'players','add',1430384569,3,80,'a:0:{}'),(431,'172.249.156.98',4,'players','add',1430384666,3,81,'a:0:{}'),(432,'172.249.156.98',4,'players','add',1430384748,3,82,'a:0:{}'),(433,'172.249.156.98',4,'players','add',1430384783,3,83,'a:0:{}'),(434,'172.249.156.98',4,'players','add',1430384813,3,84,'a:0:{}'),(435,'172.249.156.98',4,'players','add',1430384845,3,85,'a:0:{}'),(436,'172.249.156.98',5,'teams','manage',1430384937,3,21,'a:0:{}'),(437,'172.249.156.98',5,'teams','manage',1430384956,3,21,'a:0:{}'),(438,'172.249.156.98',5,'teams','manage',1430385695,3,19,'a:0:{}'),(439,'84.24.3.137',5,'teams','manage',1430385801,8,9,'a:0:{}'),(440,'172.249.156.98',6,'players','delete',1430385929,3,2,'a:0:{}'),(441,'172.249.156.98',5,'players','manage',1430385957,3,51,'a:0:{}'),(442,'172.249.156.98',5,'players','manage',1430385979,3,50,'a:0:{}'),(443,'172.249.156.98',5,'players','manage',1430385994,3,52,'a:0:{}'),(444,'172.249.156.98',3,'teams','7',1430386489,3,0,'a:0:{}'),(445,'172.249.156.98',5,'players','manage',1430388523,3,13,'a:0:{}'),(446,'172.249.156.98',4,'teams','add',1430389160,3,25,'a:0:{}'),(447,'172.249.156.98',5,'players','manage',1430389183,3,15,'a:0:{}'),(448,'172.249.156.98',5,'players','manage',1430389876,3,15,'a:0:{}'),(449,'172.249.156.98',5,'players','manage',1430389965,3,16,'a:0:{}'),(450,'172.249.156.98',5,'players','manage',1430390600,3,16,'a:0:{}'),(451,'172.249.156.98',5,'players','manage',1430390717,3,14,'a:0:{}'),(452,'172.249.156.98',5,'players','manage',1430390861,3,13,'a:0:{}'),(453,'172.249.156.98',5,'teams','manage',1430391220,3,7,'a:0:{}'),(454,'172.249.156.98',5,'players','manage',1430391438,3,17,'a:0:{}'),(455,'172.249.156.98',5,'players','manage',1430391510,3,17,'a:0:{}'),(456,'172.249.156.98',5,'players','manage',1430391528,3,84,'a:0:{}'),(457,'172.249.156.98',5,'players','manage',1430391613,3,85,'a:0:{}'),(458,'73.174.153.190',1,'login','index',1430393276,2,0,'a:0:{}'),(459,'172.249.156.98',4,'players','add',1430394039,3,86,'a:0:{}'),(460,'172.249.156.98',4,'players','add',1430394083,3,87,'a:0:{}'),(461,'172.249.156.98',4,'players','add',1430394229,3,88,'a:0:{}'),(462,'172.249.156.98',4,'players','add',1430394460,3,89,'a:0:{}'),(463,'172.249.156.98',4,'players','add',1430394514,3,90,'a:0:{}'),(464,'172.249.156.98',4,'teams','add',1430394569,3,26,'a:0:{}'),(465,'172.249.156.98',4,'teams','add',1430394592,3,27,'a:0:{}'),(466,'172.249.156.98',4,'teams','add',1430394618,3,28,'a:0:{}'),(467,'172.249.156.98',4,'teams','add',1430394649,3,29,'a:0:{}'),(468,'172.249.156.98',4,'teams','add',1430394690,3,30,'a:0:{}'),(469,'172.249.156.98',4,'teams','add',1430394707,3,31,'a:0:{}'),(470,'172.249.156.98',6,'teams','delete',1430394739,3,29,'a:0:{}'),(471,'172.249.156.98',4,'players','add',1430394895,3,91,'a:0:{}'),(472,'172.249.156.98',4,'players','add',1430394933,3,92,'a:0:{}'),(473,'172.249.156.98',4,'players','add',1430394977,3,93,'a:0:{}'),(474,'172.249.156.98',4,'players','add',1430395014,3,94,'a:0:{}'),(475,'172.249.156.98',4,'players','add',1430395062,3,95,'a:0:{}'),(476,'172.249.156.98',4,'players','add',1430395184,3,96,'a:0:{}'),(477,'172.249.156.98',4,'players','add',1430395261,3,97,'a:0:{}'),(478,'172.249.156.98',4,'players','add',1430395300,3,98,'a:0:{}'),(479,'172.249.156.98',4,'players','add',1430395411,3,99,'a:0:{}'),(480,'172.249.156.98',5,'players','manage',1430395596,3,98,'a:0:{}'),(481,'172.249.156.98',4,'players','add',1430395648,3,100,'a:0:{}'),(482,'172.249.156.98',4,'players','add',1430395775,3,101,'a:0:{}'),(483,'172.249.156.98',4,'players','add',1430395841,3,102,'a:0:{}'),(484,'172.249.156.98',5,'players','manage',1430395953,3,71,'a:0:{}'),(485,'172.249.156.98',4,'players','add',1430396031,3,103,'a:0:{}'),(486,'172.249.156.98',4,'players','add',1430396106,3,104,'a:0:{}'),(487,'172.249.156.98',4,'players','add',1430396442,3,105,'a:0:{}'),(488,'172.249.156.98',4,'players','add',1430396491,3,106,'a:0:{}'),(489,'172.249.156.98',4,'players','add',1430396534,3,107,'a:0:{}'),(490,'172.249.156.98',4,'players','add',1430396723,3,108,'a:0:{}'),(491,'172.249.156.98',5,'players','manage',1430396763,3,107,'a:0:{}'),(492,'172.249.156.98',5,'players','manage',1430396781,3,106,'a:0:{}'),(493,'172.249.156.98',4,'players','add',1430396849,3,109,'a:0:{}'),(494,'172.249.156.98',5,'players','manage',1430396878,3,108,'a:0:{}'),(495,'172.249.156.98',4,'players','add',1430397015,3,110,'a:0:{}'),(496,'172.249.156.98',4,'players','add',1430397055,3,111,'a:0:{}'),(497,'172.249.156.98',4,'players','add',1430397098,3,112,'a:0:{}'),(498,'172.249.156.98',4,'players','add',1430397126,3,113,'a:0:{}'),(499,'172.249.156.98',4,'players','add',1430397164,3,114,'a:0:{}'),(500,'172.249.156.98',4,'players','add',1430397221,3,115,'a:0:{}'),(501,'172.249.156.98',5,'leagues','manage',1430397355,3,2,'a:0:{}'),(502,'172.249.156.98',4,'leagues','add',1430397464,3,4,'a:0:{}'),(503,'172.249.156.98',5,'leagues','manage',1430397498,3,4,'a:0:{}'),(504,'172.249.156.98',6,'players','delete',1430397562,3,1,'a:0:{}'),(505,'172.249.156.98',6,'players','delete',1430397576,3,3,'a:0:{}'),(506,'172.249.156.98',6,'players','delete',1430397585,3,4,'a:0:{}'),(507,'172.249.156.98',6,'players','delete',1430397591,3,5,'a:0:{}'),(508,'172.249.156.98',1,'login','index',1430427993,3,0,'a:0:{}'),(509,'172.249.156.98',6,'overseers','delete',1430428015,3,1,'a:0:{}'),(510,'172.249.156.98',5,'players','manage',1430428411,3,8,'a:0:{}'),(511,'172.249.156.98',5,'players','manage',1430428545,3,8,'a:0:{}'),(512,'172.249.156.98',5,'players','manage',1430428639,3,9,'a:0:{}'),(513,'172.249.156.98',5,'players','manage',1430428696,3,10,'a:0:{}'),(514,'172.249.156.98',5,'players','manage',1430428739,3,11,'a:0:{}'),(515,'172.249.156.98',5,'players','manage',1430428788,3,12,'a:0:{}'),(516,'73.174.153.190',1,'login','index',1430434443,2,0,'a:0:{}'),(517,'73.174.153.190',1,'login','index',1430450606,2,0,'a:0:{}'),(518,'172.249.156.98',1,'login','index',1430451097,3,0,'a:0:{}'),(519,'84.24.3.137',1,'login','index',1430468319,8,0,'a:0:{}'),(520,'72.95.147.28',1,'login','index',1430483101,5,0,'a:0:{}'),(521,'130.49.140.64',1,'login','index',1430508828,5,0,'a:0:{}'),(522,'172.249.156.98',1,'login','index',1430515806,3,0,'a:0:{}'),(523,'172.249.156.98',4,'teams','add',1430516230,3,32,'a:0:{}'),(524,'172.249.156.98',4,'teams','add',1430516262,3,33,'a:0:{}'),(525,'172.249.156.98',4,'teams','add',1430516299,3,34,'a:0:{}'),(526,'172.249.156.98',4,'teams','add',1430516324,3,35,'a:0:{}'),(527,'172.249.156.98',4,'teams','add',1430516495,3,36,'a:0:{}'),(528,'172.249.156.98',4,'teams','add',1430516545,3,37,'a:0:{}'),(529,'172.249.156.98',4,'players','add',1430516642,3,116,'a:0:{}'),(530,'172.249.156.98',4,'players','add',1430516683,3,117,'a:0:{}'),(531,'172.249.156.98',4,'players','add',1430516741,3,118,'a:0:{}'),(532,'172.249.156.98',4,'players','add',1430516791,3,119,'a:0:{}'),(533,'172.249.156.98',4,'players','add',1430517004,3,120,'a:0:{}'),(534,'172.249.156.98',4,'players','add',1430517147,3,121,'a:0:{}'),(535,'172.249.156.98',4,'players','add',1430517179,3,122,'a:0:{}'),(536,'172.249.156.98',4,'players','add',1430517226,3,123,'a:0:{}'),(537,'172.249.156.98',4,'players','add',1430517262,3,124,'a:0:{}'),(538,'72.95.147.28',1,'login','index',1430522553,5,0,'a:0:{}'),(539,'172.249.156.98',1,'login','index',1430528757,3,0,'a:0:{}'),(540,'172.249.156.98',4,'players','add',1430528794,3,125,'a:0:{}'),(541,'99.36.115.52',1,'login','index',1430598229,1,0,'a:0:{}'),(542,'68.173.22.44',1,'login','index',1430600496,2,0,'a:0:{}'),(543,'172.249.156.98',1,'login','index',1430601377,3,0,'a:0:{}'),(545,'172.249.156.98',1,'login','index',1430615803,3,0,'a:0:{}'),(546,'172.249.156.98',4,'players','add',1430616012,3,126,'a:0:{}'),(547,'172.249.156.98',4,'players','add',1430616061,3,127,'a:0:{}'),(548,'172.249.156.98',4,'players','add',1430616104,3,128,'a:0:{}'),(549,'172.249.156.98',4,'players','add',1430616150,3,129,'a:0:{}'),(550,'172.249.156.98',5,'players','manage',1430616171,3,129,'a:0:{}'),(551,'84.24.3.137',1,'login','index',1430667433,8,0,'a:0:{}'),(552,'84.24.3.137',1,'login','index',1430676694,8,0,'a:0:{}'),(553,'84.24.3.137',7,'login','logout',1430676965,8,0,'a:0:{}'),(560,'73.174.153.190',1,'login','index',1430690139,2,0,'a:0:{}'),(561,'84.24.3.137',2,'login','index',1430690310,0,0,'a:1:{s:8:\"username\";s:6:\"andrax\";}'),(562,'84.24.3.137',1,'login','index',1430690313,8,0,'a:0:{}'),(563,'84.24.3.137',5,'players','manage',1430691547,8,24,'a:0:{}'),(564,'84.24.3.137',5,'players','manage',1430691580,8,19,'a:0:{}'),(565,'84.24.3.137',5,'players','manage',1430691603,8,23,'a:0:{}'),(566,'84.24.3.137',5,'players','manage',1430692343,8,14,'a:0:{}'),(567,'84.24.3.137',5,'players','manage',1430692353,8,10,'a:0:{}'),(568,'84.24.3.137',5,'players','manage',1430692867,8,86,'a:0:{}'),(569,'84.24.3.137',5,'players','manage',1430692902,8,114,'a:0:{}'),(570,'84.24.3.137',5,'players','manage',1430692940,8,87,'a:0:{}'),(571,'84.24.3.137',5,'players','manage',1430692985,8,107,'a:0:{}'),(572,'84.24.3.137',5,'players','manage',1430693057,8,86,'a:0:{}'),(573,'84.24.3.137',5,'players','manage',1430693153,8,114,'a:0:{}'),(574,'84.24.3.137',5,'players','manage',1430693281,8,87,'a:0:{}'),(575,'84.24.3.137',5,'players','manage',1430693365,8,107,'a:0:{}'),(576,'84.24.3.137',5,'players','manage',1430693450,8,102,'a:0:{}'),(577,'84.24.3.137',5,'players','manage',1430693560,8,75,'a:0:{}'),(578,'84.24.3.137',5,'players','manage',1430693787,8,16,'a:0:{}'),(579,'84.24.3.137',5,'players','manage',1430693974,8,80,'a:0:{}'),(580,'84.24.3.137',5,'players','manage',1430694067,8,98,'a:0:{}'),(581,'84.24.3.137',5,'players','manage',1430694171,8,83,'a:0:{}'),(582,'84.24.3.137',5,'players','manage',1430694210,8,98,'a:0:{}'),(583,'84.24.3.137',5,'players','manage',1430694339,8,76,'a:0:{}'),(584,'84.24.3.137',5,'players','manage',1430694362,8,83,'a:0:{}'),(585,'84.24.3.137',5,'players','manage',1430694463,8,92,'a:0:{}'),(586,'84.24.3.137',5,'players','manage',1430694565,8,106,'a:0:{}'),(587,'84.24.3.137',5,'players','manage',1430694754,8,7,'a:0:{}'),(588,'84.24.3.137',5,'players','manage',1430694835,8,110,'a:0:{}'),(589,'84.24.3.137',5,'players','manage',1430694946,8,97,'a:0:{}'),(590,'84.24.3.137',5,'players','manage',1430695021,8,113,'a:0:{}'),(591,'84.24.3.137',5,'players','manage',1430695141,8,72,'a:0:{}'),(592,'84.24.3.137',5,'players','manage',1430695203,8,74,'a:0:{}'),(593,'84.24.3.137',5,'players','manage',1430695332,8,14,'a:0:{}'),(594,'84.24.3.137',5,'players','manage',1430695419,8,103,'a:0:{}'),(595,'84.24.3.137',5,'players','manage',1430695658,8,99,'a:0:{}'),(596,'84.24.3.137',5,'players','manage',1430695774,8,79,'a:0:{}'),(597,'84.24.3.137',5,'players','manage',1430695886,8,88,'a:0:{}'),(598,'84.24.3.137',5,'players','manage',1430696165,8,17,'a:0:{}'),(599,'84.24.3.137',5,'players','manage',1430696295,8,78,'a:0:{}'),(600,'84.24.3.137',5,'players','manage',1430696344,8,104,'a:0:{}'),(601,'84.24.3.137',5,'players','manage',1430696446,8,85,'a:0:{}'),(602,'84.24.3.137',5,'players','manage',1430696470,8,85,'a:0:{}'),(603,'84.24.3.137',5,'players','manage',1430696593,8,77,'a:0:{}'),(604,'84.24.3.137',5,'players','manage',1430696693,8,115,'a:0:{}'),(605,'84.24.3.137',5,'players','manage',1430696774,8,93,'a:0:{}'),(606,'84.24.3.137',5,'players','manage',1430696850,8,73,'a:0:{}'),(607,'84.24.3.137',5,'players','manage',1430696937,8,6,'a:0:{}'),(608,'84.24.3.137',5,'players','manage',1430697080,8,111,'a:0:{}'),(609,'84.24.3.137',5,'players','manage',1430697140,8,105,'a:0:{}'),(610,'84.24.3.137',5,'players','manage',1430697216,8,91,'a:0:{}'),(611,'84.24.3.137',5,'players','manage',1430697305,8,15,'a:0:{}'),(612,'84.24.3.137',5,'players','manage',1430697380,8,81,'a:0:{}'),(613,'84.24.3.137',5,'players','manage',1430697487,8,112,'a:0:{}'),(614,'84.24.3.137',5,'players','manage',1430697605,8,89,'a:0:{}'),(615,'84.24.3.137',5,'players','manage',1430697702,8,100,'a:0:{}'),(616,'84.24.3.137',5,'players','manage',1430697759,8,101,'a:0:{}'),(617,'84.24.3.137',5,'players','manage',1430697915,8,84,'a:0:{}'),(618,'84.24.3.137',5,'players','manage',1430698003,8,94,'a:0:{}'),(619,'84.24.3.137',5,'players','manage',1430698112,8,96,'a:0:{}'),(620,'84.24.3.137',5,'players','manage',1430698184,8,95,'a:0:{}'),(621,'84.24.3.137',5,'players','manage',1430698304,8,13,'a:0:{}'),(622,'84.24.3.137',5,'players','manage',1430698383,8,82,'a:0:{}'),(623,'84.24.3.137',5,'players','manage',1430698460,8,108,'a:0:{}'),(624,'84.24.3.137',5,'players','manage',1430698588,8,90,'a:0:{}'),(625,'84.24.3.137',5,'players','manage',1430698669,8,109,'a:0:{}'),(626,'99.36.115.52',1,'login','index',1430703851,1,0,'a:0:{}'),(627,'73.174.153.190',1,'login','index',1430783010,2,0,'a:0:{}'),(628,'172.249.156.98',1,'login','index',1430785067,3,0,'a:0:{}'),(629,'172.249.156.98',2,'login','index',1430785338,0,0,'a:1:{s:8:\"username\";s:4:\"zach\";}'),(630,'172.249.156.98',1,'login','index',1430785343,3,0,'a:0:{}'),(631,'73.174.153.190',1,'login','index',1430823718,2,0,'a:0:{}'),(632,'172.249.156.98',1,'login','index',1430825890,3,0,'a:0:{}'),(633,'172.249.156.98',4,'teams','add',1430826563,3,38,'a:0:{}'),(634,'172.249.156.98',4,'teams','add',1430826693,3,39,'a:0:{}'),(635,'172.249.156.98',4,'teams','add',1430826730,3,40,'a:0:{}'),(636,'172.249.156.98',4,'teams','add',1430826805,3,41,'a:0:{}'),(637,'172.249.156.98',4,'players','add',1430830392,3,130,'a:0:{}'),(638,'172.249.156.98',4,'players','add',1430830457,3,131,'a:0:{}'),(639,'172.249.156.98',5,'players','manage',1430830533,3,131,'a:0:{}'),(640,'172.249.156.98',5,'players','manage',1430830561,3,130,'a:0:{}'),(641,'172.249.156.98',4,'players','add',1430830608,3,132,'a:0:{}'),(642,'172.249.156.98',4,'players','add',1430830689,3,133,'a:0:{}'),(643,'172.249.156.98',4,'players','add',1430830717,3,134,'a:0:{}'),(644,'172.249.156.98',4,'players','add',1430830747,3,135,'a:0:{}'),(645,'172.249.156.98',4,'players','add',1430830840,3,136,'a:0:{}'),(646,'172.249.156.98',4,'players','add',1430830917,3,137,'a:0:{}'),(647,'172.249.156.98',4,'players','add',1430831002,3,138,'a:0:{}'),(648,'172.249.156.98',4,'players','add',1430831066,3,139,'a:0:{}'),(649,'172.249.156.98',4,'players','add',1430831120,3,140,'a:0:{}'),(650,'172.249.156.98',4,'players','add',1430831160,3,141,'a:0:{}'),(651,'172.249.156.98',4,'players','add',1430831297,3,142,'a:0:{}'),(652,'172.249.156.98',4,'players','add',1430831345,3,143,'a:0:{}'),(653,'172.249.156.98',4,'players','add',1430831400,3,144,'a:0:{}'),(654,'172.249.156.98',4,'players','add',1430831449,3,145,'a:0:{}'),(655,'172.249.156.98',4,'players','add',1430831490,3,146,'a:0:{}'),(656,'172.249.156.98',5,'players','manage',1430831586,3,144,'a:0:{}'),(657,'172.249.156.98',5,'players','manage',1430831660,3,146,'a:0:{}'),(658,'172.249.156.98',4,'players','add',1430831692,3,147,'a:0:{}'),(659,'172.249.156.98',4,'players','add',1430831736,3,148,'a:0:{}'),(660,'172.249.156.98',4,'players','add',1430831972,3,149,'a:0:{}'),(661,'172.249.156.98',4,'players','add',1430832024,3,150,'a:0:{}'),(662,'172.249.156.98',4,'players','add',1430832182,3,151,'a:0:{}'),(663,'172.249.156.98',4,'players','add',1430832253,3,152,'a:0:{}'),(664,'172.249.156.98',4,'players','add',1430832301,3,153,'a:0:{}'),(665,'172.249.156.98',4,'players','add',1430832350,3,154,'a:0:{}'),(666,'172.249.156.98',4,'players','add',1430832442,3,155,'a:0:{}'),(667,'172.249.156.98',4,'players','add',1430832512,3,156,'a:0:{}'),(668,'172.249.156.98',4,'overseers','add',1430832961,3,4,'a:0:{}'),(669,'172.249.156.98',4,'leagues','add',1430833064,3,5,'a:0:{}'),(670,'172.249.156.98',4,'teams','add',1430833162,3,42,'a:0:{}'),(671,'172.249.156.98',4,'teams','add',1430833196,3,43,'a:0:{}'),(672,'172.249.156.98',4,'teams','add',1430833240,3,44,'a:0:{}'),(673,'172.249.156.98',4,'teams','add',1430833334,3,45,'a:0:{}'),(674,'172.249.156.98',4,'teams','add',1430833417,3,46,'a:0:{}'),(675,'172.249.156.98',4,'teams','add',1430833545,3,47,'a:0:{}'),(676,'172.249.156.98',4,'teams','add',1430833575,3,48,'a:0:{}'),(677,'172.249.156.98',4,'overseers','add',1430838013,3,5,'a:0:{}'),(678,'172.249.156.98',4,'leagues','add',1430838203,3,6,'a:0:{}'),(679,'172.249.156.98',5,'teams','manage',1430838258,3,41,'a:0:{}'),(680,'172.249.156.98',4,'teams','add',1430838744,3,49,'a:0:{}'),(681,'172.249.156.98',4,'teams','add',1430838784,3,50,'a:0:{}'),(682,'172.249.156.98',4,'teams','add',1430838811,3,51,'a:0:{}'),(683,'172.249.156.98',4,'teams','add',1430838847,3,52,'a:0:{}'),(684,'172.249.156.98',4,'teams','add',1430838874,3,53,'a:0:{}'),(685,'172.249.156.98',4,'teams','add',1430838893,3,54,'a:0:{}'),(686,'172.249.156.98',4,'teams','add',1430838911,3,55,'a:0:{}'),(687,'172.249.156.98',4,'teams','add',1430838937,3,56,'a:0:{}'),(688,'172.249.156.98',4,'teams','add',1430838965,3,57,'a:0:{}'),(689,'172.249.156.98',4,'teams','add',1430838992,3,58,'a:0:{}'),(690,'172.249.156.98',4,'teams','add',1430839029,3,59,'a:0:{}'),(691,'172.249.156.98',4,'players','add',1430839323,3,157,'a:0:{}'),(692,'172.249.156.98',4,'players','add',1430839375,3,158,'a:0:{}'),(693,'172.249.156.98',4,'players','add',1430839410,3,159,'a:0:{}'),(694,'172.249.156.98',4,'players','add',1430839445,3,160,'a:0:{}'),(695,'172.249.156.98',4,'players','add',1430839488,3,161,'a:0:{}'),(696,'172.249.156.98',4,'players','add',1430839841,3,162,'a:0:{}'),(697,'172.249.156.98',4,'players','add',1430839920,3,163,'a:0:{}'),(698,'172.249.156.98',4,'players','add',1430839958,3,164,'a:0:{}'),(699,'172.249.156.98',4,'players','add',1430839989,3,165,'a:0:{}'),(700,'172.249.156.98',4,'players','add',1430840019,3,166,'a:0:{}'),(701,'172.249.156.98',4,'players','add',1430840077,3,167,'a:0:{}'),(702,'172.249.156.98',5,'players','manage',1430840109,3,166,'a:0:{}'),(703,'172.249.156.98',5,'players','manage',1430840122,3,167,'a:0:{}'),(704,'172.249.156.98',4,'players','add',1430840272,3,168,'a:0:{}'),(705,'172.249.156.98',4,'players','add',1430840335,3,169,'a:0:{}'),(706,'172.249.156.98',4,'players','add',1430840468,3,170,'a:0:{}'),(707,'172.249.156.98',4,'players','add',1430840582,3,171,'a:0:{}'),(708,'172.249.156.98',4,'players','add',1430840623,3,172,'a:0:{}'),(709,'172.249.156.98',4,'players','add',1430840662,3,173,'a:0:{}'),(710,'172.249.156.98',4,'players','add',1430841062,3,174,'a:0:{}'),(711,'172.249.156.98',4,'players','add',1430841120,3,175,'a:0:{}'),(712,'172.249.156.98',4,'players','add',1430841158,3,176,'a:0:{}'),(713,'172.249.156.98',4,'players','add',1430841198,3,177,'a:0:{}'),(714,'172.249.156.98',4,'players','add',1430841246,3,178,'a:0:{}'),(715,'172.249.156.98',4,'players','add',1430841287,3,179,'a:0:{}'),(716,'172.249.156.98',4,'players','add',1430841326,3,180,'a:0:{}'),(717,'172.249.156.98',4,'players','add',1430841383,3,181,'a:0:{}'),(718,'172.249.156.98',4,'players','add',1430841573,3,182,'a:0:{}'),(719,'172.249.156.98',4,'players','add',1430841614,3,183,'a:0:{}'),(720,'172.249.156.98',4,'players','add',1430841673,3,184,'a:0:{}'),(721,'172.249.156.98',4,'players','add',1430841724,3,185,'a:0:{}'),(722,'172.249.156.98',4,'players','add',1430841795,3,186,'a:0:{}'),(723,'172.249.156.98',4,'players','add',1430841842,3,187,'a:0:{}'),(724,'172.249.156.98',4,'players','add',1430841921,3,188,'a:0:{}'),(725,'84.24.3.137',1,'login','index',1430852815,8,0,'a:0:{}'),(726,'84.24.3.137',1,'login','index',1430859904,8,0,'a:0:{}'),(727,'84.24.3.137',4,'apiusers','add',1430859946,8,1,'a:0:{}'),(728,'84.24.3.137',1,'login','index',1430860476,8,0,'a:0:{}'),(729,'84.24.3.137',5,'apiusers','manage',1430860490,8,1,'a:0:{}'),(730,'172.249.156.98',1,'login','index',1430878208,3,0,'a:0:{}'),(731,'172.249.156.98',1,'login','index',1430951349,3,0,'a:0:{}'),(732,'73.174.153.190',1,'login','index',1430951409,2,0,'a:0:{}'),(733,'84.24.3.137',1,'login','index',1430951528,8,0,'a:0:{}'),(734,'172.249.156.98',2,'login','index',1431000799,0,0,'a:1:{s:8:\"username\";s:4:\"zach\";}'),(735,'172.249.156.98',1,'login','index',1431000802,3,0,'a:0:{}'),(736,'84.24.3.137',1,'login','index',1431082021,8,0,'a:0:{}'),(737,'172.249.156.98',2,'login','index',1431082149,0,0,'a:1:{s:8:\"username\";s:4:\"zach\";}'),(738,'172.249.156.98',1,'login','index',1431082156,3,0,'a:0:{}'),(739,'172.249.156.98',4,'games','add',1431082283,3,12,'a:0:{}'),(740,'84.24.3.137',5,'apiusers','manage',1431082358,8,0,'a:0:{}'),(741,'84.24.3.137',1,'login','index',1431088028,8,0,'a:0:{}'),(742,'172.249.156.98',1,'login','index',1431212119,3,0,'a:0:{}'),(743,'172.249.156.98',1,'login','index',1431222243,3,0,'a:0:{}'),(744,'84.24.3.137',1,'login','index',1431295966,8,0,'a:0:{}'),(745,'84.24.3.137',1,'login','index',1431298377,8,0,'a:0:{}'),(746,'172.249.156.98',1,'login','index',1431298873,3,0,'a:0:{}'),(747,'178.20.50.10',1,'login','index',1431387678,8,0,'a:0:{}'),(748,'178.20.50.10',4,'apiusers','add',1431387949,8,2,'a:0:{}'),(749,'178.20.50.10',1,'login','index',1431388892,8,0,'a:0:{}'),(750,'178.20.50.10',5,'apiusers','manage',1431388995,8,2,'a:0:{}'),(751,'178.20.50.10',5,'apiusers','manage',1431389043,8,2,'a:0:{}'),(752,'178.20.50.10',5,'apiusers','manage',1431389048,8,2,'a:0:{}'),(753,'178.20.50.10',1,'login','index',1431389430,8,0,'a:0:{}'),(754,'178.20.50.10',1,'login','index',1431442703,8,0,'a:0:{}'),(755,'178.20.50.10',1,'login','index',1431447015,8,0,'a:0:{}'),(756,'172.249.156.98',1,'login','index',1431457502,3,0,'a:0:{}'),(757,'172.249.156.98',1,'login','index',1431605077,3,0,'a:0:{}'),(758,'172.249.156.98',4,'leagues','add',1431612806,3,7,'a:0:{}'),(759,'172.249.156.98',5,'players','manage',1431613150,3,143,'a:0:{}'),(760,'172.249.156.98',4,'games','add',1431613537,3,13,'a:0:{}'),(761,'172.249.156.98',4,'players','add',1431615682,3,189,'a:0:{}'),(762,'150.212.3.58',1,'login','index',1431618528,2,0,'a:0:{}'),(763,'178.20.50.10',1,'login','index',1431618544,8,0,'a:0:{}'),(764,'150.212.3.58',5,'apiusers','manage',1431618589,2,2,'a:0:{}'),(765,'178.20.50.10',5,'apiusers','manage',1431618644,8,0,'a:0:{}'),(766,'80.235.71.152',1,'login','index',1431618778,4,0,'a:0:{}'),(767,'172.249.156.98',1,'login','index',1431619256,3,0,'a:0:{}'),(768,'150.212.3.58',7,'login','logout',1431619964,2,0,'a:0:{}'),(769,'84.24.3.137',1,'login','index',1432107947,8,0,'a:0:{}'),(770,'84.24.3.137',1,'login','index',1432157858,8,0,'a:0:{}'),(771,'58.152.247.138',2,'login','index',1432160142,0,0,'a:1:{s:8:\"username\";s:4:\"bert\";}'),(772,'58.152.247.138',2,'login','index',1432160149,0,0,'a:1:{s:8:\"username\";s:4:\"bert\";}'),(773,'84.24.3.137',2,'login','index',1432169054,0,0,'a:1:{s:8:\"username\";s:5:\"admin\";}'),(774,'84.24.3.137',1,'login','index',1432169060,8,0,'a:0:{}'),(775,'84.24.3.137',1,'login','index',1432214093,8,0,'a:0:{}'),(776,'84.24.3.137',1,'login','index',1432238676,8,0,'a:0:{}'),(777,'84.24.3.137',4,'adminusers','manage',1432238795,8,8,'a:0:{}'),(778,'84.24.3.137',4,'adminusers','manage',1432238815,8,8,'a:0:{}'),(779,'84.24.3.137',4,'adminusers','manage',1432238828,8,8,'a:0:{}'),(780,'84.24.3.137',7,'login','logout',1432238830,8,0,'a:0:{}'),(781,'84.24.3.137',1,'login','index',1432238842,8,0,'a:0:{}'),(782,'84.24.3.137',4,'admingroups','add',1432238955,8,0,'a:0:{}'),(783,'84.24.3.137',5,'admingroups','manage',1432238965,8,0,'a:0:{}'),(784,'84.24.3.137',4,'adminusers','add',1432241129,8,11,'a:0:{}'),(785,'84.24.3.137',4,'adminusers','add',1432241178,8,12,'a:0:{}'),(786,'84.24.3.137',4,'adminusers','add',1432241223,8,13,'a:0:{}'),(787,'84.24.3.137',4,'adminusers','add',1432241275,8,14,'a:0:{}'),(788,'84.24.3.137',4,'adminusers','add',1432241324,8,15,'a:0:{}'),(789,'84.24.3.137',4,'adminusers','add',1432245670,8,16,'a:0:{}'),(790,'213.236.42.89',1,'login','index',1432265987,13,0,'a:0:{}'),(791,'172.249.156.98',1,'login','index',1432266316,3,0,'a:0:{}'),(792,'172.249.156.98',4,'players','add',1432269627,3,190,'a:0:{}'),(793,'172.249.156.98',4,'players','add',1432269656,3,191,'a:0:{}'),(794,'172.249.156.98',4,'players','add',1432269694,3,192,'a:0:{}'),(795,'172.249.156.98',4,'players','add',1432269730,3,193,'a:0:{}'),(796,'172.249.156.98',4,'players','add',1432269778,3,194,'a:0:{}'),(797,'172.249.156.98',4,'players','add',1432269809,3,195,'a:0:{}'),(798,'172.249.156.98',4,'players','add',1432269836,3,196,'a:0:{}'),(799,'172.249.156.98',4,'players','add',1432269880,3,197,'a:0:{}'),(800,'172.249.156.98',4,'players','add',1432269912,3,198,'a:0:{}'),(801,'172.249.156.98',4,'players','add',1432269943,3,199,'a:0:{}'),(802,'172.249.156.98',4,'players','add',1432269990,3,200,'a:0:{}'),(803,'172.249.156.98',4,'players','add',1432270021,3,201,'a:0:{}'),(804,'172.249.156.98',4,'players','add',1432270053,3,202,'a:0:{}'),(805,'172.249.156.98',4,'games','add',1432270251,3,14,'a:0:{}'),(806,'172.249.156.98',7,'login','logout',1432270605,3,0,'a:0:{}'),(807,'172.249.156.98',1,'login','index',1432270740,3,0,'a:0:{}'),(808,'5.42.244.150',3,'gameselect','index',1432270778,13,0,'a:0:{}'),(809,'172.249.156.98',4,'adminusers','manage',1432270860,3,13,'a:0:{}'),(810,'5.42.244.150',3,'gameselect','index',1432270875,13,0,'a:0:{}'),(811,'5.42.244.150',3,'gameselect','index',1432270886,13,0,'a:0:{}'),(812,'5.42.244.150',3,'gameselect','index',1432270905,13,0,'a:0:{}'),(813,'172.249.156.98',1,'login','index',1432270913,13,0,'a:0:{}'),(814,'172.249.156.98',3,'dashboard','index',1432270913,13,0,'a:0:{}'),(815,'172.249.156.98',3,'dashboard','index',1432270917,13,0,'a:0:{}'),(816,'172.249.156.98',3,'trinkets','index',1432270918,13,0,'a:0:{}'),(817,'172.249.156.98',3,'dashboard','index',1432270919,13,0,'a:0:{}'),(818,'172.249.156.98',3,'buildings','index',1432270921,13,0,'a:0:{}'),(819,'172.249.156.98',7,'login','logout',1432270944,3,0,'a:0:{}'),(820,'172.249.156.98',1,'login','index',1432270963,13,0,'a:0:{}'),(821,'172.249.156.98',3,'dashboard','index',1432270963,13,0,'a:0:{}'),(822,'5.42.244.150',3,'gameselect','index',1432271024,13,0,'a:0:{}'),(823,'5.42.244.150',3,'gameselect','index',1432271085,13,0,'a:0:{}'),(824,'5.42.244.150',3,'gameselect','index',1432271099,13,0,'a:0:{}'),(825,'5.42.244.150',3,'gameselect','index',1432271105,13,0,'a:0:{}'),(826,'84.24.3.137',1,'login','index',1432271237,8,0,'a:0:{}'),(827,'5.42.244.150',3,'gameselect','index',1432271257,13,0,'a:0:{}'),(828,'5.42.244.150',3,'gameselect','index',1432271277,13,0,'a:0:{}'),(829,'5.42.244.150',3,'gameselect','index',1432271323,13,0,'a:0:{}'),(830,'84.24.3.137',4,'adminusers','manage',1432271350,8,13,'a:0:{}'),(831,'172.249.156.98',3,'dashboard','index',1432271362,13,0,'a:0:{}'),(832,'84.24.3.137',1,'login','index',1432271448,13,0,'a:0:{}'),(833,'84.24.3.137',3,'dashboard','index',1432271448,13,0,'a:0:{}'),(834,'5.42.244.150',3,'gameselect','index',1432271508,13,0,'a:0:{}'),(835,'5.42.244.150',3,'admingroups','index',1432271513,13,0,'a:0:{}'),(836,'5.42.244.150',3,'adminusers','index',1432271516,13,0,'a:0:{}'),(837,'5.42.244.150',3,'gameselect','index',1432271527,13,0,'a:0:{}'),(838,'172.249.156.98',3,'dashboard','index',1432271535,13,0,'a:0:{}'),(839,'5.42.244.150',3,'gameselect','index',1432271552,13,0,'a:0:{}'),(840,'5.42.244.150',3,'gameselect','index',1432271555,13,0,'a:0:{}'),(841,'5.42.244.150',3,'gameselect','index',1432271557,13,0,'a:0:{}'),(842,'5.42.244.150',3,'gameselect','index',1432271562,13,0,'a:0:{}'),(843,'5.42.244.150',3,'gameselect','index',1432271565,13,0,'a:0:{}'),(844,'5.42.244.150',3,'gameselect','index',1432271566,13,0,'a:0:{}'),(845,'5.42.244.150',3,'gameselect','index',1432271573,13,0,'a:0:{}'),(846,'5.42.244.150',3,'gameselect','index',1432271622,13,0,'a:0:{}'),(847,'5.42.244.150',3,'gameselect','index',1432271642,13,0,'a:0:{}'),(848,'207.244.76.210',1,'login','index',1432271718,13,0,'a:0:{}'),(849,'207.244.76.210',3,'dashboard','index',1432271718,13,0,'a:0:{}'),(850,'5.42.244.150',3,'gameselect','index',1432271786,13,0,'a:0:{}'),(851,'5.42.244.150',7,'login','logout',1432271791,13,0,'a:0:{}'),(852,'5.42.244.150',1,'login','index',1432271795,13,0,'a:0:{}'),(853,'5.42.244.150',3,'dashboard','index',1432271795,13,0,'a:0:{}'),(854,'172.249.156.98',3,'dashboard','index',1432271890,13,0,'a:0:{}'),(855,'172.249.156.98',7,'login','logout',1432271892,13,0,'a:0:{}'),(856,'172.249.156.98',2,'login','index',1432271897,0,0,'a:1:{s:8:\"username\";s:4:\"zach\";}'),(857,'172.249.156.98',1,'login','index',1432271911,3,0,'a:0:{}'),(858,'172.249.156.98',5,'apiusers','manage',1432272979,3,0,'a:0:{}'),(859,'84.24.3.137',5,'games','manage',1432274066,8,12,'a:0:{}'),(860,'172.249.156.98',4,'players','add',1432274190,3,203,'a:0:{}'),(861,'5.42.244.150',3,'dashboard','index',1432274241,13,0,'a:0:{}'),(862,'5.42.244.150',3,'games','index',1432274274,13,0,'a:0:{}'),(863,'172.249.156.98',4,'games','add',1432274285,3,15,'a:0:{}'),(864,'172.249.156.98',4,'teams','add',1432274517,3,60,'a:0:{}'),(865,'172.249.156.98',4,'players','add',1432274582,3,204,'a:0:{}'),(866,'172.249.156.98',4,'players','add',1432274617,3,205,'a:0:{}'),(867,'172.249.156.98',4,'apiusers','add',1432275894,3,3,'a:0:{}'),(868,'5.42.244.150',3,'dashboard','index',1432275990,13,0,'a:0:{}'),(869,'172.249.156.98',6,'apiusers','delete',1432276004,3,3,'a:0:{}'),(870,'5.42.244.150',1,'login','index',1432276154,13,0,'a:0:{}'),(871,'5.42.244.150',3,'dashboard','index',1432276155,13,0,'a:0:{}'),(872,'84.24.3.137',2,'login','index',1432276351,0,0,'a:1:{s:8:\"username\";s:6:\"andrax\";}'),(873,'84.24.3.137',2,'login','index',1432276360,0,0,'a:1:{s:8:\"username\";s:6:\"andrax\";}'),(874,'84.24.3.137',1,'login','index',1432276369,8,0,'a:0:{}'),(875,'172.249.156.98',4,'players','add',1432276666,3,206,'a:0:{}'),(876,'172.249.156.98',4,'players','add',1432276700,3,207,'a:0:{}'),(877,'172.249.156.98',4,'players','add',1432276745,3,208,'a:0:{}'),(878,'172.249.156.98',4,'players','add',1432276778,3,209,'a:0:{}'),(879,'172.249.156.98',4,'players','add',1432276875,3,210,'a:0:{}'),(880,'172.249.156.98',4,'players','add',1432276927,3,211,'a:0:{}'),(881,'172.249.156.98',5,'players','manage',1432277046,3,156,'a:0:{}'),(882,'172.249.156.98',4,'players','add',1432277119,3,212,'a:0:{}'),(883,'172.249.156.98',4,'players','add',1432277340,3,213,'a:0:{}'),(884,'172.249.156.98',4,'players','add',1432277401,3,214,'a:0:{}'),(885,'172.249.156.98',4,'players','add',1432277461,3,215,'a:0:{}'),(886,'5.42.244.150',3,'dashboard','index',1432277529,13,0,'a:0:{}'),(887,'172.249.156.98',4,'games','add',1432277609,3,16,'a:0:{}'),(888,'5.42.244.150',3,'buildings','index',1432279753,13,0,'a:0:{}'),(889,'172.249.156.98',4,'games','add',1432279772,3,17,'a:0:{}'),(890,'5.42.244.150',1,'login','index',1432281504,13,0,'a:0:{}'),(891,'5.42.244.150',3,'dashboard','index',1432281505,13,0,'a:0:{}'),(892,'172.249.156.98',4,'games','add',1432284875,3,18,'a:0:{}'),(893,'5.42.244.150',3,'dashboard','index',1432285911,13,0,'a:0:{}'),(894,'172.249.156.98',1,'login','index',1432290409,3,0,'a:0:{}'),(895,'172.249.156.98',4,'players','add',1432290764,3,216,'a:0:{}'),(896,'172.249.156.98',4,'players','add',1432290828,3,217,'a:0:{}'),(897,'172.249.156.98',4,'players','add',1432291020,3,218,'a:0:{}'),(898,'172.249.156.98',4,'players','add',1432291091,3,219,'a:0:{}'),(899,'172.249.156.98',4,'players','add',1432291123,3,220,'a:0:{}'),(900,'172.249.156.98',5,'players','manage',1432291192,3,220,'a:0:{}'),(901,'172.249.156.98',4,'players','add',1432291370,3,221,'a:0:{}'),(902,'172.249.156.98',4,'players','add',1432291415,3,222,'a:0:{}'),(903,'172.249.156.98',4,'players','add',1432291449,3,223,'a:0:{}'),(904,'172.249.156.98',4,'players','add',1432291484,3,224,'a:0:{}'),(905,'172.249.156.98',4,'players','add',1432291538,3,225,'a:0:{}'),(906,'172.249.156.98',5,'players','manage',1432291730,3,225,'a:0:{}'),(907,'172.249.156.98',4,'games','add',1432291816,3,19,'a:0:{}'),(908,'172.249.156.98',4,'games','add',1432291984,3,20,'a:0:{}'),(909,'188.251.219.18',1,'login','index',1432292067,14,0,'a:0:{}'),(910,'188.251.219.18',3,'dashboard','index',1432292067,14,0,'a:0:{}'),(911,'188.251.219.18',3,'champions','index',1432292082,14,0,'a:0:{}'),(912,'188.251.219.18',3,'tournaments','index',1432292089,14,0,'a:0:{}'),(913,'188.251.219.18',3,'leagues','index',1432292117,14,0,'a:0:{}'),(914,'188.251.219.18',3,'games','index',1432292119,14,0,'a:0:{}'),(915,'188.251.219.18',3,'champions','index',1432292119,14,0,'a:0:{}'),(916,'188.251.219.18',3,'buildings','index',1432292120,14,0,'a:0:{}'),(917,'188.251.219.18',3,'dashboard','index',1432292121,14,0,'a:0:{}'),(918,'188.251.219.18',3,'buildings','index',1432292324,14,0,'a:0:{}'),(919,'188.251.219.18',3,'champions','index',1432292326,14,0,'a:0:{}'),(920,'188.251.219.18',3,'games','index',1432292326,14,0,'a:0:{}'),(921,'188.251.219.18',3,'items','index',1432292327,14,0,'a:0:{}'),(922,'188.251.219.18',3,'leagues','index',1432292328,14,0,'a:0:{}'),(923,'188.251.219.18',3,'monsters','index',1432292329,14,0,'a:0:{}'),(924,'188.251.219.18',3,'overseers','index',1432292329,14,0,'a:0:{}'),(925,'188.251.219.18',3,'runes','index',1432292331,14,0,'a:0:{}'),(926,'5.42.244.150',1,'login','index',1432323264,13,0,'a:0:{}'),(927,'5.42.244.150',3,'dashboard','index',1432323264,13,0,'a:0:{}'),(928,'172.249.156.98',1,'login','index',1432337277,3,0,'a:0:{}'),(929,'172.249.156.98',1,'login','index',1432344927,3,0,'a:0:{}'),(930,'172.249.156.98',2,'login','index',1432355916,0,0,'a:1:{s:8:\"username\";s:4:\"zach\";}'),(931,'172.249.156.98',1,'login','index',1432355942,3,0,'a:0:{}'),(932,'172.249.156.98',4,'games','add',1432356206,3,21,'a:0:{}'),(933,'172.249.156.98',4,'games','add',1432356310,3,22,'a:0:{}'),(934,'172.249.156.98',1,'login','index',1432396726,3,0,'a:0:{}'),(935,'172.249.156.98',4,'adminusers','manage',1432396768,3,1,'a:0:{}'),(936,'84.24.3.137',2,'login','index',1432407299,0,0,'a:1:{s:8:\"username\";s:6:\"andrax\";}'),(937,'84.24.3.137',1,'login','index',1432407307,8,0,'a:0:{}'),(938,'84.24.3.137',1,'login','index',1432458692,8,0,'a:0:{}'),(939,'84.24.3.137',1,'login','index',1432475433,8,0,'a:0:{}'),(940,'84.24.3.137',1,'login','index',1432557883,8,0,'a:0:{}'),(941,'84.24.3.137',1,'login','index',1432558721,8,0,'a:0:{}'),(942,'84.24.3.137',4,'apiusers','add',1432558735,8,4,'a:0:{}'),(943,'84.24.3.137',5,'apiusers','manage',1432558910,8,4,'a:0:{}'),(944,'84.24.3.137',4,'apiusers','add',1432559204,8,5,'a:0:{}'),(945,'84.24.3.137',5,'apiusers','manage',1432561633,8,5,'a:0:{}'),(946,'84.24.3.137',1,'login','index',1432569273,8,0,'a:0:{}'),(947,'84.24.3.137',3,'apiusers','ajax',1432569280,8,0,'a:0:{}'),(948,'84.24.3.137',3,'apiusers','ajax',1432569280,8,0,'a:0:{}'),(949,'84.24.3.137',3,'apiusers','ajax',1432569280,8,0,'a:0:{}'),(950,'84.24.3.137',3,'apiusers','ajax',1432569306,8,0,'a:0:{}'),(951,'84.24.3.137',3,'apiusers','ajax',1432569306,8,0,'a:0:{}'),(952,'84.24.3.137',3,'apiusers','ajax',1432569306,8,0,'a:0:{}'),(953,'84.24.3.137',3,'apiusers','ajax',1432569408,8,0,'a:0:{}'),(954,'84.24.3.137',3,'apiusers','ajax',1432569408,8,0,'a:0:{}'),(955,'84.24.3.137',3,'apiusers','ajax',1432569409,8,0,'a:0:{}'),(956,'84.24.3.137',3,'apiusers','ajax',1432569435,8,0,'a:0:{}'),(957,'84.24.3.137',3,'apiusers','ajax',1432569435,8,0,'a:0:{}'),(958,'84.24.3.137',3,'apiusers','ajax',1432569435,8,0,'a:0:{}'),(959,'84.24.3.137',1,'login','index',1432570599,8,0,'a:0:{}'),(960,'84.24.3.137',1,'login','index',1432713031,8,0,'a:0:{}'),(961,'84.24.3.137',1,'login','index',1432738516,8,0,'a:0:{}'),(962,'172.249.156.98',2,'login','index',1432754083,0,0,'a:1:{s:8:\"username\";s:4:\"zach\";}'),(963,'172.249.156.98',1,'login','index',1432754087,3,0,'a:0:{}'),(964,'84.24.229.208',2,'login','index',1432806138,0,0,'a:1:{s:8:\"username\";s:5:\"admin\";}'),(965,'84.24.229.208',2,'login','index',1432806140,0,0,'a:1:{s:8:\"username\";s:5:\"admin\";}'),(966,'5.42.244.150',1,'login','index',1432823222,13,0,'a:0:{}'),(967,'5.42.244.150',3,'dashboard','index',1432823223,13,0,'a:0:{}'),(968,'84.24.3.137',1,'login','index',1432849106,8,0,'a:0:{}'),(969,'73.174.153.190',1,'login','index',1432849109,2,0,'a:0:{}'),(970,'84.24.3.137',1,'login','index',1432850753,8,0,'a:0:{}'),(971,'188.251.219.18',2,'login','index',1432890272,0,0,'a:1:{s:8:\"username\";s:21:\"turtle@alphadraft.com\";}'),(972,'188.251.219.18',2,'login','index',1432890279,0,0,'a:1:{s:8:\"username\";s:21:\"turtle@alphadraft.com\";}'),(973,'188.251.219.18',2,'login','index',1432890310,0,0,'a:1:{s:8:\"username\";s:21:\"turtle@alphadraft.com\";}'),(974,'84.24.3.137',1,'login','index',1432910893,8,0,'a:0:{}'),(975,'84.24.3.137',4,'apiusers','add',1432910913,8,6,'a:0:{}'),(976,'84.24.3.137',5,'apiusers','manage',1432910945,8,6,'a:0:{}'),(977,'84.24.3.137',5,'apiusers','manage',1432910978,8,6,'a:0:{}'),(978,'84.24.3.137',5,'apiusers','manage',1432910996,8,6,'a:0:{}'),(979,'188.251.219.18',2,'login','index',1432977423,0,0,'a:1:{s:8:\"username\";s:21:\"turtle@alphadraft.com\";}'),(980,'84.24.3.137',1,'login','index',1433018958,8,0,'a:0:{}'),(981,'84.24.3.137',1,'login','index',1433089647,8,0,'a:0:{}'),(982,'213.236.42.89',1,'login','index',1433097510,13,0,'a:0:{}'),(983,'213.236.42.89',3,'dashboard','index',1433097510,13,0,'a:0:{}'),(984,'213.236.42.89',3,'regions','index',1433097519,13,0,'a:0:{}'),(985,'213.236.42.89',3,'players','index',1433097522,13,0,'a:0:{}'),(986,'84.24.3.137',1,'login','index',1433100065,8,0,'a:0:{}'),(987,'84.24.3.137',1,'login','index',1433156935,8,0,'a:0:{}'),(988,'172.249.156.98',2,'login','index',1433207799,0,0,'a:1:{s:8:\"username\";s:4:\"zach\";}'),(989,'172.249.156.98',2,'login','index',1433207804,0,0,'a:1:{s:8:\"username\";s:4:\"zach\";}'),(990,'172.249.156.98',1,'login','index',1433207812,3,0,'a:0:{}'),(991,'172.249.156.98',4,'players','add',1433208089,3,226,'a:0:{}');

--
-- Table structure for table `skill`
--

CREATE TABLE `skill` (
  `skill_id` int(11) NOT NULL AUTO_INCREMENT,
  `skill_name` varchar(45) DEFAULT NULL,
  `skill_description` varchar(255) DEFAULT NULL,
  `skill_ispassive` tinyint(1) NOT NULL,
  `image` varchar(140) DEFAULT NULL,
  `patch_number` varchar(10) NOT NULL,
  `current_patch` tinyint(1) NOT NULL,
  `update_time` timestamp NOT NULL DEFAULT CURRENT_TIMESTAMP,
  PRIMARY KEY (`skill_id`),
  KEY `skill_patch_number` (`patch_number`),
  CONSTRAINT `skill_patch_number` FOREIGN KEY (`patch_number`) REFERENCES `patch` (`patch_number`) ON DELETE NO ACTION ON UPDATE NO ACTION
) ENGINE=InnoDB AUTO_INCREMENT=2 DEFAULT CHARSET=utf8;

--
-- Dumping data for table `skill`
--


--
-- Table structure for table `skill_level_up_event`
--

CREATE TABLE `skill_level_up_event` (
  `skill_level_up_event_id` int(11) NOT NULL AUTO_INCREMENT,
  `player_game_id` int(11) NOT NULL,
  `skill_slot` int(11) NOT NULL,
  `level_up_type` varchar(10) NOT NULL,
  `game_time` int(11) NOT NULL,
  `update_time` timestamp NOT NULL DEFAULT CURRENT_TIMESTAMP,
  PRIMARY KEY (`skill_level_up_event_id`,`player_game_id`),
  KEY `skill_level_up_event_player_game_idx` (`player_game_id`),
  CONSTRAINT `skill_level_up_event_player_game` FOREIGN KEY (`player_game_id`) REFERENCES `player_game` (`game_player_id`) ON DELETE NO ACTION ON UPDATE NO ACTION
) ENGINE=InnoDB DEFAULT CHARSET=utf8;

--
-- Dumping data for table `skill_level_up_event`
--


--
-- Table structure for table `spell`
--

CREATE TABLE `spell` (
  `spell_id` int(11) NOT NULL AUTO_INCREMENT,
  `spell_name` varchar(30) NOT NULL,
  `spell_effect` longtext NOT NULL,
  `cooldown` int(3) NOT NULL,
  `image` varchar(140) DEFAULT NULL,
  `patch_number` varchar(10) NOT NULL,
  `current_patch` tinyint(1) NOT NULL,
  `update_time` timestamp NOT NULL DEFAULT CURRENT_TIMESTAMP,
  `mode` varchar(45) DEFAULT NULL,
  PRIMARY KEY (`spell_id`),
  UNIQUE KEY `spell_name_UNIQUE` (`spell_name`),
  KEY `spell_patch_number` (`patch_number`),
  CONSTRAINT `spell_patch_number` FOREIGN KEY (`patch_number`) REFERENCES `patch` (`patch_number`) ON DELETE NO ACTION ON UPDATE NO ACTION
) ENGINE=InnoDB AUTO_INCREMENT=2 DEFAULT CHARSET=utf8;

--
-- Dumping data for table `spell`
--

INSERT INTO `spell` VALUES (1,'Heal','Restore HP',0,NULL,'3.15',0,'2015-03-27 01:55:18',NULL);

--
-- Table structure for table `split`
--

CREATE TABLE `split` (
  `split_id` int(11) NOT NULL AUTO_INCREMENT,
  `description` varchar(140) NOT NULL,
  `start_date` date NOT NULL,
  `end_date` date NOT NULL,
  `update_time` timestamp NOT NULL DEFAULT CURRENT_TIMESTAMP,
  PRIMARY KEY (`split_id`)
) ENGINE=InnoDB AUTO_INCREMENT=3 DEFAULT CHARSET=utf8;

--
-- Dumping data for table `split`
--

INSERT INTO `split` VALUES (1,'Summer 2015','0000-00-00','0000-00-00','2015-04-04 02:58:38'),(2,'2015 Spring','0000-00-00','0000-00-00','2015-04-04 22:52:53');

--
-- Table structure for table `team`
--

CREATE TABLE `team` (
  `team_id` int(11) NOT NULL AUTO_INCREMENT,
  `team_name` varchar(40) NOT NULL,
  `team_code` varchar(5) DEFAULT NULL,
  `country_id` int(11) NOT NULL DEFAULT '0',
  `status` varchar(10) NOT NULL,
  `region_id` int(11) NOT NULL DEFAULT '0',
  `coach_player_id` int(11) DEFAULT NULL,
  `analyst_player_id` int(11) DEFAULT NULL,
  `manager_player_id` int(11) DEFAULT NULL,
  `team_captain_player_id` int(11) DEFAULT NULL,
  `website` varchar(140) DEFAULT NULL,
  `youtube` varchar(140) DEFAULT NULL,
  `facebook` varchar(140) DEFAULT NULL,
  `twitter` varchar(140) DEFAULT NULL,
  `creation_date` date DEFAULT NULL,
  `logo` varchar(140) DEFAULT NULL,
  `image` varchar(140) DEFAULT NULL,
  `notes` longtext,
  `update_time` timestamp NOT NULL DEFAULT CURRENT_TIMESTAMP,
  `league_id` int(11) DEFAULT NULL,
  PRIMARY KEY (`team_id`),
  KEY `TEAM_NAME` (`team_name`),
  KEY `team_country_id` (`country_id`),
  KEY `team_region_id` (`region_id`),
  KEY `team_analyst_player_id` (`analyst_player_id`),
  KEY `team_league_id` (`league_id`),
  CONSTRAINT `team_country_id` FOREIGN KEY (`country_id`) REFERENCES `country` (`country_id`) ON DELETE NO ACTION ON UPDATE NO ACTION,
  CONSTRAINT `team_league_id` FOREIGN KEY (`league_id`) REFERENCES `league` (`league_id`) ON DELETE NO ACTION ON UPDATE NO ACTION,
  CONSTRAINT `team_region_id` FOREIGN KEY (`region_id`) REFERENCES `region` (`region_id`) ON DELETE NO ACTION ON UPDATE NO ACTION
) ENGINE=InnoDB AUTO_INCREMENT=61 DEFAULT CHARSET=utf8;

--
-- Dumping data for table `team`
--

INSERT INTO `team` VALUES (6,'Counter Logic Gaming','CLG',236,'active',1,2,4,3,1,'','','','',NULL,NULL,NULL,'','2015-04-04 03:59:24',1),(7,'Cloud9','C9',236,'0',1,6,6,6,6,'','','','',NULL,NULL,NULL,'','2015-04-30 14:53:40',2),(8,'Team SoloMid','TSM',236,'Active',1,7,7,7,7,'','','','',NULL,NULL,NULL,'','2015-04-04 22:29:03',NULL),(9,'Cerberus eSports','CRB',236,'0',1,NULL,NULL,NULL,NULL,NULL,NULL,NULL,NULL,NULL,NULL,NULL,NULL,'2015-04-30 13:23:21',3),(10,'Inertia Gaming','INT',236,'0',1,NULL,NULL,NULL,NULL,NULL,NULL,NULL,NULL,NULL,NULL,NULL,NULL,'2015-04-20 21:53:08',3),(11,'Misfits','MSF',236,'0',1,NULL,NULL,NULL,NULL,NULL,NULL,NULL,NULL,NULL,NULL,NULL,NULL,'2015-04-20 21:53:28',3),(12,'Frank Fang Gaming','FFG',236,'0',1,NULL,NULL,NULL,NULL,NULL,NULL,NULL,NULL,NULL,NULL,NULL,NULL,'2015-04-20 21:53:52',3),(13,'Team Dreamek','DRM',236,'0',1,NULL,NULL,NULL,NULL,NULL,NULL,NULL,NULL,NULL,NULL,NULL,NULL,'2015-04-20 21:54:28',3),(14,'Crewcade','CRW',236,'0',1,NULL,NULL,NULL,NULL,NULL,NULL,NULL,NULL,NULL,NULL,NULL,NULL,'2015-04-20 21:57:07',3),(15,'Cloud9 Tempest','C9T',236,'0',1,NULL,NULL,NULL,NULL,NULL,NULL,NULL,NULL,NULL,NULL,NULL,NULL,'2015-04-20 21:57:36',3),(16,'SYNRGY Gaming','SYN',236,'0',1,NULL,NULL,NULL,NULL,NULL,NULL,NULL,NULL,NULL,NULL,NULL,NULL,'2015-04-20 21:58:02',3),(17,'Elomingle','ELO',236,'0',1,NULL,NULL,NULL,NULL,NULL,NULL,NULL,NULL,NULL,NULL,NULL,NULL,'2015-04-20 21:58:24',3),(18,'Storm','STR',236,'0',1,NULL,NULL,NULL,NULL,NULL,NULL,NULL,NULL,NULL,NULL,NULL,NULL,'2015-04-20 22:01:00',3),(19,'Team Dragon Knights','TDK',236,'0',1,NULL,NULL,NULL,NULL,NULL,NULL,NULL,NULL,NULL,NULL,NULL,NULL,'2015-04-30 13:21:35',2),(20,'Winterfox','WFX',236,'0',1,NULL,NULL,NULL,NULL,NULL,NULL,NULL,NULL,NULL,NULL,NULL,NULL,'2015-04-25 19:16:57',NULL),(21,'dignitas','DIG',1,'0',1,NULL,NULL,NULL,NULL,NULL,NULL,NULL,NULL,NULL,NULL,NULL,NULL,'2015-04-30 13:09:16',2),(22,'Team Fusion Gaming','FSN',236,'0',1,NULL,NULL,NULL,NULL,NULL,NULL,NULL,NULL,NULL,NULL,NULL,NULL,'2015-04-25 19:17:57',NULL),(23,'Team ROCCAT','ROC',177,'0',1,NULL,NULL,NULL,NULL,NULL,NULL,NULL,NULL,NULL,NULL,NULL,NULL,'2015-04-25 19:20:02',NULL),(24,'Copenhagen Wolves','CW',61,'0',5,NULL,NULL,NULL,NULL,NULL,NULL,NULL,NULL,NULL,NULL,NULL,NULL,'2015-04-25 19:20:59',NULL),(25,'Quantic Gaming','QTC',236,'1',1,NULL,NULL,NULL,NULL,NULL,NULL,NULL,NULL,NULL,NULL,NULL,NULL,'2015-04-30 14:19:20',NULL),(26,'Gravity','GV',236,'0',1,NULL,NULL,NULL,NULL,NULL,NULL,NULL,NULL,NULL,NULL,NULL,NULL,'2015-04-30 15:49:29',2),(27,'Team 8','T8',236,'0',1,NULL,NULL,NULL,NULL,NULL,NULL,NULL,NULL,NULL,NULL,NULL,NULL,'2015-04-30 15:49:52',2),(28,'Team Coast','CST',236,'0',1,NULL,NULL,NULL,NULL,NULL,NULL,NULL,NULL,NULL,NULL,NULL,NULL,'2015-04-30 15:50:18',2),(30,'Team Impulse','TIP',236,'0',1,NULL,NULL,NULL,NULL,NULL,NULL,NULL,NULL,NULL,NULL,NULL,NULL,'2015-04-30 15:51:30',2),(31,'Team Liquid','TL',236,'0',1,NULL,NULL,NULL,NULL,NULL,NULL,NULL,NULL,NULL,NULL,NULL,NULL,'2015-04-30 15:51:47',2),(32,'H2k','H2k',235,'0',5,NULL,NULL,NULL,NULL,NULL,NULL,NULL,NULL,NULL,NULL,NULL,NULL,'2015-05-02 01:37:10',4),(33,'SK Gaming','SK',83,'0',5,NULL,NULL,NULL,NULL,NULL,NULL,NULL,NULL,NULL,NULL,NULL,NULL,'2015-05-02 01:37:42',4),(34,'Fnatic','FNC',235,'0',5,NULL,NULL,NULL,NULL,NULL,NULL,NULL,NULL,NULL,NULL,NULL,NULL,'2015-05-02 01:38:19',4),(35,'Gambit Gaming','GMB',183,'0',5,NULL,NULL,NULL,NULL,NULL,NULL,NULL,NULL,NULL,NULL,NULL,NULL,'2015-05-02 01:38:44',4),(36,'Unicorns of Love','UOL',83,'0',5,NULL,NULL,NULL,NULL,NULL,NULL,NULL,NULL,NULL,NULL,NULL,NULL,'2015-05-02 01:41:35',4),(37,'Giants Gaming','GIA',209,'0',5,NULL,NULL,NULL,NULL,NULL,NULL,NULL,NULL,NULL,NULL,NULL,NULL,'2015-05-02 01:42:25',4),(38,'SK Telecom T1','SKT',119,'0',4,NULL,NULL,NULL,NULL,NULL,NULL,NULL,NULL,NULL,NULL,NULL,NULL,'2015-05-05 15:49:23',NULL),(39,'Ahq e-Sports Club','AHQ',218,'0',8,NULL,NULL,NULL,NULL,NULL,NULL,NULL,NULL,NULL,NULL,NULL,NULL,'2015-05-05 15:51:33',NULL),(40,'Beşiktaş e-Sports Club','BES',228,'0',7,NULL,NULL,NULL,NULL,NULL,NULL,NULL,NULL,NULL,NULL,NULL,NULL,'2015-05-05 15:52:10',NULL),(41,'EDward Gaming','EDG',46,'0',3,NULL,NULL,NULL,NULL,NULL,NULL,NULL,NULL,NULL,NULL,NULL,NULL,'2015-05-05 19:04:18',6),(42,'CJ Entus','CJE',119,'0',4,NULL,NULL,NULL,NULL,NULL,NULL,NULL,NULL,NULL,NULL,NULL,NULL,'2015-05-05 17:39:22',5),(43,'GE Tigers','GET',119,'0',4,NULL,NULL,NULL,NULL,NULL,NULL,NULL,NULL,NULL,NULL,NULL,NULL,'2015-05-05 17:39:56',NULL),(44,'Incredible Miracle','IM',119,'0',4,NULL,NULL,NULL,NULL,NULL,NULL,NULL,NULL,NULL,NULL,NULL,NULL,'2015-05-05 17:40:40',5),(45,'Jin Air Green Wings','JAG',119,'0',4,NULL,NULL,NULL,NULL,NULL,NULL,NULL,NULL,NULL,NULL,NULL,NULL,'2015-05-05 17:42:14',5),(46,'KT Rolster','KTR',119,'0',4,NULL,NULL,NULL,NULL,NULL,NULL,NULL,NULL,NULL,NULL,NULL,NULL,'2015-05-05 17:43:37',5),(47,'NaJin e-mFire','NJF',119,'0',4,NULL,NULL,NULL,NULL,NULL,NULL,NULL,NULL,NULL,NULL,NULL,NULL,'2015-05-05 17:45:45',NULL),(48,'Samsung Galaxy','SSG',119,'0',4,NULL,NULL,NULL,NULL,NULL,NULL,NULL,NULL,NULL,NULL,NULL,NULL,'2015-05-05 17:46:15',5),(49,'Energy PACEMAKER','EP',46,'0',3,NULL,NULL,NULL,NULL,NULL,NULL,NULL,NULL,NULL,NULL,NULL,NULL,'2015-05-05 19:12:24',6),(50,'Gamtee','GT',46,'0',3,NULL,NULL,NULL,NULL,NULL,NULL,NULL,NULL,NULL,NULL,NULL,NULL,'2015-05-05 19:13:04',6),(51,'Invictus Gaming','IG',46,'0',3,NULL,NULL,NULL,NULL,NULL,NULL,NULL,NULL,NULL,NULL,NULL,NULL,'2015-05-05 19:13:31',6),(52,'King','KNG',46,'0',3,NULL,NULL,NULL,NULL,NULL,NULL,NULL,NULL,NULL,NULL,NULL,NULL,'2015-05-05 19:14:07',6),(53,'LGD Gaming','LGD',46,'0',3,NULL,NULL,NULL,NULL,NULL,NULL,NULL,NULL,NULL,NULL,NULL,NULL,'2015-05-05 19:14:34',6),(54,'Master3','M3',46,'0',3,NULL,NULL,NULL,NULL,NULL,NULL,NULL,NULL,NULL,NULL,NULL,NULL,'2015-05-05 19:14:53',6),(55,'OMG','OMG',46,'0',3,NULL,NULL,NULL,NULL,NULL,NULL,NULL,NULL,NULL,NULL,NULL,NULL,'2015-05-05 19:15:11',6),(56,'Snake','SNK',46,'0',3,NULL,NULL,NULL,NULL,NULL,NULL,NULL,NULL,NULL,NULL,NULL,NULL,'2015-05-05 19:15:37',6),(57,'Star Horn Royal Club','SHRC',46,'0',3,NULL,NULL,NULL,NULL,NULL,NULL,NULL,NULL,NULL,NULL,NULL,NULL,'2015-05-05 19:16:05',6),(58,'Team WE','WE',46,'0',3,NULL,NULL,NULL,NULL,NULL,NULL,NULL,NULL,NULL,NULL,NULL,NULL,'2015-05-05 19:16:32',6),(59,'Vici Gaming','VG',46,'0',3,NULL,NULL,NULL,NULL,NULL,NULL,NULL,NULL,NULL,NULL,NULL,NULL,'2015-05-05 19:17:09',6),(60,'Unlimited Potential','UP',46,'0',3,NULL,NULL,NULL,NULL,NULL,NULL,NULL,NULL,NULL,NULL,NULL,NULL,'2015-05-22 10:01:57',6);

--
-- Table structure for table `team_game`
--

CREATE TABLE `team_game` (
  `team_game_id` int(11) NOT NULL AUTO_INCREMENT,
  `team_id` int(11) NOT NULL,
  `game_id` int(11) NOT NULL,
  `map_side` varchar(10) DEFAULT NULL COMMENT 'red/blue',
  `winning_team` int(11) DEFAULT NULL,
  `ban_champion_1_id` int(11) DEFAULT NULL,
  `ban_champion_2_id` int(11) DEFAULT NULL,
  `ban_champion_3_id` int(11) DEFAULT NULL,
  `kill_first` tinyint(1) NOT NULL DEFAULT '0',
  `tower_first` tinyint(1) NOT NULL DEFAULT '0' COMMENT 'Whether or not team got first',
  `inhib_first` tinyint(1) NOT NULL DEFAULT '0',
  `dragon_first` tinyint(1) NOT NULL DEFAULT '0',
  `baron_first` tinyint(1) NOT NULL DEFAULT '0',
  `total_assists` int(3) NOT NULL DEFAULT '0',
  `total_baron` int(2) DEFAULT '0',
  `total_cs` int(4) NOT NULL DEFAULT '0',
  `total_deaths` int(2) NOT NULL DEFAULT '0',
  `total_dragon` int(2) NOT NULL DEFAULT '0',
  `total_gold` int(6) NOT NULL DEFAULT '0',
  `total_inhib` int(2) NOT NULL DEFAULT '0',
  `total_kills` int(2) NOT NULL DEFAULT '0',
  `total_tower` int(2) NOT NULL DEFAULT '0',
  `first_baron_time` time DEFAULT NULL,
  `first_dragon_time` time DEFAULT NULL,
  `first_inhib_time` time DEFAULT NULL,
  `first_kill_time` time DEFAULT NULL,
  `first_tower_time` time DEFAULT NULL COMMENT 'Time for individual team to get first enemy tower',
  `update_time` timestamp NOT NULL DEFAULT CURRENT_TIMESTAMP,
  PRIMARY KEY (`team_game_id`),
  KEY `team_game_team_id` (`team_id`),
  KEY `team_game_ban_champion_1_id` (`ban_champion_1_id`),
  KEY `team_game_ban_champion_2_id` (`ban_champion_2_id`),
  KEY `team_game_ban_champion_3_id` (`ban_champion_3_id`),
  KEY `team_game_game_id` (`game_id`),
  CONSTRAINT `team_game_ban_champion_1_id` FOREIGN KEY (`ban_champion_1_id`) REFERENCES `champion` (`champion_id`) ON DELETE NO ACTION ON UPDATE NO ACTION,
  CONSTRAINT `team_game_ban_champion_2_id` FOREIGN KEY (`ban_champion_2_id`) REFERENCES `champion` (`champion_id`) ON DELETE NO ACTION ON UPDATE NO ACTION,
  CONSTRAINT `team_game_ban_champion_3_id` FOREIGN KEY (`ban_champion_3_id`) REFERENCES `champion` (`champion_id`) ON DELETE NO ACTION ON UPDATE NO ACTION,
  CONSTRAINT `team_game_game_id` FOREIGN KEY (`game_id`) REFERENCES `game` (`game_id`) ON DELETE CASCADE ON UPDATE NO ACTION,
  CONSTRAINT `team_game_team_id` FOREIGN KEY (`team_id`) REFERENCES `team` (`team_id`) ON DELETE NO ACTION ON UPDATE NO ACTION
) ENGINE=InnoDB AUTO_INCREMENT=46 DEFAULT CHARSET=utf8;

--
-- Dumping data for table `team_game`
--

INSERT INTO `team_game` VALUES (16,7,8,'Blue',NULL,102,64,266,0,0,0,0,0,0,0,0,0,0,4000,0,0,0,NULL,NULL,NULL,NULL,NULL,'2015-04-18 18:27:46'),(17,8,8,'Red',NULL,50,40,79,0,0,0,0,0,0,0,0,0,0,3300,0,0,0,NULL,NULL,NULL,NULL,NULL,'2015-04-18 18:27:46'),(18,8,9,'Blue',NULL,238,115,26,0,1,1,1,1,0,3,0,0,2,135300,0,0,1,NULL,NULL,NULL,NULL,NULL,'2015-04-20 03:58:54'),(19,7,9,'Red',NULL,154,83,157,0,0,0,0,0,0,6,0,0,5,501600,0,0,4,NULL,NULL,NULL,NULL,NULL,'2015-04-20 03:58:54'),(20,8,10,'Blue',NULL,110,143,26,0,0,0,0,0,0,0,0,0,0,1200,0,0,0,NULL,NULL,NULL,NULL,NULL,'2015-04-23 02:50:18'),(21,7,10,'Red',NULL,112,8,37,0,0,0,0,0,0,0,0,0,0,1300,0,0,0,NULL,NULL,NULL,NULL,NULL,'2015-04-23 02:50:18'),(24,8,12,'Blue',8,120,25,14,0,0,1,0,1,0,2,0,0,4,71600,0,0,10,NULL,NULL,NULL,NULL,NULL,'2015-05-08 14:51:23'),(25,6,12,'Red',8,15,1,57,0,1,0,1,0,0,0,0,0,2,60200,0,0,5,NULL,NULL,NULL,NULL,NULL,'2015-05-08 14:51:23'),(26,38,13,'Blue',NULL,14,57,117,0,0,0,0,0,0,0,0,0,0,0,0,0,0,NULL,NULL,NULL,NULL,NULL,'2015-05-14 18:25:37'),(27,8,13,'Red',NULL,68,7,113,0,0,0,0,0,0,0,0,0,0,0,0,0,0,NULL,NULL,NULL,NULL,NULL,'2015-05-14 18:25:37'),(28,58,14,'Blue',51,79,268,429,0,0,1,0,1,0,0,0,0,2,48300,0,0,2,NULL,NULL,NULL,NULL,NULL,'2015-05-22 08:50:51'),(29,51,14,'Red',51,14,6,69,0,1,0,0,0,0,1,0,0,1,57700,0,0,7,NULL,NULL,NULL,NULL,NULL,'2015-05-22 08:50:51'),(30,51,15,'Blue',51,14,6,268,0,1,1,1,1,0,1,0,0,2,49200,0,0,7,NULL,NULL,NULL,NULL,NULL,'2015-05-22 09:58:05'),(31,58,15,'Red',51,79,429,69,0,0,0,0,0,0,0,0,0,0,34800,0,0,0,NULL,NULL,NULL,NULL,NULL,'2015-05-22 09:58:05'),(32,56,16,'Blue',56,20,79,57,0,1,1,0,1,0,1,0,0,2,62800,0,0,9,NULL,NULL,NULL,NULL,NULL,'2015-05-22 10:53:29'),(33,60,16,'Red',56,429,120,6,0,0,0,1,0,0,0,0,0,1,47800,0,0,3,NULL,NULL,NULL,NULL,NULL,'2015-05-22 10:53:29'),(34,56,17,'Blue',60,20,421,429,0,0,0,0,1,0,1,0,0,2,68600,0,0,6,NULL,NULL,NULL,NULL,NULL,'2015-05-22 11:29:32'),(35,60,17,'Red',60,7,120,69,0,1,1,1,0,0,1,0,0,4,75200,0,0,10,NULL,NULL,NULL,NULL,NULL,'2015-05-22 11:29:32'),(36,60,18,'Blue',NULL,NULL,NULL,NULL,0,0,0,0,0,0,0,0,0,0,0,0,0,0,NULL,NULL,NULL,NULL,NULL,'2015-05-22 12:54:35'),(37,56,18,'Red',NULL,NULL,NULL,NULL,0,0,0,0,0,0,0,0,0,0,0,0,0,0,NULL,NULL,NULL,NULL,NULL,'2015-05-22 12:54:35'),(38,55,19,'Blue',55,76,120,421,0,1,1,1,0,0,0,0,0,4,59700,0,0,11,NULL,NULL,NULL,NULL,NULL,'2015-05-22 14:50:16'),(39,59,19,'Red',55,7,429,236,0,0,0,0,1,0,1,0,0,0,41200,0,0,0,NULL,NULL,NULL,NULL,NULL,'2015-05-22 14:50:16'),(40,59,20,'Blue',59,429,12,120,0,1,1,1,1,0,1,0,0,4,65200,0,0,9,NULL,NULL,NULL,NULL,NULL,'2015-05-22 14:53:04'),(41,55,20,'Red',59,421,79,150,0,0,0,0,0,0,0,0,0,1,58300,0,0,3,NULL,NULL,NULL,NULL,NULL,'2015-05-22 14:53:04'),(42,59,21,'Blue',NULL,NULL,NULL,NULL,0,0,0,0,0,0,0,0,0,0,0,0,0,0,NULL,NULL,NULL,NULL,NULL,'2015-05-23 08:43:26'),(43,60,21,'Red',NULL,NULL,NULL,NULL,0,0,0,0,0,0,0,0,0,0,0,0,0,0,NULL,NULL,NULL,NULL,NULL,'2015-05-23 08:43:26'),(44,60,22,'Blue',NULL,NULL,NULL,NULL,0,0,0,0,0,0,0,0,0,0,0,0,0,0,NULL,NULL,NULL,NULL,NULL,'2015-05-23 08:45:10'),(45,59,22,'Red',NULL,NULL,NULL,NULL,0,0,0,0,0,0,0,0,0,0,0,0,0,0,NULL,NULL,NULL,NULL,NULL,'2015-05-23 08:45:10');

--
-- Table structure for table `team_tournament`
--

CREATE TABLE `team_tournament` (
  `team_tournament_id` int(11) NOT NULL AUTO_INCREMENT,
  `team_id` int(11) NOT NULL,
  `tournament_id` int(11) NOT NULL,
  `place` int(2) DEFAULT NULL,
  `update_time` timestamp NULL DEFAULT CURRENT_TIMESTAMP,
  PRIMARY KEY (`team_tournament_id`),
  KEY `team_tournament_team_id` (`team_id`),
  KEY `team_tournament_tournament_id` (`tournament_id`),
  CONSTRAINT `team_tournament_team_id` FOREIGN KEY (`team_id`) REFERENCES `team` (`team_id`) ON DELETE NO ACTION ON UPDATE NO ACTION,
  CONSTRAINT `team_tournament_tournament_id` FOREIGN KEY (`tournament_id`) REFERENCES `tournament` (`tournament_id`) ON DELETE NO ACTION ON UPDATE NO ACTION
) ENGINE=InnoDB DEFAULT CHARSET=utf8;

--
-- Dumping data for table `team_tournament`
--


--
-- Table structure for table `tournament`
--

CREATE TABLE `tournament` (
  `tournament_id` int(11) NOT NULL AUTO_INCREMENT,
  `tournament_name` varchar(100) NOT NULL,
  `start_date` date NOT NULL,
  `end_date` date NOT NULL,
  `region_id` int(11) NOT NULL,
  `overseer_id` int(11) NOT NULL,
  `website` varchar(140) DEFAULT NULL,
  `facebook` varchar(140) DEFAULT NULL,
  `twitter` varchar(140) DEFAULT NULL,
  `image` varchar(140) DEFAULT NULL,
  `update_time` timestamp NOT NULL DEFAULT CURRENT_TIMESTAMP,
  `notes` text,
  PRIMARY KEY (`tournament_id`),
  KEY `OVERSEER_ID` (`overseer_id`),
  KEY `REGION_NAME` (`region_id`),
  CONSTRAINT `tournament_overseer_id` FOREIGN KEY (`overseer_id`) REFERENCES `overseer` (`overseer_id`) ON DELETE NO ACTION ON UPDATE NO ACTION,
  CONSTRAINT `tournament_region_id` FOREIGN KEY (`region_id`) REFERENCES `region` (`region_id`) ON DELETE NO ACTION ON UPDATE NO ACTION
) ENGINE=InnoDB AUTO_INCREMENT=3 DEFAULT CHARSET=utf8;

--
-- Dumping data for table `tournament`
--


--
-- Table structure for table `trinket`
--

CREATE TABLE `trinket` (
  `trinket_id` int(11) NOT NULL AUTO_INCREMENT,
  `trinket_name` varchar(50) NOT NULL,
  `trinket_effect` longtext NOT NULL,
  `image` varchar(140) DEFAULT NULL,
  `patch_number` varchar(10) NOT NULL,
  `current_patch` tinyint(1) NOT NULL,
  `update_time` timestamp NOT NULL DEFAULT CURRENT_TIMESTAMP,
  PRIMARY KEY (`trinket_id`),
  KEY `trinket_patch_number` (`patch_number`),
  CONSTRAINT `trinket_patch_number` FOREIGN KEY (`patch_number`) REFERENCES `patch` (`patch_number`) ON DELETE NO ACTION ON UPDATE NO ACTION
) ENGINE=InnoDB AUTO_INCREMENT=2 DEFAULT CHARSET=utf8;

--
-- Dumping data for table `trinket`
--

INSERT INTO `trinket` VALUES (1,'Vision Ward','See in bushes',NULL,'3.14',1,'2015-03-27 23:48:43');

--
-- Table structure for table `trinket_event`
--

CREATE TABLE `trinket_event` (
  `trinket_event_id` int(11) NOT NULL AUTO_INCREMENT,
  `player_game_id` int(11) NOT NULL,
  `trinket_id` int(11) NOT NULL,
  `trinket_event_description` varchar(45) NOT NULL,
  `game_time` int(11) NOT NULL,
  `x_pos` int(4) DEFAULT NULL,
  `y_pos` int(4) DEFAULT NULL,
  PRIMARY KEY (`trinket_event_id`),
  KEY `trinket_event_player_game_id` (`player_game_id`),
  KEY `trinket_event_trinket_id` (`trinket_id`),
  CONSTRAINT `trinket_event_player_game_id` FOREIGN KEY (`player_game_id`) REFERENCES `player_game` (`game_player_id`) ON DELETE NO ACTION ON UPDATE NO ACTION,
  CONSTRAINT `trinket_event_trinket_id` FOREIGN KEY (`trinket_id`) REFERENCES `trinket` (`trinket_id`) ON DELETE NO ACTION ON UPDATE NO ACTION
) ENGINE=InnoDB DEFAULT CHARSET=utf8;

--
-- Dumping data for table `trinket_event`
--



